{"id":57,"date":"2018-01-29T11:04:10","date_gmt":"2018-01-29T11:04:10","guid":{"rendered":"https:\/\/www.senaatti.fi\/yhteiskuntavastuuraportti2020\/?page_id=57"},"modified":"2021-03-24T15:34:39","modified_gmt":"2021-03-24T15:34:39","slug":"riskien-hallinta","status":"publish","type":"page","link":"https:\/\/www.senaatti.fi\/yhteiskuntavastuuraportti2020\/senaatti\/hallinto-ja-johto\/riskien-hallinta\/","title":{"rendered":"Riskienhallinta"},"content":{"rendered":"<p><img loading=\"lazy\" decoding=\"async\" src=\"https:\/\/www.senaatti.fi\/app_ykv_archive\/uploads\/sites\/10\/2021\/03\/Riskienhallinta.jpg\" alt=\"Henkil\u00f6 vartijan asussa hymyilee kameralle samalla kun kaksi henkil\u00f6\u00e4 taustalla ty\u00f6skentelee tietokoneilla.\" class=\"alignnone size-full wp-image-3862\" width=\"1280\" height=\"643\" srcset=\"https:\/\/www.senaatti.fi\/app_ykv_archive\/uploads\/sites\/10\/2021\/03\/Riskienhallinta.jpg 1280w, https:\/\/www.senaatti.fi\/app_ykv_archive\/uploads\/sites\/10\/2021\/03\/Riskienhallinta-300x151.jpg 300w, https:\/\/www.senaatti.fi\/app_ykv_archive\/uploads\/sites\/10\/2021\/03\/Riskienhallinta-1024x514.jpg 1024w, https:\/\/www.senaatti.fi\/app_ykv_archive\/uploads\/sites\/10\/2021\/03\/Riskienhallinta-768x386.jpg 768w\" sizes=\"auto, (max-width: 1280px) 100vw, 1280px\" \/><\/p>\n<p>Riskienhallinta on Senaatissa jatkuva prosessi. Sen avulla ennakoidaan, tunnistetaan ja torjutaan Senaatin toimintaa, toimintaymp\u00e4rist\u00f6\u00e4 ja mahdollisuuksien tuloksellista hy\u00f6dynt\u00e4mist\u00e4 uhkaavia tekij\u00f6it\u00e4, seurataan j\u00e4rjestelm\u00e4llisesti riskienhallintatoimenpiteiden toteutumista sek\u00e4 kehitet\u00e4\u00e4n toimintaa.<\/p>\n<p>Senaatti-konsernin riskienhallintaa ohjaavat riskienhallintapolitiikka ja\u00a0riskienhallintak\u00e4sikirja. Riskienhallintaty\u00f6n koordinoinnin, ohjeistuksen ja organisoinnin\u00a0p\u00e4\u00e4vastuu on osoitettu konsernin lakiasioista vastaavaan tukiyksikk\u00f6\u00f6n kuuluvalle\u00a0Compliance-toiminnolle.<\/p>\n<p>Senaatissa valmistauduttiin vuoden 2020 aikana laajasti Senaatti-konsernin perustamiseen\u00a0ja samassa yhteydess\u00e4 laadittiin liikelaitoskonsernille yhteinen uudistettu riskienhallintapolitiikka.<\/p>\n<p>Riskienhallinnan organisoitumista p\u00e4ivitettiin siten, ett\u00e4 liikelaitoskonsernille on luotu yhteinen riskienhallinnan ydinryhm\u00e4, johon on nimetty mukaan edustajia molemmista\u00a0liikelaitoksista.<\/p>\n<p>Vuoden 2021 aikana luodaan Puolustuskiinteist\u00f6ille oma\u00a0vuosikellon mukaiseen riskienhallintaty\u00f6h\u00f6n osallistuva riskienhallintaverkosto sek\u00e4\u00a0p\u00e4ivitet\u00e4\u00e4n Senaatin riskienhallintaverkosto vastaamaan uutta organisaatiorakennetta. My\u00f6s riskienhallinnan keskeinen k\u00e4yt\u00e4nn\u00f6nohjeistus, riskienhallintak\u00e4sikirja, p\u00e4ivitet\u00e4\u00e4n\u00a0koko konsernin tarpeita palvelevaksi ennen vuoden 2022 riskienhallintasuunnittelukierroksen k\u00e4ynnistymist\u00e4.<\/p>\n<p>Loppuvuodesta 2020 laadittiin vuodelle 2021 vuosittainen Senaatti-tasoinen\u00a0riskienhallintasuunnitelma, jonka Senaatin hallitus on hyv\u00e4ksynyt.<\/p>\n<h2>Vuoden 2020 riskienhallintatoiminta ja riskitoteuma<\/h2>\n<p>Senaatissa on tunnistettu vuoden 2020 keskeisiksi riskeiksi kolme riski\u00e4, jotka on raportoitu Senaatin hallitukselle ja jotka heijastavat teemoineen Senaatin vuosille 2019-2022 vahvistettua strategiaa.<\/p>\n<p><strong>Sis\u00e4olosuhteiden stigman poistossa ep\u00e4onnistutaan<br \/>\n<\/strong><\/p>\n<p>Riskin hallinnassa on onnistuttu, eik\u00e4 riski toteutunut.\u00a0 Asiakastyytyv\u00e4isyystutkimuksen mukaan asiakkaiden tyytyv\u00e4isyys Senaatin toimintatapaan sis\u00e4ilma-asioiden hoidossa on hyv\u00e4ll\u00e4 tasolla\u00a0ja julkisuudessa k\u00e4yty sis\u00e4ilmakeskustelu on pysynyt asiallisena ja ratkaisukeskeisen\u00e4.<\/p>\n<p><strong>Senaatin liian alhainen reaktionopeus toimitilaratkaisujen tuottamiseen<\/strong><\/p>\n<p>Riskin hallinnassa on onnistuttu, eik\u00e4 riski toteutunut. Asiakastyytyv\u00e4isyys parani merkitt\u00e4v\u00e4sti (NPS).\u00a0 Senaatti sopi toimintavuonna 309 ratkaisuprojektin toteuttamisesta, mik\u00e4 on 20 % enemm\u00e4n kuin edellisen\u00e4 vuonna.\u00a0 P\u00e4\u00e4tt\u00e4j\u00e4tyytyv\u00e4isyystutkimuksessa yhteyshenkil\u00f6iden tavoitettavuus ja reagointinopeus oli parantunut 0,12 ja se oli arvosanalla 3,91 yksi p\u00e4\u00e4tt\u00e4j\u00e4tyytyv\u00e4isyystutkimuksen korkeimmaksi arvioituja osa-alueita.<\/p>\n<p><strong>Toimitilojen yhteisk\u00e4ytt\u00f6isyys ei edisty<\/strong><\/p>\n<p>Riski ei toteutunut. Valtion toimitilastrategian mukaisten yhteisk\u00e4ytt\u00f6isten tilojen toteutusta\u00a0on saatu viety\u00e4 eteenp\u00e4in. Koronaviruspandemia on osaltaan merkitt\u00e4v\u00e4sti vauhdittanut tarvetta siirty\u00e4 yhteisk\u00e4ytt\u00f6isiin tiloihin. Valtion vuonna 2021 p\u00e4ivitett\u00e4v\u00e4ss\u00e4 toimitilastrategiassa tullaan asettamaan uudet vaativat tavoitteet yhteisk\u00e4ytt\u00f6isyyden\u00a0 edist\u00e4miselle.<\/p>\n<p>&nbsp;<\/p>\n<p>&nbsp;<\/p>\n","protected":false},"excerpt":{"rendered":"<p>Riskienhallinta on Senaatissa jatkuva prosessi. Sen avulla ennakoidaan, tunnistetaan ja torjutaan Senaatin toimintaa, toimintaymp\u00e4rist\u00f6\u00e4 ja mahdollisuuksien tuloksellista hy\u00f6dynt\u00e4mist\u00e4 uhkaavia tekij\u00f6it\u00e4, seurataan j\u00e4rjestelm\u00e4llisesti riskienhallintatoimenpiteiden toteutumista sek\u00e4 kehitet\u00e4\u00e4n toimintaa. Senaatti-konsernin riskienhallintaa ohjaavat riskienhallintapolitiikka ja\u00a0riskienhallintak\u00e4sikirja. Riskienhallintaty\u00f6n koordinoinnin, ohjeistuksen ja organisoinnin\u00a0p\u00e4\u00e4vastuu on osoitettu konsernin lakiasioista vastaavaan tukiyksikk\u00f6\u00f6n kuuluvalle\u00a0Compliance-toiminnolle. Senaatissa valmistauduttiin vuoden 2020 aikana laajasti Senaatti-konsernin perustamiseen\u00a0ja samassa yhteydess\u00e4 laadittiin [&hellip;]<\/p>\n","protected":false},"author":11,"featured_media":0,"parent":49,"menu_order":2,"comment_status":"closed","ping_status":"closed","template":"","meta":{"_acf_changed":false,"footnotes":""},"class_list":["post-57","page","type-page","status-publish","hentry"],"acf":[],"yoast_head":"<!-- This site is optimized with the Yoast SEO plugin v23.9 - https:\/\/yoast.com\/wordpress\/plugins\/seo\/ -->\n<title>Riskienhallinta - Senaatti 2020 - yhteiskuntavastuuraportti<\/title>\n<meta name=\"description\" content=\"Riskienhallinta on Senaatissa jatkuva prosessi. Sen avulla ennakoidaan, tunnistetaan ja torjutaan Senaatin toimintaa, toimintaymp\u00e4rist\u00f6\u00e4 ja\" \/>\n<meta name=\"robots\" content=\"index, follow, max-snippet:-1, max-image-preview:large, max-video-preview:-1\" \/>\n<link rel=\"canonical\" href=\"https:\/\/www.senaatti.fi\/yhteiskuntavastuuraportti2020\/senaatti\/hallinto-ja-johto\/riskien-hallinta\/\" \/>\n<meta property=\"og:locale\" content=\"en_US\" \/>\n<meta property=\"og:type\" content=\"article\" \/>\n<meta property=\"og:title\" content=\"Riskienhallinta - Senaatti 2020 - yhteiskuntavastuuraportti\" \/>\n<meta property=\"og:description\" content=\"Riskienhallinta on Senaatissa jatkuva prosessi. Sen avulla ennakoidaan, tunnistetaan ja torjutaan Senaatin toimintaa, toimintaymp\u00e4rist\u00f6\u00e4 ja\" \/>\n<meta property=\"og:url\" content=\"https:\/\/www.senaatti.fi\/yhteiskuntavastuuraportti2020\/senaatti\/hallinto-ja-johto\/riskien-hallinta\/\" \/>\n<meta property=\"og:site_name\" content=\"Senaatti 2020 - yhteiskuntavastuuraportti\" \/>\n<meta property=\"article:modified_time\" content=\"2021-03-24T15:34:39+00:00\" \/>\n<meta property=\"og:image\" content=\"https:\/\/www.senaatti.fi\/app_ykv_archive\/uploads\/sites\/10\/2021\/03\/Riskienhallinta.jpg\" \/>\n<meta name=\"twitter:card\" content=\"summary_large_image\" \/>\n<meta name=\"twitter:label1\" content=\"Est. reading time\" \/>\n\t<meta name=\"twitter:data1\" content=\"2 minutes\" \/>\n<script type=\"application\/ld+json\" class=\"yoast-schema-graph\">{\"@context\":\"https:\/\/schema.org\",\"@graph\":[{\"@type\":\"WebPage\",\"@id\":\"https:\/\/www.senaatti.fi\/yhteiskuntavastuuraportti2020\/senaatti\/hallinto-ja-johto\/riskien-hallinta\/\",\"url\":\"https:\/\/www.senaatti.fi\/yhteiskuntavastuuraportti2020\/senaatti\/hallinto-ja-johto\/riskien-hallinta\/\",\"name\":\"Riskienhallinta - Senaatti 2020 - yhteiskuntavastuuraportti\",\"isPartOf\":{\"@id\":\"https:\/\/www.senaatti.fi\/yhteiskuntavastuuraportti2020\/#website\"},\"primaryImageOfPage\":{\"@id\":\"https:\/\/www.senaatti.fi\/yhteiskuntavastuuraportti2020\/senaatti\/hallinto-ja-johto\/riskien-hallinta\/#primaryimage\"},\"image\":{\"@id\":\"https:\/\/www.senaatti.fi\/yhteiskuntavastuuraportti2020\/senaatti\/hallinto-ja-johto\/riskien-hallinta\/#primaryimage\"},\"thumbnailUrl\":\"https:\/\/www.senaatti.fi\/app_ykv_archive\/uploads\/sites\/10\/2021\/03\/Riskienhallinta.jpg\",\"datePublished\":\"2018-01-29T11:04:10+00:00\",\"dateModified\":\"2021-03-24T15:34:39+00:00\",\"description\":\"Riskienhallinta on Senaatissa jatkuva prosessi. Sen avulla ennakoidaan, tunnistetaan ja torjutaan Senaatin toimintaa, toimintaymp\u00e4rist\u00f6\u00e4 ja\",\"breadcrumb\":{\"@id\":\"https:\/\/www.senaatti.fi\/yhteiskuntavastuuraportti2020\/senaatti\/hallinto-ja-johto\/riskien-hallinta\/#breadcrumb\"},\"inLanguage\":\"en-US\",\"potentialAction\":[{\"@type\":\"ReadAction\",\"target\":[\"https:\/\/www.senaatti.fi\/yhteiskuntavastuuraportti2020\/senaatti\/hallinto-ja-johto\/riskien-hallinta\/\"]}]},{\"@type\":\"ImageObject\",\"inLanguage\":\"en-US\",\"@id\":\"https:\/\/www.senaatti.fi\/yhteiskuntavastuuraportti2020\/senaatti\/hallinto-ja-johto\/riskien-hallinta\/#primaryimage\",\"url\":\"https:\/\/www.senaatti.fi\/app_ykv_archive\/uploads\/sites\/10\/2021\/03\/Riskienhallinta.jpg\",\"contentUrl\":\"https:\/\/www.senaatti.fi\/app_ykv_archive\/uploads\/sites\/10\/2021\/03\/Riskienhallinta.jpg\"},{\"@type\":\"BreadcrumbList\",\"@id\":\"https:\/\/www.senaatti.fi\/yhteiskuntavastuuraportti2020\/senaatti\/hallinto-ja-johto\/riskien-hallinta\/#breadcrumb\",\"itemListElement\":[{\"@type\":\"ListItem\",\"position\":1,\"name\":\"Home\",\"item\":\"https:\/\/www.senaatti.fi\/yhteiskuntavastuuraportti2020\/\"},{\"@type\":\"ListItem\",\"position\":2,\"name\":\"Senaatti\",\"item\":\"https:\/\/www.senaatti.fi\/yhteiskuntavastuuraportti2020\/senaatti\/\"},{\"@type\":\"ListItem\",\"position\":3,\"name\":\"Hallinto ja johto\",\"item\":\"https:\/\/www.senaatti.fi\/yhteiskuntavastuuraportti2020\/senaatti\/hallinto-ja-johto\/\"},{\"@type\":\"ListItem\",\"position\":4,\"name\":\"Riskienhallinta\"}]},{\"@type\":\"WebSite\",\"@id\":\"https:\/\/www.senaatti.fi\/yhteiskuntavastuuraportti2020\/#website\",\"url\":\"https:\/\/www.senaatti.fi\/yhteiskuntavastuuraportti2020\/\",\"name\":\"Senaatti 2020 - yhteiskuntavastuuraportti\",\"description\":\"\",\"potentialAction\":[{\"@type\":\"SearchAction\",\"target\":{\"@type\":\"EntryPoint\",\"urlTemplate\":\"https:\/\/www.senaatti.fi\/yhteiskuntavastuuraportti2020\/?s={search_term_string}\"},\"query-input\":{\"@type\":\"PropertyValueSpecification\",\"valueRequired\":true,\"valueName\":\"search_term_string\"}}],\"inLanguage\":\"en-US\"}]}<\/script>\n<!-- \/ Yoast SEO plugin. -->","yoast_head_json":{"title":"Riskienhallinta - Senaatti 2020 - yhteiskuntavastuuraportti","description":"Riskienhallinta on Senaatissa jatkuva prosessi. Sen avulla ennakoidaan, tunnistetaan ja torjutaan Senaatin toimintaa, toimintaymp\u00e4rist\u00f6\u00e4 ja","robots":{"index":"index","follow":"follow","max-snippet":"max-snippet:-1","max-image-preview":"max-image-preview:large","max-video-preview":"max-video-preview:-1"},"canonical":"https:\/\/www.senaatti.fi\/yhteiskuntavastuuraportti2020\/senaatti\/hallinto-ja-johto\/riskien-hallinta\/","og_locale":"en_US","og_type":"article","og_title":"Riskienhallinta - Senaatti 2020 - yhteiskuntavastuuraportti","og_description":"Riskienhallinta on Senaatissa jatkuva prosessi. Sen avulla ennakoidaan, tunnistetaan ja torjutaan Senaatin toimintaa, toimintaymp\u00e4rist\u00f6\u00e4 ja","og_url":"https:\/\/www.senaatti.fi\/yhteiskuntavastuuraportti2020\/senaatti\/hallinto-ja-johto\/riskien-hallinta\/","og_site_name":"Senaatti 2020 - yhteiskuntavastuuraportti","article_modified_time":"2021-03-24T15:34:39+00:00","og_image":[{"url":"https:\/\/www.senaatti.fi\/app_ykv_archive\/uploads\/sites\/10\/2021\/03\/Riskienhallinta.jpg"}],"twitter_card":"summary_large_image","twitter_misc":{"Est. reading time":"2 minutes"},"schema":{"@context":"https:\/\/schema.org","@graph":[{"@type":"WebPage","@id":"https:\/\/www.senaatti.fi\/yhteiskuntavastuuraportti2020\/senaatti\/hallinto-ja-johto\/riskien-hallinta\/","url":"https:\/\/www.senaatti.fi\/yhteiskuntavastuuraportti2020\/senaatti\/hallinto-ja-johto\/riskien-hallinta\/","name":"Riskienhallinta - Senaatti 2020 - yhteiskuntavastuuraportti","isPartOf":{"@id":"https:\/\/www.senaatti.fi\/yhteiskuntavastuuraportti2020\/#website"},"primaryImageOfPage":{"@id":"https:\/\/www.senaatti.fi\/yhteiskuntavastuuraportti2020\/senaatti\/hallinto-ja-johto\/riskien-hallinta\/#primaryimage"},"image":{"@id":"https:\/\/www.senaatti.fi\/yhteiskuntavastuuraportti2020\/senaatti\/hallinto-ja-johto\/riskien-hallinta\/#primaryimage"},"thumbnailUrl":"https:\/\/www.senaatti.fi\/app_ykv_archive\/uploads\/sites\/10\/2021\/03\/Riskienhallinta.jpg","datePublished":"2018-01-29T11:04:10+00:00","dateModified":"2021-03-24T15:34:39+00:00","description":"Riskienhallinta on Senaatissa jatkuva prosessi. Sen avulla ennakoidaan, tunnistetaan ja torjutaan Senaatin toimintaa, toimintaymp\u00e4rist\u00f6\u00e4 ja","breadcrumb":{"@id":"https:\/\/www.senaatti.fi\/yhteiskuntavastuuraportti2020\/senaatti\/hallinto-ja-johto\/riskien-hallinta\/#breadcrumb"},"inLanguage":"en-US","potentialAction":[{"@type":"ReadAction","target":["https:\/\/www.senaatti.fi\/yhteiskuntavastuuraportti2020\/senaatti\/hallinto-ja-johto\/riskien-hallinta\/"]}]},{"@type":"ImageObject","inLanguage":"en-US","@id":"https:\/\/www.senaatti.fi\/yhteiskuntavastuuraportti2020\/senaatti\/hallinto-ja-johto\/riskien-hallinta\/#primaryimage","url":"https:\/\/www.senaatti.fi\/app_ykv_archive\/uploads\/sites\/10\/2021\/03\/Riskienhallinta.jpg","contentUrl":"https:\/\/www.senaatti.fi\/app_ykv_archive\/uploads\/sites\/10\/2021\/03\/Riskienhallinta.jpg"},{"@type":"BreadcrumbList","@id":"https:\/\/www.senaatti.fi\/yhteiskuntavastuuraportti2020\/senaatti\/hallinto-ja-johto\/riskien-hallinta\/#breadcrumb","itemListElement":[{"@type":"ListItem","position":1,"name":"Home","item":"https:\/\/www.senaatti.fi\/yhteiskuntavastuuraportti2020\/"},{"@type":"ListItem","position":2,"name":"Senaatti","item":"https:\/\/www.senaatti.fi\/yhteiskuntavastuuraportti2020\/senaatti\/"},{"@type":"ListItem","position":3,"name":"Hallinto ja johto","item":"https:\/\/www.senaatti.fi\/yhteiskuntavastuuraportti2020\/senaatti\/hallinto-ja-johto\/"},{"@type":"ListItem","position":4,"name":"Riskienhallinta"}]},{"@type":"WebSite","@id":"https:\/\/www.senaatti.fi\/yhteiskuntavastuuraportti2020\/#website","url":"https:\/\/www.senaatti.fi\/yhteiskuntavastuuraportti2020\/","name":"Senaatti 2020 - yhteiskuntavastuuraportti","description":"","potentialAction":[{"@type":"SearchAction","target":{"@type":"EntryPoint","urlTemplate":"https:\/\/www.senaatti.fi\/yhteiskuntavastuuraportti2020\/?s={search_term_string}"},"query-input":{"@type":"PropertyValueSpecification","valueRequired":true,"valueName":"search_term_string"}}],"inLanguage":"en-US"}]}},"_links":{"self":[{"href":"https:\/\/www.senaatti.fi\/yhteiskuntavastuuraportti2020\/wp-json\/wp\/v2\/pages\/57","targetHints":{"allow":["GET"]}}],"collection":[{"href":"https:\/\/www.senaatti.fi\/yhteiskuntavastuuraportti2020\/wp-json\/wp\/v2\/pages"}],"about":[{"href":"https:\/\/www.senaatti.fi\/yhteiskuntavastuuraportti2020\/wp-json\/wp\/v2\/types\/page"}],"author":[{"embeddable":true,"href":"https:\/\/www.senaatti.fi\/yhteiskuntavastuuraportti2020\/wp-json\/wp\/v2\/users\/11"}],"replies":[{"embeddable":true,"href":"https:\/\/www.senaatti.fi\/yhteiskuntavastuuraportti2020\/wp-json\/wp\/v2\/comments?post=57"}],"version-history":[{"count":11,"href":"https:\/\/www.senaatti.fi\/yhteiskuntavastuuraportti2020\/wp-json\/wp\/v2\/pages\/57\/revisions"}],"predecessor-version":[{"id":3924,"href":"https:\/\/www.senaatti.fi\/yhteiskuntavastuuraportti2020\/wp-json\/wp\/v2\/pages\/57\/revisions\/3924"}],"up":[{"embeddable":true,"href":"https:\/\/www.senaatti.fi\/yhteiskuntavastuuraportti2020\/wp-json\/wp\/v2\/pages\/49"}],"wp:attachment":[{"href":"https:\/\/www.senaatti.fi\/yhteiskuntavastuuraportti2020\/wp-json\/wp\/v2\/media?parent=57"}],"curies":[{"name":"wp","href":"https:\/\/api.w.org\/{rel}","templated":true}]}}