{"id":27,"date":"2018-01-29T10:58:57","date_gmt":"2018-01-29T10:58:57","guid":{"rendered":"https:\/\/www.senaatti.fi\/yhteiskuntavastuuraportti2020\/?page_id=27"},"modified":"2021-03-31T13:40:52","modified_gmt":"2021-03-31T13:40:52","slug":"kiinteistovarallisuus","status":"publish","type":"page","link":"https:\/\/www.senaatti.fi\/yhteiskuntavastuuraportti2020\/senaatti\/kiinteistovarallisuus\/","title":{"rendered":"Kiinteist\u00f6varallisuus"},"content":{"rendered":"<p><img loading=\"lazy\" decoding=\"async\" src=\"https:\/\/www.senaatti.fi\/app_ykv_archive\/uploads\/sites\/10\/2021\/03\/Saatytalo_PAA_ulkokuva-scaled.jpg\" alt=\"\" width=\"2560\" height=\"1423\" class=\"alignnone wp-image-4286 size-full\" srcset=\"https:\/\/www.senaatti.fi\/app_ykv_archive\/uploads\/sites\/10\/2021\/03\/Saatytalo_PAA_ulkokuva-scaled.jpg 2560w, https:\/\/www.senaatti.fi\/app_ykv_archive\/uploads\/sites\/10\/2021\/03\/Saatytalo_PAA_ulkokuva-300x167.jpg 300w, https:\/\/www.senaatti.fi\/app_ykv_archive\/uploads\/sites\/10\/2021\/03\/Saatytalo_PAA_ulkokuva-1024x569.jpg 1024w, https:\/\/www.senaatti.fi\/app_ykv_archive\/uploads\/sites\/10\/2021\/03\/Saatytalo_PAA_ulkokuva-768x427.jpg 768w, https:\/\/www.senaatti.fi\/app_ykv_archive\/uploads\/sites\/10\/2021\/03\/Saatytalo_PAA_ulkokuva-1536x854.jpg 1536w, https:\/\/www.senaatti.fi\/app_ykv_archive\/uploads\/sites\/10\/2021\/03\/Saatytalo_PAA_ulkokuva-2048x1139.jpg 2048w, https:\/\/www.senaatti.fi\/app_ykv_archive\/uploads\/sites\/10\/2021\/03\/Saatytalo_PAA_ulkokuva-1600x889.jpg 1600w, https:\/\/www.senaatti.fi\/app_ykv_archive\/uploads\/sites\/10\/2021\/03\/Saatytalo_PAA_ulkokuva-2200x1223.jpg 2200w\" sizes=\"auto, (max-width: 2560px) 100vw, 2560px\" \/><\/p>\n<p>Senaatti-kiinteist\u00f6t vastaa valtion rakennetusta kiinteist\u00f6omaisuudesta. Senaatin hallinnassa on noin 8 900 rakennusta, yhteens\u00e4 5,6 milj. neli\u00f6metri\u00e4. Kiinteist\u00f6omaisuuden arvo on 4,1\u00a0 mrd. euroa. Kiinteist\u00f6kanta on monipuolinen aina toimistotiloista ja arvorakennuksista asiakkaiden erityistarpeisiin suunniteltuihin tiloihin.<\/p>\n<p>Vastuullamme on hallinnassamme olevan kiinteist\u00f6varallisuuden kehitt\u00e4minen sek\u00e4 arvon ja k\u00e4ytett\u00e4vyyden s\u00e4ilytt\u00e4minen.\u00a0 Tavoitteenamme on, ett\u00e4 kiinteist\u00f6jen yll\u00e4pito toteutetaan optimaalisin kustannuksin volyymietu huomioiden ja saavutamme asetetut kulutustavoitteet.<\/p>\n<p>Vuokraamme toimitiloja valtionhallinnon virastoille ja laitoksille ja tuotamme kiinteist\u00f6ihin asiakkaiden tarvitsemat palvelut.<\/p>\n<div class=\"graph-container\"><h2 class=\"text\">Kiinteist\u00f6omaisuuden arvo toimialoittain<\/h2><span class=\"hide\"><\/span><div id=\"kiinteistoomaisuus-toimialoittain\"><\/div><\/div>\n<p>&nbsp;<\/p>\n<div class=\"graph-container\"><h2 class=\"text\">Kiinteist\u00f6omaisuuden arvo alueittain<\/h2><span class=\"hide\"><\/span><div id=\"kiinteistoomaisuus-alueittain\"><\/div><\/div>\n<p>&nbsp;<\/p>\n<div class=\"graph-container\"><h2 class=\"text\">Vuokrattava pinta-ala alueittain<\/h2><span class=\"hide\"><\/span><div id=\"vuokrattava-pinta-ala-alueittain\"><\/div><\/div>\n<p>&nbsp;<\/p>\n<div class=\"graph-container\"><h2 class=\"text\">Vuokrattava pinta-ala toimialoittain<\/h2><span class=\"hide\"><\/span><div id=\"vuokrattava-pinta-ala-toimialoittain\"><\/div><\/div>\n","protected":false},"excerpt":{"rendered":"<p>Senaatti-kiinteist\u00f6t vastaa valtion rakennetusta kiinteist\u00f6omaisuudesta. Senaatin hallinnassa on noin 8 900 rakennusta, yhteens\u00e4 5,6 milj. neli\u00f6metri\u00e4. Kiinteist\u00f6omaisuuden arvo on 4,1\u00a0 mrd. euroa. Kiinteist\u00f6kanta on monipuolinen aina toimistotiloista ja arvorakennuksista asiakkaiden erityistarpeisiin suunniteltuihin tiloihin. Vastuullamme on hallinnassamme olevan kiinteist\u00f6varallisuuden kehitt\u00e4minen sek\u00e4 arvon ja k\u00e4ytett\u00e4vyyden s\u00e4ilytt\u00e4minen.\u00a0 Tavoitteenamme on, ett\u00e4 kiinteist\u00f6jen yll\u00e4pito toteutetaan optimaalisin kustannuksin volyymietu huomioiden ja [&hellip;]<\/p>\n","protected":false},"author":11,"featured_media":0,"parent":37,"menu_order":7,"comment_status":"closed","ping_status":"closed","template":"","meta":{"_acf_changed":false,"footnotes":""},"class_list":["post-27","page","type-page","status-publish","hentry"],"acf":[],"yoast_head":"<!-- This site is optimized with the Yoast SEO plugin v23.9 - https:\/\/yoast.com\/wordpress\/plugins\/seo\/ -->\n<title>Kiinteist\u00f6varallisuus - Senaatti 2020 - yhteiskuntavastuuraportti<\/title>\n<meta name=\"description\" content=\"Senaatti-kiinteist\u00f6t vastaa valtion rakennetusta kiinteist\u00f6omaisuudesta. Senaatin hallinnassa on noin 8 900 rakennusta, yhteens\u00e4 5,6 milj. neli\u00f6metri\u00e4.\" \/>\n<meta name=\"robots\" content=\"index, follow, max-snippet:-1, max-image-preview:large, max-video-preview:-1\" \/>\n<link rel=\"canonical\" href=\"https:\/\/www.senaatti.fi\/yhteiskuntavastuuraportti2020\/senaatti\/kiinteistovarallisuus\/\" \/>\n<meta property=\"og:locale\" content=\"en_US\" \/>\n<meta property=\"og:type\" content=\"article\" \/>\n<meta property=\"og:title\" content=\"Kiinteist\u00f6varallisuus - Senaatti 2020 - yhteiskuntavastuuraportti\" \/>\n<meta property=\"og:description\" content=\"Senaatti-kiinteist\u00f6t vastaa valtion rakennetusta kiinteist\u00f6omaisuudesta. Senaatin hallinnassa on noin 8 900 rakennusta, yhteens\u00e4 5,6 milj. neli\u00f6metri\u00e4.\" \/>\n<meta property=\"og:url\" content=\"https:\/\/www.senaatti.fi\/yhteiskuntavastuuraportti2020\/senaatti\/kiinteistovarallisuus\/\" \/>\n<meta property=\"og:site_name\" content=\"Senaatti 2020 - yhteiskuntavastuuraportti\" \/>\n<meta property=\"article:modified_time\" content=\"2021-03-31T13:40:52+00:00\" \/>\n<meta property=\"og:image\" content=\"https:\/\/www.senaatti.fi\/app_ykv_archive\/uploads\/sites\/10\/2021\/03\/Saatytalo_PAA_ulkokuva-scaled.jpg\" \/>\n<meta name=\"twitter:card\" content=\"summary_large_image\" \/>\n<meta name=\"twitter:label1\" content=\"Est. reading time\" \/>\n\t<meta name=\"twitter:data1\" content=\"1 minute\" \/>\n<script type=\"application\/ld+json\" class=\"yoast-schema-graph\">{\"@context\":\"https:\/\/schema.org\",\"@graph\":[{\"@type\":\"WebPage\",\"@id\":\"https:\/\/www.senaatti.fi\/yhteiskuntavastuuraportti2020\/senaatti\/kiinteistovarallisuus\/\",\"url\":\"https:\/\/www.senaatti.fi\/yhteiskuntavastuuraportti2020\/senaatti\/kiinteistovarallisuus\/\",\"name\":\"Kiinteist\u00f6varallisuus - Senaatti 2020 - yhteiskuntavastuuraportti\",\"isPartOf\":{\"@id\":\"https:\/\/www.senaatti.fi\/yhteiskuntavastuuraportti2020\/#website\"},\"primaryImageOfPage\":{\"@id\":\"https:\/\/www.senaatti.fi\/yhteiskuntavastuuraportti2020\/senaatti\/kiinteistovarallisuus\/#primaryimage\"},\"image\":{\"@id\":\"https:\/\/www.senaatti.fi\/yhteiskuntavastuuraportti2020\/senaatti\/kiinteistovarallisuus\/#primaryimage\"},\"thumbnailUrl\":\"https:\/\/www.senaatti.fi\/app_ykv_archive\/uploads\/sites\/10\/2021\/03\/Saatytalo_PAA_ulkokuva-scaled.jpg\",\"datePublished\":\"2018-01-29T10:58:57+00:00\",\"dateModified\":\"2021-03-31T13:40:52+00:00\",\"description\":\"Senaatti-kiinteist\u00f6t vastaa valtion rakennetusta kiinteist\u00f6omaisuudesta. Senaatin hallinnassa on noin 8 900 rakennusta, yhteens\u00e4 5,6 milj. neli\u00f6metri\u00e4.\",\"breadcrumb\":{\"@id\":\"https:\/\/www.senaatti.fi\/yhteiskuntavastuuraportti2020\/senaatti\/kiinteistovarallisuus\/#breadcrumb\"},\"inLanguage\":\"en-US\",\"potentialAction\":[{\"@type\":\"ReadAction\",\"target\":[\"https:\/\/www.senaatti.fi\/yhteiskuntavastuuraportti2020\/senaatti\/kiinteistovarallisuus\/\"]}]},{\"@type\":\"ImageObject\",\"inLanguage\":\"en-US\",\"@id\":\"https:\/\/www.senaatti.fi\/yhteiskuntavastuuraportti2020\/senaatti\/kiinteistovarallisuus\/#primaryimage\",\"url\":\"https:\/\/www.senaatti.fi\/app_ykv_archive\/uploads\/sites\/10\/2021\/03\/Saatytalo_PAA_ulkokuva-scaled.jpg\",\"contentUrl\":\"https:\/\/www.senaatti.fi\/app_ykv_archive\/uploads\/sites\/10\/2021\/03\/Saatytalo_PAA_ulkokuva-scaled.jpg\"},{\"@type\":\"BreadcrumbList\",\"@id\":\"https:\/\/www.senaatti.fi\/yhteiskuntavastuuraportti2020\/senaatti\/kiinteistovarallisuus\/#breadcrumb\",\"itemListElement\":[{\"@type\":\"ListItem\",\"position\":1,\"name\":\"Home\",\"item\":\"https:\/\/www.senaatti.fi\/yhteiskuntavastuuraportti2020\/\"},{\"@type\":\"ListItem\",\"position\":2,\"name\":\"Senaatti\",\"item\":\"https:\/\/www.senaatti.fi\/yhteiskuntavastuuraportti2020\/senaatti\/\"},{\"@type\":\"ListItem\",\"position\":3,\"name\":\"Kiinteist\u00f6varallisuus\"}]},{\"@type\":\"WebSite\",\"@id\":\"https:\/\/www.senaatti.fi\/yhteiskuntavastuuraportti2020\/#website\",\"url\":\"https:\/\/www.senaatti.fi\/yhteiskuntavastuuraportti2020\/\",\"name\":\"Senaatti 2020 - yhteiskuntavastuuraportti\",\"description\":\"\",\"potentialAction\":[{\"@type\":\"SearchAction\",\"target\":{\"@type\":\"EntryPoint\",\"urlTemplate\":\"https:\/\/www.senaatti.fi\/yhteiskuntavastuuraportti2020\/?s={search_term_string}\"},\"query-input\":{\"@type\":\"PropertyValueSpecification\",\"valueRequired\":true,\"valueName\":\"search_term_string\"}}],\"inLanguage\":\"en-US\"}]}<\/script>\n<!-- \/ Yoast SEO plugin. -->","yoast_head_json":{"title":"Kiinteist\u00f6varallisuus - Senaatti 2020 - yhteiskuntavastuuraportti","description":"Senaatti-kiinteist\u00f6t vastaa valtion rakennetusta kiinteist\u00f6omaisuudesta. Senaatin hallinnassa on noin 8 900 rakennusta, yhteens\u00e4 5,6 milj. neli\u00f6metri\u00e4.","robots":{"index":"index","follow":"follow","max-snippet":"max-snippet:-1","max-image-preview":"max-image-preview:large","max-video-preview":"max-video-preview:-1"},"canonical":"https:\/\/www.senaatti.fi\/yhteiskuntavastuuraportti2020\/senaatti\/kiinteistovarallisuus\/","og_locale":"en_US","og_type":"article","og_title":"Kiinteist\u00f6varallisuus - Senaatti 2020 - yhteiskuntavastuuraportti","og_description":"Senaatti-kiinteist\u00f6t vastaa valtion rakennetusta kiinteist\u00f6omaisuudesta. Senaatin hallinnassa on noin 8 900 rakennusta, yhteens\u00e4 5,6 milj. neli\u00f6metri\u00e4.","og_url":"https:\/\/www.senaatti.fi\/yhteiskuntavastuuraportti2020\/senaatti\/kiinteistovarallisuus\/","og_site_name":"Senaatti 2020 - yhteiskuntavastuuraportti","article_modified_time":"2021-03-31T13:40:52+00:00","og_image":[{"url":"https:\/\/www.senaatti.fi\/app_ykv_archive\/uploads\/sites\/10\/2021\/03\/Saatytalo_PAA_ulkokuva-scaled.jpg"}],"twitter_card":"summary_large_image","twitter_misc":{"Est. reading time":"1 minute"},"schema":{"@context":"https:\/\/schema.org","@graph":[{"@type":"WebPage","@id":"https:\/\/www.senaatti.fi\/yhteiskuntavastuuraportti2020\/senaatti\/kiinteistovarallisuus\/","url":"https:\/\/www.senaatti.fi\/yhteiskuntavastuuraportti2020\/senaatti\/kiinteistovarallisuus\/","name":"Kiinteist\u00f6varallisuus - Senaatti 2020 - yhteiskuntavastuuraportti","isPartOf":{"@id":"https:\/\/www.senaatti.fi\/yhteiskuntavastuuraportti2020\/#website"},"primaryImageOfPage":{"@id":"https:\/\/www.senaatti.fi\/yhteiskuntavastuuraportti2020\/senaatti\/kiinteistovarallisuus\/#primaryimage"},"image":{"@id":"https:\/\/www.senaatti.fi\/yhteiskuntavastuuraportti2020\/senaatti\/kiinteistovarallisuus\/#primaryimage"},"thumbnailUrl":"https:\/\/www.senaatti.fi\/app_ykv_archive\/uploads\/sites\/10\/2021\/03\/Saatytalo_PAA_ulkokuva-scaled.jpg","datePublished":"2018-01-29T10:58:57+00:00","dateModified":"2021-03-31T13:40:52+00:00","description":"Senaatti-kiinteist\u00f6t vastaa valtion rakennetusta kiinteist\u00f6omaisuudesta. Senaatin hallinnassa on noin 8 900 rakennusta, yhteens\u00e4 5,6 milj. neli\u00f6metri\u00e4.","breadcrumb":{"@id":"https:\/\/www.senaatti.fi\/yhteiskuntavastuuraportti2020\/senaatti\/kiinteistovarallisuus\/#breadcrumb"},"inLanguage":"en-US","potentialAction":[{"@type":"ReadAction","target":["https:\/\/www.senaatti.fi\/yhteiskuntavastuuraportti2020\/senaatti\/kiinteistovarallisuus\/"]}]},{"@type":"ImageObject","inLanguage":"en-US","@id":"https:\/\/www.senaatti.fi\/yhteiskuntavastuuraportti2020\/senaatti\/kiinteistovarallisuus\/#primaryimage","url":"https:\/\/www.senaatti.fi\/app_ykv_archive\/uploads\/sites\/10\/2021\/03\/Saatytalo_PAA_ulkokuva-scaled.jpg","contentUrl":"https:\/\/www.senaatti.fi\/app_ykv_archive\/uploads\/sites\/10\/2021\/03\/Saatytalo_PAA_ulkokuva-scaled.jpg"},{"@type":"BreadcrumbList","@id":"https:\/\/www.senaatti.fi\/yhteiskuntavastuuraportti2020\/senaatti\/kiinteistovarallisuus\/#breadcrumb","itemListElement":[{"@type":"ListItem","position":1,"name":"Home","item":"https:\/\/www.senaatti.fi\/yhteiskuntavastuuraportti2020\/"},{"@type":"ListItem","position":2,"name":"Senaatti","item":"https:\/\/www.senaatti.fi\/yhteiskuntavastuuraportti2020\/senaatti\/"},{"@type":"ListItem","position":3,"name":"Kiinteist\u00f6varallisuus"}]},{"@type":"WebSite","@id":"https:\/\/www.senaatti.fi\/yhteiskuntavastuuraportti2020\/#website","url":"https:\/\/www.senaatti.fi\/yhteiskuntavastuuraportti2020\/","name":"Senaatti 2020 - yhteiskuntavastuuraportti","description":"","potentialAction":[{"@type":"SearchAction","target":{"@type":"EntryPoint","urlTemplate":"https:\/\/www.senaatti.fi\/yhteiskuntavastuuraportti2020\/?s={search_term_string}"},"query-input":{"@type":"PropertyValueSpecification","valueRequired":true,"valueName":"search_term_string"}}],"inLanguage":"en-US"}]}},"_links":{"self":[{"href":"https:\/\/www.senaatti.fi\/yhteiskuntavastuuraportti2020\/wp-json\/wp\/v2\/pages\/27","targetHints":{"allow":["GET"]}}],"collection":[{"href":"https:\/\/www.senaatti.fi\/yhteiskuntavastuuraportti2020\/wp-json\/wp\/v2\/pages"}],"about":[{"href":"https:\/\/www.senaatti.fi\/yhteiskuntavastuuraportti2020\/wp-json\/wp\/v2\/types\/page"}],"author":[{"embeddable":true,"href":"https:\/\/www.senaatti.fi\/yhteiskuntavastuuraportti2020\/wp-json\/wp\/v2\/users\/11"}],"replies":[{"embeddable":true,"href":"https:\/\/www.senaatti.fi\/yhteiskuntavastuuraportti2020\/wp-json\/wp\/v2\/comments?post=27"}],"version-history":[{"count":14,"href":"https:\/\/www.senaatti.fi\/yhteiskuntavastuuraportti2020\/wp-json\/wp\/v2\/pages\/27\/revisions"}],"predecessor-version":[{"id":4019,"href":"https:\/\/www.senaatti.fi\/yhteiskuntavastuuraportti2020\/wp-json\/wp\/v2\/pages\/27\/revisions\/4019"}],"up":[{"embeddable":true,"href":"https:\/\/www.senaatti.fi\/yhteiskuntavastuuraportti2020\/wp-json\/wp\/v2\/pages\/37"}],"wp:attachment":[{"href":"https:\/\/www.senaatti.fi\/yhteiskuntavastuuraportti2020\/wp-json\/wp\/v2\/media?parent=27"}],"curies":[{"name":"wp","href":"https:\/\/api.w.org\/{rel}","templated":true}]}}