{"id":21,"date":"2018-01-29T10:58:05","date_gmt":"2018-01-29T10:58:05","guid":{"rendered":"https:\/\/www.senaatti.fi\/yhteiskuntavastuuraportti2020\/?page_id=21"},"modified":"2024-09-09T07:36:42","modified_gmt":"2024-09-09T07:36:42","slug":"verojalanjalki","status":"publish","type":"page","link":"https:\/\/www.senaatti.fi\/yhteiskuntavastuuraportti2020\/vuosi-2020\/rahavirrat\/verojalanjalki\/","title":{"rendered":"Verojalanj\u00e4lki"},"content":{"rendered":"<p>Senaatti maksoi vuonna 2020 veroja yhteens\u00e4 47,4 (64,1) milj. euroa. Selke\u00e4sti suurin vero oli kiinteist\u00f6vero. Vuonna 2020 Senaatti sai arvonlis\u00e4veropalautuksia 5,6 milj. euroa investointien suuren m\u00e4\u00e4r\u00e4n vuoksi.<\/p>\n<p>Senaatti on hakeutunut arvonlis\u00e4verovelvolliseksi kiinteist\u00f6liiketoiminnasta. Senaatti ei ole tuloveronalainen tuloista, jotka se saa valtion tarpeita palvelevasta k\u00e4yt\u00f6st\u00e4, mutta on tuloverovelvollinen kunnille tulosta, jonka se saa yksityishenkil\u00f6ilt\u00e4, osakeyhti\u00f6ilt\u00e4 ja s\u00e4\u00e4ti\u00f6ilt\u00e4, yhdistyksilt\u00e4 ym.<\/p>\n<p>Senaatin maksamien tuloverojen m\u00e4\u00e4r\u00e4 vuonna 2020 oli 1,4 milj. euroa. Senaatti ei ole verovelvollinen kiinteist\u00f6myyntien myyntivoitoista eik\u00e4 valtioasiakkaiden vuokraustoiminnasta.<\/p>\n<p>Senaatilla ei ole erillist\u00e4 verostrategiaa. Vastuu veroasioista on talousyksik\u00f6ll\u00e4. Teemme aktiivista ty\u00f6t\u00e4 liittyen talousrikollisuuden ja veronkierron torjunnassa.<\/p>\n<h2>Verojalanj\u00e4lki muodostuu kolmesta p\u00e4\u00e4alueesta:<\/h2>\n<ul>\n<li>V\u00e4litt\u00f6m\u00e4t verot (esim. tulovero, erilaiset ty\u00f6nantajamaksut, varainsiirtoverot, kiinteist\u00f6verot jne.).<\/li>\n<li>V\u00e4lilliset verot (verot, jotka yhti\u00f6 maksaa osana palvelun\/tuotteen hintaa, mutta jonka myyj\u00e4 tilitt\u00e4\u00e4, esim. vakuutusmaksuvero jne.).<\/li>\n<li>Tilitetyt verot (esim. ennakonpid\u00e4tykset, l\u00e4hdeverot, arvonlis\u00e4verot<\/li>\n<\/ul>\n<table class=\"senaatti-table senaatti-table--striped senaatti-table--overflow-scroll\" style=\"width: 786px;\">\n<thead>\n<tr>\n<th style=\"width: 659px;\" data-sen-equalize-width=\"heading1\">Verolaji (2020)<\/th>\n<th style=\"width: 127px;\">M\u20ac<\/th>\n<\/tr>\n<\/thead>\n<caption><\/caption>\n<tbody>\n<tr>\n<td style=\"width: 659px;\">Kiinteist\u00f6vero<\/td>\n<td style=\"width: 127px;\">28.6<\/td>\n<\/tr>\n<tr>\n<td style=\"width: 659px;\">Tulovero<\/td>\n<td style=\"width: 127px;\">1.4<\/td>\n<\/tr>\n<tr>\n<td style=\"width: 659px;\">Arvonlis\u00e4vero (tilitett\u00e4v\u00e4t-v\u00e4hennett\u00e4v\u00e4t erotus)<\/td>\n<td style=\"width: 127px;\">-5.6<\/td>\n<\/tr>\n<tr>\n<td style=\"width: 659px;\">Sosiaalivakuutusmaksut yht<\/td>\n<td style=\"width: 127px;\">5.5<\/td>\n<\/tr>\n<tr>\n<td style=\"width: 659px;\">Vakuutusmaksuvero<\/td>\n<td style=\"width: 127px;\">0.1<\/td>\n<\/tr>\n<tr>\n<td style=\"width: 659px;\">Varainsiirtovero<\/td>\n<td style=\"width: 127px;\">5.9<\/td>\n<\/tr>\n<tr>\n<td style=\"width: 659px;\">S\u00e4hk\u00f6vero arviolta<\/td>\n<td style=\"width: 127px;\">3.4<\/td>\n<\/tr>\n<tr>\n<td style=\"width: 659px;\">Ennakonpid\u00e4tykset henkil\u00f6st\u00f6n palkoista<\/td>\n<td style=\"width: 127px;\">8.1<\/td>\n<\/tr>\n<tr>\n<td style=\"width: 659px;\"><strong>VEROT YHT<\/strong><\/td>\n<td style=\"width: 127px;\"><strong>47.4<\/strong><\/td>\n<\/tr>\n<\/tbody>\n<\/table>\n<p>&nbsp;<\/p>\n","protected":false},"excerpt":{"rendered":"<p>Senaatti maksoi vuonna 2020 veroja yhteens\u00e4 47,4 (64,1) milj. euroa. Selke\u00e4sti suurin vero oli kiinteist\u00f6vero. Vuonna 2020 Senaatti sai arvonlis\u00e4veropalautuksia 5,6 milj. euroa investointien suuren m\u00e4\u00e4r\u00e4n vuoksi. Senaatti on hakeutunut arvonlis\u00e4verovelvolliseksi kiinteist\u00f6liiketoiminnasta. Senaatti ei ole tuloveronalainen tuloista, jotka se saa valtion tarpeita palvelevasta k\u00e4yt\u00f6st\u00e4, mutta on tuloverovelvollinen kunnille tulosta, jonka se saa yksityishenkil\u00f6ilt\u00e4, osakeyhti\u00f6ilt\u00e4 ja [&hellip;]<\/p>\n","protected":false},"author":11,"featured_media":0,"parent":19,"menu_order":1,"comment_status":"closed","ping_status":"closed","template":"","meta":{"_acf_changed":false,"footnotes":""},"class_list":["post-21","page","type-page","status-publish","hentry"],"acf":[],"yoast_head":"<!-- This site is optimized with the Yoast SEO plugin v23.9 - https:\/\/yoast.com\/wordpress\/plugins\/seo\/ -->\n<title>Verojalanj\u00e4lki - Senaatti 2020 - yhteiskuntavastuuraportti<\/title>\n<meta name=\"description\" content=\"Senaatti maksoi vuonna 2020 veroja yhteens\u00e4 47,4 (64,1) milj. euroa. Selke\u00e4sti suurin vero oli kiinteist\u00f6vero. Vuonna 2020 Senaatti sai\" \/>\n<meta name=\"robots\" content=\"index, follow, max-snippet:-1, max-image-preview:large, max-video-preview:-1\" \/>\n<link rel=\"canonical\" href=\"https:\/\/www.senaatti.fi\/yhteiskuntavastuuraportti2020\/vuosi-2020\/rahavirrat\/verojalanjalki\/\" \/>\n<meta property=\"og:locale\" content=\"en_US\" \/>\n<meta property=\"og:type\" content=\"article\" \/>\n<meta property=\"og:title\" content=\"Verojalanj\u00e4lki - Senaatti 2020 - yhteiskuntavastuuraportti\" \/>\n<meta property=\"og:description\" content=\"Senaatti maksoi vuonna 2020 veroja yhteens\u00e4 47,4 (64,1) milj. euroa. Selke\u00e4sti suurin vero oli kiinteist\u00f6vero. Vuonna 2020 Senaatti sai\" \/>\n<meta property=\"og:url\" content=\"https:\/\/www.senaatti.fi\/yhteiskuntavastuuraportti2020\/vuosi-2020\/rahavirrat\/verojalanjalki\/\" \/>\n<meta property=\"og:site_name\" content=\"Senaatti 2020 - yhteiskuntavastuuraportti\" \/>\n<meta property=\"article:modified_time\" content=\"2024-09-09T07:36:42+00:00\" \/>\n<meta name=\"twitter:card\" content=\"summary_large_image\" \/>\n<meta name=\"twitter:label1\" content=\"Est. reading time\" \/>\n\t<meta name=\"twitter:data1\" content=\"1 minute\" \/>\n<script type=\"application\/ld+json\" class=\"yoast-schema-graph\">{\"@context\":\"https:\/\/schema.org\",\"@graph\":[{\"@type\":\"WebPage\",\"@id\":\"https:\/\/www.senaatti.fi\/yhteiskuntavastuuraportti2020\/vuosi-2020\/rahavirrat\/verojalanjalki\/\",\"url\":\"https:\/\/www.senaatti.fi\/yhteiskuntavastuuraportti2020\/vuosi-2020\/rahavirrat\/verojalanjalki\/\",\"name\":\"Verojalanj\u00e4lki - Senaatti 2020 - yhteiskuntavastuuraportti\",\"isPartOf\":{\"@id\":\"https:\/\/www.senaatti.fi\/yhteiskuntavastuuraportti2020\/#website\"},\"datePublished\":\"2018-01-29T10:58:05+00:00\",\"dateModified\":\"2024-09-09T07:36:42+00:00\",\"description\":\"Senaatti maksoi vuonna 2020 veroja yhteens\u00e4 47,4 (64,1) milj. euroa. Selke\u00e4sti suurin vero oli kiinteist\u00f6vero. Vuonna 2020 Senaatti sai\",\"breadcrumb\":{\"@id\":\"https:\/\/www.senaatti.fi\/yhteiskuntavastuuraportti2020\/vuosi-2020\/rahavirrat\/verojalanjalki\/#breadcrumb\"},\"inLanguage\":\"en-US\",\"potentialAction\":[{\"@type\":\"ReadAction\",\"target\":[\"https:\/\/www.senaatti.fi\/yhteiskuntavastuuraportti2020\/vuosi-2020\/rahavirrat\/verojalanjalki\/\"]}]},{\"@type\":\"BreadcrumbList\",\"@id\":\"https:\/\/www.senaatti.fi\/yhteiskuntavastuuraportti2020\/vuosi-2020\/rahavirrat\/verojalanjalki\/#breadcrumb\",\"itemListElement\":[{\"@type\":\"ListItem\",\"position\":1,\"name\":\"Home\",\"item\":\"https:\/\/www.senaatti.fi\/yhteiskuntavastuuraportti2020\/\"},{\"@type\":\"ListItem\",\"position\":2,\"name\":\"Vuosi 2020\",\"item\":\"https:\/\/www.senaatti.fi\/yhteiskuntavastuuraportti2020\/vuosi-2020\/\"},{\"@type\":\"ListItem\",\"position\":3,\"name\":\"Rahavirrat\",\"item\":\"https:\/\/www.senaatti.fi\/yhteiskuntavastuuraportti2020\/vuosi-2020\/rahavirrat\/\"},{\"@type\":\"ListItem\",\"position\":4,\"name\":\"Verojalanj\u00e4lki\"}]},{\"@type\":\"WebSite\",\"@id\":\"https:\/\/www.senaatti.fi\/yhteiskuntavastuuraportti2020\/#website\",\"url\":\"https:\/\/www.senaatti.fi\/yhteiskuntavastuuraportti2020\/\",\"name\":\"Senaatti 2020 - yhteiskuntavastuuraportti\",\"description\":\"\",\"potentialAction\":[{\"@type\":\"SearchAction\",\"target\":{\"@type\":\"EntryPoint\",\"urlTemplate\":\"https:\/\/www.senaatti.fi\/yhteiskuntavastuuraportti2020\/?s={search_term_string}\"},\"query-input\":{\"@type\":\"PropertyValueSpecification\",\"valueRequired\":true,\"valueName\":\"search_term_string\"}}],\"inLanguage\":\"en-US\"}]}<\/script>\n<!-- \/ Yoast SEO plugin. -->","yoast_head_json":{"title":"Verojalanj\u00e4lki - Senaatti 2020 - yhteiskuntavastuuraportti","description":"Senaatti maksoi vuonna 2020 veroja yhteens\u00e4 47,4 (64,1) milj. euroa. Selke\u00e4sti suurin vero oli kiinteist\u00f6vero. Vuonna 2020 Senaatti sai","robots":{"index":"index","follow":"follow","max-snippet":"max-snippet:-1","max-image-preview":"max-image-preview:large","max-video-preview":"max-video-preview:-1"},"canonical":"https:\/\/www.senaatti.fi\/yhteiskuntavastuuraportti2020\/vuosi-2020\/rahavirrat\/verojalanjalki\/","og_locale":"en_US","og_type":"article","og_title":"Verojalanj\u00e4lki - Senaatti 2020 - yhteiskuntavastuuraportti","og_description":"Senaatti maksoi vuonna 2020 veroja yhteens\u00e4 47,4 (64,1) milj. euroa. Selke\u00e4sti suurin vero oli kiinteist\u00f6vero. Vuonna 2020 Senaatti sai","og_url":"https:\/\/www.senaatti.fi\/yhteiskuntavastuuraportti2020\/vuosi-2020\/rahavirrat\/verojalanjalki\/","og_site_name":"Senaatti 2020 - yhteiskuntavastuuraportti","article_modified_time":"2024-09-09T07:36:42+00:00","twitter_card":"summary_large_image","twitter_misc":{"Est. reading time":"1 minute"},"schema":{"@context":"https:\/\/schema.org","@graph":[{"@type":"WebPage","@id":"https:\/\/www.senaatti.fi\/yhteiskuntavastuuraportti2020\/vuosi-2020\/rahavirrat\/verojalanjalki\/","url":"https:\/\/www.senaatti.fi\/yhteiskuntavastuuraportti2020\/vuosi-2020\/rahavirrat\/verojalanjalki\/","name":"Verojalanj\u00e4lki - Senaatti 2020 - yhteiskuntavastuuraportti","isPartOf":{"@id":"https:\/\/www.senaatti.fi\/yhteiskuntavastuuraportti2020\/#website"},"datePublished":"2018-01-29T10:58:05+00:00","dateModified":"2024-09-09T07:36:42+00:00","description":"Senaatti maksoi vuonna 2020 veroja yhteens\u00e4 47,4 (64,1) milj. euroa. Selke\u00e4sti suurin vero oli kiinteist\u00f6vero. Vuonna 2020 Senaatti sai","breadcrumb":{"@id":"https:\/\/www.senaatti.fi\/yhteiskuntavastuuraportti2020\/vuosi-2020\/rahavirrat\/verojalanjalki\/#breadcrumb"},"inLanguage":"en-US","potentialAction":[{"@type":"ReadAction","target":["https:\/\/www.senaatti.fi\/yhteiskuntavastuuraportti2020\/vuosi-2020\/rahavirrat\/verojalanjalki\/"]}]},{"@type":"BreadcrumbList","@id":"https:\/\/www.senaatti.fi\/yhteiskuntavastuuraportti2020\/vuosi-2020\/rahavirrat\/verojalanjalki\/#breadcrumb","itemListElement":[{"@type":"ListItem","position":1,"name":"Home","item":"https:\/\/www.senaatti.fi\/yhteiskuntavastuuraportti2020\/"},{"@type":"ListItem","position":2,"name":"Vuosi 2020","item":"https:\/\/www.senaatti.fi\/yhteiskuntavastuuraportti2020\/vuosi-2020\/"},{"@type":"ListItem","position":3,"name":"Rahavirrat","item":"https:\/\/www.senaatti.fi\/yhteiskuntavastuuraportti2020\/vuosi-2020\/rahavirrat\/"},{"@type":"ListItem","position":4,"name":"Verojalanj\u00e4lki"}]},{"@type":"WebSite","@id":"https:\/\/www.senaatti.fi\/yhteiskuntavastuuraportti2020\/#website","url":"https:\/\/www.senaatti.fi\/yhteiskuntavastuuraportti2020\/","name":"Senaatti 2020 - yhteiskuntavastuuraportti","description":"","potentialAction":[{"@type":"SearchAction","target":{"@type":"EntryPoint","urlTemplate":"https:\/\/www.senaatti.fi\/yhteiskuntavastuuraportti2020\/?s={search_term_string}"},"query-input":{"@type":"PropertyValueSpecification","valueRequired":true,"valueName":"search_term_string"}}],"inLanguage":"en-US"}]}},"_links":{"self":[{"href":"https:\/\/www.senaatti.fi\/yhteiskuntavastuuraportti2020\/wp-json\/wp\/v2\/pages\/21","targetHints":{"allow":["GET"]}}],"collection":[{"href":"https:\/\/www.senaatti.fi\/yhteiskuntavastuuraportti2020\/wp-json\/wp\/v2\/pages"}],"about":[{"href":"https:\/\/www.senaatti.fi\/yhteiskuntavastuuraportti2020\/wp-json\/wp\/v2\/types\/page"}],"author":[{"embeddable":true,"href":"https:\/\/www.senaatti.fi\/yhteiskuntavastuuraportti2020\/wp-json\/wp\/v2\/users\/11"}],"replies":[{"embeddable":true,"href":"https:\/\/www.senaatti.fi\/yhteiskuntavastuuraportti2020\/wp-json\/wp\/v2\/comments?post=21"}],"version-history":[{"count":12,"href":"https:\/\/www.senaatti.fi\/yhteiskuntavastuuraportti2020\/wp-json\/wp\/v2\/pages\/21\/revisions"}],"predecessor-version":[{"id":4520,"href":"https:\/\/www.senaatti.fi\/yhteiskuntavastuuraportti2020\/wp-json\/wp\/v2\/pages\/21\/revisions\/4520"}],"up":[{"embeddable":true,"href":"https:\/\/www.senaatti.fi\/yhteiskuntavastuuraportti2020\/wp-json\/wp\/v2\/pages\/19"}],"wp:attachment":[{"href":"https:\/\/www.senaatti.fi\/yhteiskuntavastuuraportti2020\/wp-json\/wp\/v2\/media?parent=21"}],"curies":[{"name":"wp","href":"https:\/\/api.w.org\/{rel}","templated":true}]}}