{"id":19,"date":"2018-01-29T10:57:50","date_gmt":"2018-01-29T10:57:50","guid":{"rendered":"https:\/\/www.senaatti.fi\/yhteiskuntavastuuraportti2020\/?page_id=19"},"modified":"2021-04-01T10:14:52","modified_gmt":"2021-04-01T10:14:52","slug":"rahavirrat","status":"publish","type":"page","link":"https:\/\/www.senaatti.fi\/yhteiskuntavastuuraportti2020\/vuosi-2020\/rahavirrat\/","title":{"rendered":"Rahavirrat"},"content":{"rendered":"<p>Senaatti-kiinteist\u00f6jen toiminta vaikuttaa monin tavoin sen eri sidosryhmien taloudelliseen hyvinvointiin. Alla olevassa kaaviossa on kuvattu Senaatin ja keskeisten toimijoiden v\u00e4liset rahavirrat.<\/p>\n<div class=\"row\">\n<div class=\"col-sm-3 ykv-icon-list\">\n<div class=\"text-align-center ykv-icon-list\"><img loading=\"lazy\" decoding=\"async\" src=\"https:\/\/www.senaatti.fi\/app_ykv_archive\/uploads\/sites\/10\/2021\/04\/Asiakkaat.svg\" alt=\"\" class=\"alignnone size-medium wp-image-4341\" width=\"80\" height=\"80\" \/><\/div>\n<p><strong>Asiakkaat<\/strong><\/p>\n<ul>\n<li>Vuokrauksen liikevaihto sis. palvelut 634 milj. \u20ac<\/li>\n<li>Kiinteist\u00f6jen myynnit 59,1milj. \u20ac (118)<\/li>\n<\/ul>\n<\/div>\n<div class=\"col-sm-3 ykv-icon-list\">\n<div class=\"text-align-center ykv-icon-list\"><img loading=\"lazy\" decoding=\"async\" src=\"https:\/\/www.senaatti.fi\/app_ykv_archive\/uploads\/sites\/10\/2021\/04\/Julkinen_sektori.svg\" alt=\"\" class=\"alignnone size-medium wp-image-4341\" width=\"80\" height=\"80\" \/><\/div>\n<p><strong>Julkinen sektori<\/strong><\/p>\n<ul>\n<li>Saadut avustukset 0,1milj. \u20ac<\/li>\n<\/ul>\n<\/div>\n<div class=\"col-sm-3 ykv-icon-list\">\n<div class=\"text-align-center ykv-icon-list\"><img loading=\"lazy\" decoding=\"async\" src=\"https:\/\/www.senaatti.fi\/app_ykv_archive\/uploads\/sites\/10\/2021\/04\/Omistaja_ja_ulkopuoliset_rahoittajat.svg\" alt=\"\" class=\"alignnone size-medium wp-image-4341\" width=\"80\" height=\"80\" \/><\/div>\n<p><strong>Omistaja ja ulkopuoliset rahoittajat<\/strong><\/p>\n<ul>\n<li>Lainanotto 150 milj. \u20ac<\/li>\n<\/ul>\n<\/div>\n<div class=\"col-sm-3 ykv-icon-list\">\n<div class=\"text-align-center ykv-icon-list\"><img loading=\"lazy\" decoding=\"async\" src=\"https:\/\/www.senaatti.fi\/app_ykv_archive\/uploads\/sites\/10\/2021\/04\/Muut_tuotot.svg\" alt=\"\" class=\"alignnone size-medium wp-image-4341\" width=\"80\" height=\"80\" \/><\/div>\n<p><strong>Muut tuotot<\/strong><\/p>\n<ul>\n<li>Osinkotuotot\u00a0 0 milj. \u20ac<\/li>\n<li>Muut rahoitustuotot 4,3 milj. \u20ac<\/li>\n<\/ul>\n<\/div>\n<\/div>\n<div style=\"clear: both;\"><\/div>\n<div class=\"row\">\n<div class=\"col-sm-12\">\n<h2><strong>Senaatti-kiinteist\u00f6t<\/strong><\/h2>\n<\/div>\n<\/div>\n<div class=\"row\">\n<div class=\"col-sm-3 ykv-icon-list\">\n<div class=\"text-align-center ykv-icon-list\"><img loading=\"lazy\" decoding=\"async\" src=\"https:\/\/www.senaatti.fi\/app_ykv_archive\/uploads\/sites\/10\/2021\/04\/Henkilosto.svg\" alt=\"\" class=\"alignnone size-medium wp-image-4341\" width=\"80\" height=\"80\" \/><\/div>\n<p><strong>Henkil\u00f6st\u00f6<\/strong><\/p>\n<ul>\n<li>Maksetut palkat ja el\u00e4kkeet 34 milj. \u20ac<\/li>\n<\/ul>\n<\/div>\n<div class=\"col-sm-3 ykv-icon-list\">\n<div class=\"text-align-center ykv-icon-list\"><img loading=\"lazy\" decoding=\"async\" src=\"https:\/\/www.senaatti.fi\/app_ykv_archive\/uploads\/sites\/10\/2021\/04\/Materiaalien_ja_palveluiden_toimittajat.svg\" alt=\"\" class=\"alignnone size-medium wp-image-4341\" width=\"80\" height=\"80\" \/><\/div>\n<p><strong>Materiaalien ja palvelujen toimittajat<\/strong><\/p>\n<ul>\n<li>Ostot yhteens\u00e4 649 milj. \u20ac<\/li>\n<li>josta investointeja 340 milj. \u20ac (240)<\/li>\n<\/ul>\n<\/div>\n<div class=\"col-sm-3 ykv-icon-list\">\n<div class=\"text-align-center ykv-icon-list\"><img loading=\"lazy\" decoding=\"async\" src=\"https:\/\/www.senaatti.fi\/app_ykv_archive\/uploads\/sites\/10\/2021\/04\/Omistaja_ja_ulkopuoliset_rahoittajat.svg\" alt=\"\" class=\"alignnone size-medium wp-image-4341\" width=\"80\" height=\"80\" \/><\/div>\n<p><strong>Omistaja ja ulkopuoliset rahoittajat<\/strong><\/p>\n<ul>\n<li>Lyhennykset 84 milj. \u20ac<\/li>\n<li>Korkokulut 13 milj. \u20ac<\/li>\n<li>Tuloutus valtiolle 35 milj. \u20ac<\/li>\n<\/ul>\n<\/div>\n<div class=\"col-sm-3 ykv-icon-list\">\n<div class=\"text-align-center ykv-icon-list\"><img loading=\"lazy\" decoding=\"async\" src=\"https:\/\/www.senaatti.fi\/app_ykv_archive\/uploads\/sites\/10\/2021\/04\/Julkinen_sektori.svg\" alt=\"\" class=\"alignnone size-medium wp-image-4341\" width=\"80\" height=\"80\" \/><\/div>\n<p><strong>Julkinen sektori<\/strong><\/p>\n<ul>\n<li>Tulo- ja kiint. verot 30 milj. \u20ac<\/li>\n<li>Katso verot tarkemmin <a href=\"https:\/\/www.senaatti.fi\/yhteiskuntavastuuraportti2020\/vuosi-2020\/rahavirrat\/verojalanjalki\/\">Veronjalanj\u00e4lki<\/a><\/li>\n<\/ul>\n<\/div>\n<\/div>\n<div style=\"clear: both;\"><\/div>\n<p>Organisaatioon j\u00e4tetty jakamaton lis\u00e4arvo on 225,5 milj. euroa<strong>.<\/strong> Summa ei sis\u00e4ll\u00e4 investointeja, lainanottoja eik\u00e4 lyhennyksi\u00e4.<\/p>\n","protected":false},"excerpt":{"rendered":"<p>Senaatti-kiinteist\u00f6jen toiminta vaikuttaa monin tavoin sen eri sidosryhmien taloudelliseen hyvinvointiin. Alla olevassa kaaviossa on kuvattu Senaatin ja keskeisten toimijoiden v\u00e4liset rahavirrat. Asiakkaat Vuokrauksen liikevaihto sis. palvelut 634 milj. \u20ac Kiinteist\u00f6jen myynnit 59,1milj. \u20ac (118) Julkinen sektori Saadut avustukset 0,1milj. \u20ac Omistaja ja ulkopuoliset rahoittajat Lainanotto 150 milj. \u20ac Muut tuotot Osinkotuotot\u00a0 0 milj. \u20ac Muut [&hellip;]<\/p>\n","protected":false},"author":11,"featured_media":0,"parent":5,"menu_order":4,"comment_status":"closed","ping_status":"closed","template":"","meta":{"_acf_changed":false,"footnotes":""},"class_list":["post-19","page","type-page","status-publish","hentry"],"acf":[],"yoast_head":"<!-- This site is optimized with the Yoast SEO plugin v23.9 - https:\/\/yoast.com\/wordpress\/plugins\/seo\/ -->\n<title>Rahavirrat - Senaatti 2020 - yhteiskuntavastuuraportti<\/title>\n<meta name=\"description\" content=\"Senaatti-kiinteist\u00f6jen toiminta vaikuttaa monin tavoin sen eri sidosryhmien taloudelliseen hyvinvointiin. Alla olevassa kaaviossa on kuvattu Senaatin ja\" \/>\n<meta name=\"robots\" content=\"index, follow, max-snippet:-1, max-image-preview:large, max-video-preview:-1\" \/>\n<link rel=\"canonical\" href=\"https:\/\/www.senaatti.fi\/yhteiskuntavastuuraportti2020\/vuosi-2020\/rahavirrat\/\" \/>\n<meta property=\"og:locale\" content=\"en_US\" \/>\n<meta property=\"og:type\" content=\"article\" \/>\n<meta property=\"og:title\" content=\"Rahavirrat - Senaatti 2020 - yhteiskuntavastuuraportti\" \/>\n<meta property=\"og:description\" content=\"Senaatti-kiinteist\u00f6jen toiminta vaikuttaa monin tavoin sen eri sidosryhmien taloudelliseen hyvinvointiin. Alla olevassa kaaviossa on kuvattu Senaatin ja\" \/>\n<meta property=\"og:url\" content=\"https:\/\/www.senaatti.fi\/yhteiskuntavastuuraportti2020\/vuosi-2020\/rahavirrat\/\" \/>\n<meta property=\"og:site_name\" content=\"Senaatti 2020 - yhteiskuntavastuuraportti\" \/>\n<meta property=\"article:modified_time\" content=\"2021-04-01T10:14:52+00:00\" \/>\n<meta property=\"og:image\" content=\"https:\/\/www.senaatti.fi\/app_ykv_archive\/uploads\/sites\/10\/2021\/04\/Asiakkaat.svg\" \/>\n<meta name=\"twitter:card\" content=\"summary_large_image\" \/>\n<meta name=\"twitter:label1\" content=\"Est. reading time\" \/>\n\t<meta name=\"twitter:data1\" content=\"1 minute\" \/>\n<script type=\"application\/ld+json\" class=\"yoast-schema-graph\">{\"@context\":\"https:\/\/schema.org\",\"@graph\":[{\"@type\":\"WebPage\",\"@id\":\"https:\/\/www.senaatti.fi\/yhteiskuntavastuuraportti2020\/vuosi-2020\/rahavirrat\/\",\"url\":\"https:\/\/www.senaatti.fi\/yhteiskuntavastuuraportti2020\/vuosi-2020\/rahavirrat\/\",\"name\":\"Rahavirrat - Senaatti 2020 - yhteiskuntavastuuraportti\",\"isPartOf\":{\"@id\":\"https:\/\/www.senaatti.fi\/yhteiskuntavastuuraportti2020\/#website\"},\"primaryImageOfPage\":{\"@id\":\"https:\/\/www.senaatti.fi\/yhteiskuntavastuuraportti2020\/vuosi-2020\/rahavirrat\/#primaryimage\"},\"image\":{\"@id\":\"https:\/\/www.senaatti.fi\/yhteiskuntavastuuraportti2020\/vuosi-2020\/rahavirrat\/#primaryimage\"},\"thumbnailUrl\":\"https:\/\/www.senaatti.fi\/app_ykv_archive\/uploads\/sites\/10\/2021\/04\/Asiakkaat.svg\",\"datePublished\":\"2018-01-29T10:57:50+00:00\",\"dateModified\":\"2021-04-01T10:14:52+00:00\",\"description\":\"Senaatti-kiinteist\u00f6jen toiminta vaikuttaa monin tavoin sen eri sidosryhmien taloudelliseen hyvinvointiin. Alla olevassa kaaviossa on kuvattu Senaatin ja\",\"breadcrumb\":{\"@id\":\"https:\/\/www.senaatti.fi\/yhteiskuntavastuuraportti2020\/vuosi-2020\/rahavirrat\/#breadcrumb\"},\"inLanguage\":\"en-US\",\"potentialAction\":[{\"@type\":\"ReadAction\",\"target\":[\"https:\/\/www.senaatti.fi\/yhteiskuntavastuuraportti2020\/vuosi-2020\/rahavirrat\/\"]}]},{\"@type\":\"ImageObject\",\"inLanguage\":\"en-US\",\"@id\":\"https:\/\/www.senaatti.fi\/yhteiskuntavastuuraportti2020\/vuosi-2020\/rahavirrat\/#primaryimage\",\"url\":\"https:\/\/www.senaatti.fi\/app_ykv_archive\/uploads\/sites\/10\/2021\/04\/Asiakkaat.svg\",\"contentUrl\":\"https:\/\/www.senaatti.fi\/app_ykv_archive\/uploads\/sites\/10\/2021\/04\/Asiakkaat.svg\"},{\"@type\":\"BreadcrumbList\",\"@id\":\"https:\/\/www.senaatti.fi\/yhteiskuntavastuuraportti2020\/vuosi-2020\/rahavirrat\/#breadcrumb\",\"itemListElement\":[{\"@type\":\"ListItem\",\"position\":1,\"name\":\"Home\",\"item\":\"https:\/\/www.senaatti.fi\/yhteiskuntavastuuraportti2020\/\"},{\"@type\":\"ListItem\",\"position\":2,\"name\":\"Vuosi 2020\",\"item\":\"https:\/\/www.senaatti.fi\/yhteiskuntavastuuraportti2020\/vuosi-2020\/\"},{\"@type\":\"ListItem\",\"position\":3,\"name\":\"Rahavirrat\"}]},{\"@type\":\"WebSite\",\"@id\":\"https:\/\/www.senaatti.fi\/yhteiskuntavastuuraportti2020\/#website\",\"url\":\"https:\/\/www.senaatti.fi\/yhteiskuntavastuuraportti2020\/\",\"name\":\"Senaatti 2020 - yhteiskuntavastuuraportti\",\"description\":\"\",\"potentialAction\":[{\"@type\":\"SearchAction\",\"target\":{\"@type\":\"EntryPoint\",\"urlTemplate\":\"https:\/\/www.senaatti.fi\/yhteiskuntavastuuraportti2020\/?s={search_term_string}\"},\"query-input\":{\"@type\":\"PropertyValueSpecification\",\"valueRequired\":true,\"valueName\":\"search_term_string\"}}],\"inLanguage\":\"en-US\"}]}<\/script>\n<!-- \/ Yoast SEO plugin. -->","yoast_head_json":{"title":"Rahavirrat - Senaatti 2020 - yhteiskuntavastuuraportti","description":"Senaatti-kiinteist\u00f6jen toiminta vaikuttaa monin tavoin sen eri sidosryhmien taloudelliseen hyvinvointiin. Alla olevassa kaaviossa on kuvattu Senaatin ja","robots":{"index":"index","follow":"follow","max-snippet":"max-snippet:-1","max-image-preview":"max-image-preview:large","max-video-preview":"max-video-preview:-1"},"canonical":"https:\/\/www.senaatti.fi\/yhteiskuntavastuuraportti2020\/vuosi-2020\/rahavirrat\/","og_locale":"en_US","og_type":"article","og_title":"Rahavirrat - Senaatti 2020 - yhteiskuntavastuuraportti","og_description":"Senaatti-kiinteist\u00f6jen toiminta vaikuttaa monin tavoin sen eri sidosryhmien taloudelliseen hyvinvointiin. Alla olevassa kaaviossa on kuvattu Senaatin ja","og_url":"https:\/\/www.senaatti.fi\/yhteiskuntavastuuraportti2020\/vuosi-2020\/rahavirrat\/","og_site_name":"Senaatti 2020 - yhteiskuntavastuuraportti","article_modified_time":"2021-04-01T10:14:52+00:00","og_image":[{"url":"https:\/\/www.senaatti.fi\/app_ykv_archive\/uploads\/sites\/10\/2021\/04\/Asiakkaat.svg"}],"twitter_card":"summary_large_image","twitter_misc":{"Est. reading time":"1 minute"},"schema":{"@context":"https:\/\/schema.org","@graph":[{"@type":"WebPage","@id":"https:\/\/www.senaatti.fi\/yhteiskuntavastuuraportti2020\/vuosi-2020\/rahavirrat\/","url":"https:\/\/www.senaatti.fi\/yhteiskuntavastuuraportti2020\/vuosi-2020\/rahavirrat\/","name":"Rahavirrat - Senaatti 2020 - yhteiskuntavastuuraportti","isPartOf":{"@id":"https:\/\/www.senaatti.fi\/yhteiskuntavastuuraportti2020\/#website"},"primaryImageOfPage":{"@id":"https:\/\/www.senaatti.fi\/yhteiskuntavastuuraportti2020\/vuosi-2020\/rahavirrat\/#primaryimage"},"image":{"@id":"https:\/\/www.senaatti.fi\/yhteiskuntavastuuraportti2020\/vuosi-2020\/rahavirrat\/#primaryimage"},"thumbnailUrl":"https:\/\/www.senaatti.fi\/app_ykv_archive\/uploads\/sites\/10\/2021\/04\/Asiakkaat.svg","datePublished":"2018-01-29T10:57:50+00:00","dateModified":"2021-04-01T10:14:52+00:00","description":"Senaatti-kiinteist\u00f6jen toiminta vaikuttaa monin tavoin sen eri sidosryhmien taloudelliseen hyvinvointiin. Alla olevassa kaaviossa on kuvattu Senaatin ja","breadcrumb":{"@id":"https:\/\/www.senaatti.fi\/yhteiskuntavastuuraportti2020\/vuosi-2020\/rahavirrat\/#breadcrumb"},"inLanguage":"en-US","potentialAction":[{"@type":"ReadAction","target":["https:\/\/www.senaatti.fi\/yhteiskuntavastuuraportti2020\/vuosi-2020\/rahavirrat\/"]}]},{"@type":"ImageObject","inLanguage":"en-US","@id":"https:\/\/www.senaatti.fi\/yhteiskuntavastuuraportti2020\/vuosi-2020\/rahavirrat\/#primaryimage","url":"https:\/\/www.senaatti.fi\/app_ykv_archive\/uploads\/sites\/10\/2021\/04\/Asiakkaat.svg","contentUrl":"https:\/\/www.senaatti.fi\/app_ykv_archive\/uploads\/sites\/10\/2021\/04\/Asiakkaat.svg"},{"@type":"BreadcrumbList","@id":"https:\/\/www.senaatti.fi\/yhteiskuntavastuuraportti2020\/vuosi-2020\/rahavirrat\/#breadcrumb","itemListElement":[{"@type":"ListItem","position":1,"name":"Home","item":"https:\/\/www.senaatti.fi\/yhteiskuntavastuuraportti2020\/"},{"@type":"ListItem","position":2,"name":"Vuosi 2020","item":"https:\/\/www.senaatti.fi\/yhteiskuntavastuuraportti2020\/vuosi-2020\/"},{"@type":"ListItem","position":3,"name":"Rahavirrat"}]},{"@type":"WebSite","@id":"https:\/\/www.senaatti.fi\/yhteiskuntavastuuraportti2020\/#website","url":"https:\/\/www.senaatti.fi\/yhteiskuntavastuuraportti2020\/","name":"Senaatti 2020 - yhteiskuntavastuuraportti","description":"","potentialAction":[{"@type":"SearchAction","target":{"@type":"EntryPoint","urlTemplate":"https:\/\/www.senaatti.fi\/yhteiskuntavastuuraportti2020\/?s={search_term_string}"},"query-input":{"@type":"PropertyValueSpecification","valueRequired":true,"valueName":"search_term_string"}}],"inLanguage":"en-US"}]}},"_links":{"self":[{"href":"https:\/\/www.senaatti.fi\/yhteiskuntavastuuraportti2020\/wp-json\/wp\/v2\/pages\/19","targetHints":{"allow":["GET"]}}],"collection":[{"href":"https:\/\/www.senaatti.fi\/yhteiskuntavastuuraportti2020\/wp-json\/wp\/v2\/pages"}],"about":[{"href":"https:\/\/www.senaatti.fi\/yhteiskuntavastuuraportti2020\/wp-json\/wp\/v2\/types\/page"}],"author":[{"embeddable":true,"href":"https:\/\/www.senaatti.fi\/yhteiskuntavastuuraportti2020\/wp-json\/wp\/v2\/users\/11"}],"replies":[{"embeddable":true,"href":"https:\/\/www.senaatti.fi\/yhteiskuntavastuuraportti2020\/wp-json\/wp\/v2\/comments?post=19"}],"version-history":[{"count":11,"href":"https:\/\/www.senaatti.fi\/yhteiskuntavastuuraportti2020\/wp-json\/wp\/v2\/pages\/19\/revisions"}],"predecessor-version":[{"id":4352,"href":"https:\/\/www.senaatti.fi\/yhteiskuntavastuuraportti2020\/wp-json\/wp\/v2\/pages\/19\/revisions\/4352"}],"up":[{"embeddable":true,"href":"https:\/\/www.senaatti.fi\/yhteiskuntavastuuraportti2020\/wp-json\/wp\/v2\/pages\/5"}],"wp:attachment":[{"href":"https:\/\/www.senaatti.fi\/yhteiskuntavastuuraportti2020\/wp-json\/wp\/v2\/media?parent=19"}],"curies":[{"name":"wp","href":"https:\/\/api.w.org\/{rel}","templated":true}]}}