{"id":11,"date":"2018-01-29T10:56:54","date_gmt":"2018-01-29T10:56:54","guid":{"rendered":"https:\/\/www.senaatti.fi\/yhteiskuntavastuuraportti2020\/?page_id=11"},"modified":"2023-10-20T07:47:15","modified_gmt":"2023-10-20T07:47:15","slug":"taloudelliset-tavoitteet-ja-tulokset","status":"publish","type":"page","link":"https:\/\/www.senaatti.fi\/yhteiskuntavastuuraportti2020\/vuosi-2020\/taloudelliset-tavoitteet-ja-tulokset\/","title":{"rendered":"Taloudelliset tavoitteet ja tulokset"},"content":{"rendered":"<div>\n<ul>\n<li>Koronapandemian vaikutukset talouteen ja toimintaan j\u00e4iv\u00e4t v\u00e4h\u00e4isiksi. Tuimme kertomusvuonna keskisuuria yritysasiakkaitamme my\u00f6nt\u00e4m\u00e4ll\u00e4 vuokranalennuksia vuokralaisten tilanteen helpottamiseksi<\/li>\n<li>Kokonaistulos oli 50 milj. euroa, mik\u00e4 ylitti budjettitavoitteen 23 milj. eurolla. Keskeisin syy tulosylitykseen oli tyt\u00e4ryhti\u00f6iden purkamisesta johtuvat 12,4 milj. euron kertaluontoiset nettoluovutusvoitot sek\u00e4 budjetoitua pienempin\u00e4 toteutuneet kiinteist\u00f6jen yll\u00e4pitokulut<\/li>\n<li>Kiinteist\u00f6myynnin tulos oli 16 milj. euroa ja tavoite oli 14 milj. euroa. Kiinteist\u00f6jen toteutunut myynti oli 59 milj. euroa.<\/li>\n<li>Ylitimme s\u00e4\u00e4st\u00f6tavoitteemme, joka oli 7 milj. euroa: saimme vuonna 2020 aikaan yli 10 milj. euron s\u00e4\u00e4st\u00f6t valtion tilakustannuksiin.<\/li>\n<li><a aria-label=\"yhteiskuntavastuuraportti2020\" href=\"https:\/\/www.senaatti.fi\/yhteiskuntavastuuraportti2020\/vuosi-2020\/\">Katso keskeiset tunnuslukumme vuodelta 2020<\/a>.<\/li>\n<\/ul>\n<\/div>\n<div id=\"highcharts-KOAD3jih\"><div class=\"graph-container\"><h2 class=\"text\">Tulos ja liikevaihto<\/h2><span class=\"hide\"><\/span><div id=\"tulos-ja-liikevaihto\"><\/div><\/div><\/div>\n<div>\n<p>&nbsp;<\/p>\n<p>Vuokrauksen tulos oli 33,2 (67,4) milj. euroa, ja se ylitti budjetin 20,7 milj. eurolla. Keskeisin syy tulosylitykseen oli tyt\u00e4ryhti\u00f6iden purkamisesta johtuvat kertaluonteiset nettoluovutusvoitot. Muita syit\u00e4 olivat odotettua paremmin toteutunut vuokrauksen liikevaihto ja budjetoitua pienempin\u00e4 toteutuneet kiinteist\u00f6jen yll\u00e4pitokulut. Tulosta rasittivat toteutuneet 37,8 milj. euron kiinteist\u00f6omaisuuden arvonalentumiset.<\/p>\n<p>Vuokrauksen liikevaihto pieneni hieman ja oli 634,4 (646,6) milj. euroa. Se ylitti budjettitavoitteen 12,5 milj. eurolla. Liikevaihdon lasku johtui valtioasiakkaille annetusta 6 %:n vuokra-alennuksesta vuoden 2020 alussa.<\/p>\n<p>Palvelujen myynti kasvoi edellisvuodesta ja oli 21,9 (20,1) milj. euroa. Palvelujen myynnin kasvu tuli puhtauspalveluiden kasvusta.<\/p>\n<p>Kiinteist\u00f6j\u00e4 ja kiinteist\u00f6yhti\u00f6it\u00e4 myytiin 59,2 milj. eurolla. Kiinteist\u00f6jen kappalem\u00e4\u00e4r\u00e4inen myyntitavoite toteutui, mutta 80 milj. euron bruttomyyntitavoitteesta j\u00e4\u00e4tiin. Kiinteist\u00f6myyntiin vaikuttivat viiv\u00e4stykset merkitt\u00e4vimpien myyntiprojektien kaavoitusprosessissa ja koronapandemian aiheuttamat ep\u00e4varmuudet kiinteist\u00f6markkinoissa.<\/p>\n<\/div>\n<div>\n<p><a href=\"https:\/\/www.senaatti.fi\/yhteiskuntavastuuraportti2020\/vuosi-2019\/kiinteistokehitys-ja-myynti\/\">Lue tarkemmin\u00a0kiinteist\u00f6jen myynneist\u00e4.<\/a><\/p>\n<h2>Tuloutus valtiolle kiinteist\u00f6jen myynneist\u00e4<\/h2>\n<p>Senaatti tulouttaa vuosittain omistajalleen eli valtiolle voiton tuloutuksen, joka koostuu p\u00e4\u00e4osin kiinteist\u00f6jen myynneist\u00e4 saaduista tuloista. Valtioasiakkaiden vuokrauksen tulos on k\u00e4yt\u00e4nn\u00f6ss\u00e4 0 % vuoden 2020 alussa toteutetun uudistuksen j\u00e4lkeen. Senaatti maksoi kertomusvuonna tuloutusta valtiolle 35 (35) milj. euroa. Vuoden 2020 tuloksesta Senaatti tulouttaa 35 milj. euroa kes\u00e4kuussa 2021.<\/p>\n<\/div>\n<div>\n<h2>Sijoitetun p\u00e4\u00e4oman tuotto ja omavaraisuusaste<\/h2>\n<p>Senaatin koko toiminnan sijoitetun p\u00e4\u00e4oman tuotto oli 1,5 (3,1) %. Vuokrauksen sijoitetun p\u00e4\u00e4oman tuotto oli 1,2 (2,1) % ja vuokrauksen valtioasiakkaiden oman p\u00e4\u00e4oman tuotto oli 0,0 %, mik\u00e4 alittaa hieman valtion vuokraj\u00e4rjestelm\u00e4n tavoitteen, 0,4 %.<\/p>\n<p>Omavaraisuusaste on pysynyt erinomaisena ja oli 65 (66) %.\u00a0 Nettovelkaantumisaste nousi hieman ja oli 47 (45) %. Velan m\u00e4\u00e4r\u00e4n kasvu johtui investointien m\u00e4\u00e4r\u00e4n kasvusta.<\/p>\n<\/div>\n<div id=\"highcharts-rRTcBDFc\"><div class=\"graph-container\"><h2 class=\"text\">Omavaraisuus- ja nettovelkaantumisaste<\/h2><span class=\"hide\"><\/span><div id=\"omavaraisuus-ja-nettovelkaantumisaste\"><\/div><\/div><\/div>\n<div><\/div>\n<div id=\"highcharts-os8aDguh\"><div class=\"graph-container\"><h2 class=\"text\">Sijoitetun p\u00e4\u00e4oman tuotto ja oman p\u00e4\u00e4oman tuotto<\/h2><span class=\"hide\"><\/span><div id=\"sijoitetun-ja-oman-paaoman-tuotto\"><\/div><\/div><\/div>\n<div>\u00a0\u00a0\u00a0\u00a0\u00a0\u00a0\u00a0\u00a0 *Valtioasiakkaiden vuokraustoiminnan oman p\u00e4\u00e4oman tuotto oli 2,0 %.<\/div>\n<div><\/div>\n<div id=\"highcharts-9utA0l_I\"><div class=\"graph-container\"><h2 class=\"text\">Vieraan p\u00e4\u00e4oman takaisinmaksuaika<\/h2><span class=\"hide\"><\/span><div id=\"vieraan-paaoman-takaisinmaksuaika\"><\/div><\/div><\/div>\n<div><\/div>\n<div>\n<p>Korolliset velat (valtio- ja rahoituslainat) olivat vuoden lopussa 1\u00a0491,6 (1 425,8) milj. euroa. Lainoista valtion lainaa oli 1\u00a0322,5 (1 191,9) milj. euroa ja rahoituslaitoksilta 169,1 (233,9) milj. euroa.<\/p>\n<h2>Toimitilas\u00e4\u00e4st\u00f6t kaksi vuotta etuajassa<\/h2>\n<p>Senaatin tavoitteena on tuottaa asiakkailleen tarjoamansa palvelut ja ty\u00f6ymp\u00e4rist\u00f6ratkaisut kustannustehokkaasti valtion kokonaisetu huomioiden.<\/p>\n<p>Senaatti onnistui yhdess\u00e4 asiakkaidensa kanssa saavuttamaan 100 milj. euron vuositason s\u00e4\u00e4st\u00f6t virastojen ja laitosten tilakustannuksissa kaksi vuotta ennen asetettua tavoitetta. Strategian p\u00e4ivityksess\u00e4 tavoite vuodelle 2022 nostettiin 118 milj. euroon. Vuoden 2020 aikana on sovittu asiakkaiden kanssa 309 toimitilaratkaisuprojektista, joissa asiakkaille toteutetaan nykyaikaiset tilat ja samalla saavutetaan s\u00e4\u00e4st\u00f6j\u00e4 virastojen toimitilakustannuksiin. Yhteens\u00e4 saatiin sovittua 10,4 milj. euron s\u00e4\u00e4st\u00f6t vuositason kustannuksissa. Vuodelle 2020 asetettu 7 milj. euron s\u00e4\u00e4st\u00f6tavoite ylitettiin siis selv\u00e4sti.<\/p>\n<p>Kumulatiivisesti s\u00e4\u00e4st\u00f6j\u00e4 on toteutunut vuosina 2015-2020 v\u00e4lill\u00e4 noin 390 miljoonaa euroa.<\/p>\n<p><a href=\"https:\/\/www.senaatti.fi\/yhteiskuntavastuuraportti2020\/vastuullisuus-senaatissa\/tyoymparistot\/tilatehokkuus-ja-yhteiskayttoisyys\/\">Lue lis\u00e4\u00e4 Ty\u00f6ymp\u00e4rist\u00f6jen kehitt\u00e4minen -osiosta.<\/a><\/p>\n<\/div>\n","protected":false},"excerpt":{"rendered":"<p>Koronapandemian vaikutukset talouteen ja toimintaan j\u00e4iv\u00e4t v\u00e4h\u00e4isiksi. Tuimme kertomusvuonna keskisuuria yritysasiakkaitamme my\u00f6nt\u00e4m\u00e4ll\u00e4 vuokranalennuksia vuokralaisten tilanteen helpottamiseksi Kokonaistulos oli 50 milj. euroa, mik\u00e4 ylitti budjettitavoitteen 23 milj. eurolla. Keskeisin syy tulosylitykseen oli tyt\u00e4ryhti\u00f6iden purkamisesta johtuvat 12,4 milj. euron kertaluontoiset nettoluovutusvoitot sek\u00e4 budjetoitua pienempin\u00e4 toteutuneet kiinteist\u00f6jen yll\u00e4pitokulut Kiinteist\u00f6myynnin tulos oli 16 milj. euroa ja tavoite oli 14 [&hellip;]<\/p>\n","protected":false},"author":11,"featured_media":0,"parent":5,"menu_order":2,"comment_status":"closed","ping_status":"closed","template":"","meta":{"_acf_changed":false,"footnotes":""},"class_list":["post-11","page","type-page","status-publish","hentry"],"acf":[],"yoast_head":"<!-- This site is optimized with the Yoast SEO plugin v23.9 - https:\/\/yoast.com\/wordpress\/plugins\/seo\/ -->\n<title>Taloudelliset tavoitteet ja tulokset - Senaatti 2020 - yhteiskuntavastuuraportti<\/title>\n<meta name=\"description\" content=\"Koronapandemian vaikutukset talouteen ja toimintaan j\u00e4iv\u00e4t v\u00e4h\u00e4isiksi. Tuimme kertomusvuonna keskisuuria yritysasiakkaitamme my\u00f6nt\u00e4m\u00e4ll\u00e4 vuokranalennuksia\" \/>\n<meta name=\"robots\" content=\"index, follow, max-snippet:-1, max-image-preview:large, max-video-preview:-1\" \/>\n<link rel=\"canonical\" href=\"https:\/\/www.senaatti.fi\/yhteiskuntavastuuraportti2020\/vuosi-2020\/taloudelliset-tavoitteet-ja-tulokset\/\" \/>\n<meta property=\"og:locale\" content=\"en_US\" \/>\n<meta property=\"og:type\" content=\"article\" \/>\n<meta property=\"og:title\" content=\"Taloudelliset tavoitteet ja tulokset - Senaatti 2020 - yhteiskuntavastuuraportti\" \/>\n<meta property=\"og:description\" content=\"Koronapandemian vaikutukset talouteen ja toimintaan j\u00e4iv\u00e4t v\u00e4h\u00e4isiksi. Tuimme kertomusvuonna keskisuuria yritysasiakkaitamme my\u00f6nt\u00e4m\u00e4ll\u00e4 vuokranalennuksia\" \/>\n<meta property=\"og:url\" content=\"https:\/\/www.senaatti.fi\/yhteiskuntavastuuraportti2020\/vuosi-2020\/taloudelliset-tavoitteet-ja-tulokset\/\" \/>\n<meta property=\"og:site_name\" content=\"Senaatti 2020 - yhteiskuntavastuuraportti\" \/>\n<meta property=\"article:modified_time\" content=\"2023-10-20T07:47:15+00:00\" \/>\n<meta name=\"twitter:card\" content=\"summary_large_image\" \/>\n<meta name=\"twitter:label1\" content=\"Est. reading time\" \/>\n\t<meta name=\"twitter:data1\" content=\"3 minutes\" \/>\n<script type=\"application\/ld+json\" class=\"yoast-schema-graph\">{\"@context\":\"https:\/\/schema.org\",\"@graph\":[{\"@type\":\"WebPage\",\"@id\":\"https:\/\/www.senaatti.fi\/yhteiskuntavastuuraportti2020\/vuosi-2020\/taloudelliset-tavoitteet-ja-tulokset\/\",\"url\":\"https:\/\/www.senaatti.fi\/yhteiskuntavastuuraportti2020\/vuosi-2020\/taloudelliset-tavoitteet-ja-tulokset\/\",\"name\":\"Taloudelliset tavoitteet ja tulokset - Senaatti 2020 - yhteiskuntavastuuraportti\",\"isPartOf\":{\"@id\":\"https:\/\/www.senaatti.fi\/yhteiskuntavastuuraportti2020\/#website\"},\"datePublished\":\"2018-01-29T10:56:54+00:00\",\"dateModified\":\"2023-10-20T07:47:15+00:00\",\"description\":\"Koronapandemian vaikutukset talouteen ja toimintaan j\u00e4iv\u00e4t v\u00e4h\u00e4isiksi. Tuimme kertomusvuonna keskisuuria yritysasiakkaitamme my\u00f6nt\u00e4m\u00e4ll\u00e4 vuokranalennuksia\",\"breadcrumb\":{\"@id\":\"https:\/\/www.senaatti.fi\/yhteiskuntavastuuraportti2020\/vuosi-2020\/taloudelliset-tavoitteet-ja-tulokset\/#breadcrumb\"},\"inLanguage\":\"en-US\",\"potentialAction\":[{\"@type\":\"ReadAction\",\"target\":[\"https:\/\/www.senaatti.fi\/yhteiskuntavastuuraportti2020\/vuosi-2020\/taloudelliset-tavoitteet-ja-tulokset\/\"]}]},{\"@type\":\"BreadcrumbList\",\"@id\":\"https:\/\/www.senaatti.fi\/yhteiskuntavastuuraportti2020\/vuosi-2020\/taloudelliset-tavoitteet-ja-tulokset\/#breadcrumb\",\"itemListElement\":[{\"@type\":\"ListItem\",\"position\":1,\"name\":\"Home\",\"item\":\"https:\/\/www.senaatti.fi\/yhteiskuntavastuuraportti2020\/\"},{\"@type\":\"ListItem\",\"position\":2,\"name\":\"Vuosi 2020\",\"item\":\"https:\/\/www.senaatti.fi\/yhteiskuntavastuuraportti2020\/vuosi-2020\/\"},{\"@type\":\"ListItem\",\"position\":3,\"name\":\"Taloudelliset tavoitteet ja tulokset\"}]},{\"@type\":\"WebSite\",\"@id\":\"https:\/\/www.senaatti.fi\/yhteiskuntavastuuraportti2020\/#website\",\"url\":\"https:\/\/www.senaatti.fi\/yhteiskuntavastuuraportti2020\/\",\"name\":\"Senaatti 2020 - yhteiskuntavastuuraportti\",\"description\":\"\",\"potentialAction\":[{\"@type\":\"SearchAction\",\"target\":{\"@type\":\"EntryPoint\",\"urlTemplate\":\"https:\/\/www.senaatti.fi\/yhteiskuntavastuuraportti2020\/?s={search_term_string}\"},\"query-input\":{\"@type\":\"PropertyValueSpecification\",\"valueRequired\":true,\"valueName\":\"search_term_string\"}}],\"inLanguage\":\"en-US\"}]}<\/script>\n<!-- \/ Yoast SEO plugin. -->","yoast_head_json":{"title":"Taloudelliset tavoitteet ja tulokset - Senaatti 2020 - yhteiskuntavastuuraportti","description":"Koronapandemian vaikutukset talouteen ja toimintaan j\u00e4iv\u00e4t v\u00e4h\u00e4isiksi. Tuimme kertomusvuonna keskisuuria yritysasiakkaitamme my\u00f6nt\u00e4m\u00e4ll\u00e4 vuokranalennuksia","robots":{"index":"index","follow":"follow","max-snippet":"max-snippet:-1","max-image-preview":"max-image-preview:large","max-video-preview":"max-video-preview:-1"},"canonical":"https:\/\/www.senaatti.fi\/yhteiskuntavastuuraportti2020\/vuosi-2020\/taloudelliset-tavoitteet-ja-tulokset\/","og_locale":"en_US","og_type":"article","og_title":"Taloudelliset tavoitteet ja tulokset - Senaatti 2020 - yhteiskuntavastuuraportti","og_description":"Koronapandemian vaikutukset talouteen ja toimintaan j\u00e4iv\u00e4t v\u00e4h\u00e4isiksi. Tuimme kertomusvuonna keskisuuria yritysasiakkaitamme my\u00f6nt\u00e4m\u00e4ll\u00e4 vuokranalennuksia","og_url":"https:\/\/www.senaatti.fi\/yhteiskuntavastuuraportti2020\/vuosi-2020\/taloudelliset-tavoitteet-ja-tulokset\/","og_site_name":"Senaatti 2020 - yhteiskuntavastuuraportti","article_modified_time":"2023-10-20T07:47:15+00:00","twitter_card":"summary_large_image","twitter_misc":{"Est. reading time":"3 minutes"},"schema":{"@context":"https:\/\/schema.org","@graph":[{"@type":"WebPage","@id":"https:\/\/www.senaatti.fi\/yhteiskuntavastuuraportti2020\/vuosi-2020\/taloudelliset-tavoitteet-ja-tulokset\/","url":"https:\/\/www.senaatti.fi\/yhteiskuntavastuuraportti2020\/vuosi-2020\/taloudelliset-tavoitteet-ja-tulokset\/","name":"Taloudelliset tavoitteet ja tulokset - Senaatti 2020 - yhteiskuntavastuuraportti","isPartOf":{"@id":"https:\/\/www.senaatti.fi\/yhteiskuntavastuuraportti2020\/#website"},"datePublished":"2018-01-29T10:56:54+00:00","dateModified":"2023-10-20T07:47:15+00:00","description":"Koronapandemian vaikutukset talouteen ja toimintaan j\u00e4iv\u00e4t v\u00e4h\u00e4isiksi. Tuimme kertomusvuonna keskisuuria yritysasiakkaitamme my\u00f6nt\u00e4m\u00e4ll\u00e4 vuokranalennuksia","breadcrumb":{"@id":"https:\/\/www.senaatti.fi\/yhteiskuntavastuuraportti2020\/vuosi-2020\/taloudelliset-tavoitteet-ja-tulokset\/#breadcrumb"},"inLanguage":"en-US","potentialAction":[{"@type":"ReadAction","target":["https:\/\/www.senaatti.fi\/yhteiskuntavastuuraportti2020\/vuosi-2020\/taloudelliset-tavoitteet-ja-tulokset\/"]}]},{"@type":"BreadcrumbList","@id":"https:\/\/www.senaatti.fi\/yhteiskuntavastuuraportti2020\/vuosi-2020\/taloudelliset-tavoitteet-ja-tulokset\/#breadcrumb","itemListElement":[{"@type":"ListItem","position":1,"name":"Home","item":"https:\/\/www.senaatti.fi\/yhteiskuntavastuuraportti2020\/"},{"@type":"ListItem","position":2,"name":"Vuosi 2020","item":"https:\/\/www.senaatti.fi\/yhteiskuntavastuuraportti2020\/vuosi-2020\/"},{"@type":"ListItem","position":3,"name":"Taloudelliset tavoitteet ja tulokset"}]},{"@type":"WebSite","@id":"https:\/\/www.senaatti.fi\/yhteiskuntavastuuraportti2020\/#website","url":"https:\/\/www.senaatti.fi\/yhteiskuntavastuuraportti2020\/","name":"Senaatti 2020 - yhteiskuntavastuuraportti","description":"","potentialAction":[{"@type":"SearchAction","target":{"@type":"EntryPoint","urlTemplate":"https:\/\/www.senaatti.fi\/yhteiskuntavastuuraportti2020\/?s={search_term_string}"},"query-input":{"@type":"PropertyValueSpecification","valueRequired":true,"valueName":"search_term_string"}}],"inLanguage":"en-US"}]}},"_links":{"self":[{"href":"https:\/\/www.senaatti.fi\/yhteiskuntavastuuraportti2020\/wp-json\/wp\/v2\/pages\/11","targetHints":{"allow":["GET"]}}],"collection":[{"href":"https:\/\/www.senaatti.fi\/yhteiskuntavastuuraportti2020\/wp-json\/wp\/v2\/pages"}],"about":[{"href":"https:\/\/www.senaatti.fi\/yhteiskuntavastuuraportti2020\/wp-json\/wp\/v2\/types\/page"}],"author":[{"embeddable":true,"href":"https:\/\/www.senaatti.fi\/yhteiskuntavastuuraportti2020\/wp-json\/wp\/v2\/users\/11"}],"replies":[{"embeddable":true,"href":"https:\/\/www.senaatti.fi\/yhteiskuntavastuuraportti2020\/wp-json\/wp\/v2\/comments?post=11"}],"version-history":[{"count":14,"href":"https:\/\/www.senaatti.fi\/yhteiskuntavastuuraportti2020\/wp-json\/wp\/v2\/pages\/11\/revisions"}],"predecessor-version":[{"id":4510,"href":"https:\/\/www.senaatti.fi\/yhteiskuntavastuuraportti2020\/wp-json\/wp\/v2\/pages\/11\/revisions\/4510"}],"up":[{"embeddable":true,"href":"https:\/\/www.senaatti.fi\/yhteiskuntavastuuraportti2020\/wp-json\/wp\/v2\/pages\/5"}],"wp:attachment":[{"href":"https:\/\/www.senaatti.fi\/yhteiskuntavastuuraportti2020\/wp-json\/wp\/v2\/media?parent=11"}],"curies":[{"name":"wp","href":"https:\/\/api.w.org\/{rel}","templated":true}]}}