{"id":107,"date":"2018-01-29T11:20:30","date_gmt":"2018-01-29T11:20:30","guid":{"rendered":"https:\/\/www.senaatti.fi\/yhteiskuntavastuuraportti2020\/?page_id=107"},"modified":"2021-05-13T06:34:47","modified_gmt":"2021-05-13T06:34:47","slug":"esteettomyys","status":"publish","type":"page","link":"https:\/\/www.senaatti.fi\/yhteiskuntavastuuraportti2020\/vastuullisuus-senaatissa\/tyoymparistot\/esteettomyys\/","title":{"rendered":"Esteett\u00f6myys"},"content":{"rendered":"<figure id=\"attachment_4146\" aria-describedby=\"caption-attachment-4146\" style=\"width: 1280px\" class=\"wp-caption alignnone\"><img loading=\"lazy\" decoding=\"async\" src=\"https:\/\/www.senaatti.fi\/app_ykv_archive\/uploads\/sites\/10\/2021\/03\/Esteettomyys.jpg\" alt=\"Havainnekuva Kansallisarkiston luiskasta.\" class=\"wp-image-4146 size-full\" width=\"1280\" height=\"643\" srcset=\"https:\/\/www.senaatti.fi\/app_ykv_archive\/uploads\/sites\/10\/2021\/03\/Esteettomyys.jpg 1280w, https:\/\/www.senaatti.fi\/app_ykv_archive\/uploads\/sites\/10\/2021\/03\/Esteettomyys-300x151.jpg 300w, https:\/\/www.senaatti.fi\/app_ykv_archive\/uploads\/sites\/10\/2021\/03\/Esteettomyys-1024x514.jpg 1024w, https:\/\/www.senaatti.fi\/app_ykv_archive\/uploads\/sites\/10\/2021\/03\/Esteettomyys-768x386.jpg 768w\" sizes=\"auto, (max-width: 1280px) 100vw, 1280px\" \/><figcaption id=\"caption-attachment-4146\" class=\"wp-caption-text\">Kansallisarkistoon toteutetaan esteet\u00f6n sis\u00e4\u00e4nk\u00e4ynti.<\/figcaption><\/figure>\n<p>Senaatti-kiinteist\u00f6jen tavoitteena on, ett\u00e4 kiinteist\u00f6mme ovat kaikille k\u00e4vij\u00f6ille ja ty\u00f6ntekij\u00f6ille mahdollisimman esteett\u00f6mi\u00e4 ja saavutettavia.<\/p>\n<p>Uudisrakennushankkeissa tavoitteet asetetaan jopa viranomaism\u00e4\u00e4r\u00e4yksi\u00e4 korkeammalle tasolle. Korjausrakentamishankkeiden alussa teetet\u00e4\u00e4n olemassa olevasta kiinteist\u00f6st\u00e4 esteett\u00f6myyskartoitus. My\u00f6s muissa suunnitteluvaiheissa Senaatti suosittelee k\u00e4ytt\u00e4m\u00e4\u00e4n esteett\u00f6myyskonsulttia arvioimassa ratkaisuiden onnistuminen.<\/p>\n<h2>Ministeri\u00f6kampuksen ohjelmallinen esteett\u00f6myysty\u00f6<\/h2>\n<p>Senaatin ja Valtioneuvoston kanslian esteett\u00f6myysty\u00f6ryhm\u00e4 on jatkanut ministeri\u00f6kampuksen rakennusten esteett\u00f6myystarkasteluita. Tulossa olevien korjaushankkeiden yhteydess\u00e4 on pyritty vaikuttamaan siihen, ett\u00e4 samalla toteutettaisiin tarpeelliseksi havaittuja esteett\u00f6myysparannuksia. Muun muassa oikeusministeri\u00f6n rakennuksessa Etel\u00e4esplanadilla tehd\u00e4\u00e4n muiden tilamuutosten yhteydess\u00e4 parannuksia sis\u00e4\u00e4nk\u00e4yntij\u00e4rjestelyihin, jotta py\u00f6r\u00e4tuolilla on mahdollista kulkea tiloihin ja kokouskeskukseen toteutetaan esteet\u00f6n wc.<\/p>\n<p>Vuoden aikana on laadittu ministeri\u00f6iden verkkosivuille kuvailut esteett\u00f6myysratkaisuista sek\u00e4 ker\u00e4tty tietoa kokouskeskusten esteett\u00f6myydest\u00e4.<\/p>\n<h2>Kansallisarkistoon esteet\u00f6n sis\u00e4\u00e4nk\u00e4ynti vuonna 2021<\/h2>\n<p>Kansallisarkistoon on jo pitk\u00e4\u00e4n suunniteltu esteet\u00f6nt\u00e4 sis\u00e4\u00e4nk\u00e4ynti\u00e4, sill\u00e4 arkisto tarjoaa palveluita kaikille kansalaisille. 1970-luvulla tehtiin ratkaisu siirt\u00e4\u00e4 yleis\u00f6n sis\u00e4\u00e4nk\u00e4ynti vanhan p\u00e4\u00e4rakennuksen taakse laajennusosaan, jonne johtavat komeat graniittiportaat.<\/p>\n<p>Parasta ratkaisua on haettu jo monta vuotta. Aluksi suunnitelmissa oli j\u00e4rjest\u00e4\u00e4 hissi maantasosta j\u00e4tehuoneen vierest\u00e4 p\u00e4\u00e4aulaan, mutta t\u00e4m\u00e4 olisi vaatinut melkoisia rakennelmia sin\u00e4ns\u00e4 arvokkaaseen ja hienoon 1970-luvun aulaan.<\/p>\n<p>Uutena ratkaisuna on tutkittua kulkua vanhimman osan eli entisen p\u00e4\u00e4sis\u00e4\u00e4nk\u00e4ynnin kautta. T\u00e4m\u00e4 sis\u00e4\u00e4nk\u00e4ynti on ollut suljettuna yleis\u00f6lt\u00e4 vuosikymmeni\u00e4 ja onkin hienoa, ett\u00e4 se avattaisiin nyt esteett\u00f6m\u00e4n\u00e4 sis\u00e4\u00e4nk\u00e4yntin\u00e4.<\/p>\n<p>Sis\u00e4\u00e4np\u00e4\u00e4sy vaatii uuden luiskan, mik\u00e4 on klassistisen arkkitehtuurin kannalta vaativa suunnitteluteht\u00e4v\u00e4. Arkkitehti Arja Vehanen on laatinut lukuisia vaihtoehtoja eri materiaaleista ja aiheesta on k\u00e4yty monta keskustelua k\u00e4ytt\u00e4jien ja Museoviraston kanssa. Lopulta p\u00e4\u00e4dyttiin graniittiseen luiskaan, joka mukautuu sis\u00e4\u00e4nk\u00e4ynnin graniittiaskelmiin.<\/p>\n<p>Esteet\u00f6n reitti saapuu siis ensin 1892 rakennetun vanhimman osan p\u00e4\u00e4portaikkoon eli vestibyyliin. T\u00e4st\u00e4 kulku jatkuu 1970-luvulla rakennetulle hissille ja hieman hankalaa kiertoreitti\u00e4 vestibyylin parvelle, mist\u00e4 lopulta yleis\u00f6aulaan. Reitti vaatii lukuisia ovenavausj\u00e4rjestelmi\u00e4 ja opastusta, mutta tarjoaa toisaalta hienot n\u00e4kym\u00e4t rakennuksen upeimpaan koristemaalattuun tilaan.<\/p>\n<p>Kansallisarkiston esteet\u00f6n sis\u00e4\u00e4nk\u00e4ynti toteutetaan vuonna 2021.<\/p>\n<h2>Senaatin Sesam-tilat<\/h2>\n<p>Vuoden 2020 aikana toteutettiin Senaatin Lintulahdenkujan kaikille avoimissa Sesam-tiloissa monia esteett\u00f6myysparannuksia. Kaikkiin oviin j\u00e4rjestettiin ovenavausj\u00e4rjestelm\u00e4, opastusta parannettiin ja vessojen varustusta kohennettiin. N\u00e4in Sesamiin voi tulla kuka tahansa valtionhallinnon ty\u00f6ntekij\u00e4 kokeilemaan monitilatoimistossa ty\u00f6skentelemist\u00e4.<\/p>\n<p>&nbsp;<\/p>\n","protected":false},"excerpt":{"rendered":"<p>Senaatti-kiinteist\u00f6jen tavoitteena on, ett\u00e4 kiinteist\u00f6mme ovat kaikille k\u00e4vij\u00f6ille ja ty\u00f6ntekij\u00f6ille mahdollisimman esteett\u00f6mi\u00e4 ja saavutettavia. Uudisrakennushankkeissa tavoitteet asetetaan jopa viranomaism\u00e4\u00e4r\u00e4yksi\u00e4 korkeammalle tasolle. Korjausrakentamishankkeiden alussa teetet\u00e4\u00e4n olemassa olevasta kiinteist\u00f6st\u00e4 esteett\u00f6myyskartoitus. My\u00f6s muissa suunnitteluvaiheissa Senaatti suosittelee k\u00e4ytt\u00e4m\u00e4\u00e4n esteett\u00f6myyskonsulttia arvioimassa ratkaisuiden onnistuminen. Ministeri\u00f6kampuksen ohjelmallinen esteett\u00f6myysty\u00f6 Senaatin ja Valtioneuvoston kanslian esteett\u00f6myysty\u00f6ryhm\u00e4 on jatkanut ministeri\u00f6kampuksen rakennusten esteett\u00f6myystarkasteluita. Tulossa olevien korjaushankkeiden yhteydess\u00e4 [&hellip;]<\/p>\n","protected":false},"author":11,"featured_media":0,"parent":103,"menu_order":4,"comment_status":"closed","ping_status":"closed","template":"","meta":{"_acf_changed":false,"footnotes":""},"class_list":["post-107","page","type-page","status-publish","hentry","senaatti_tsdg-eriarvoisuuden-vahentaminen","senaatti_tsdg-kestavat-kaupungit-ja-yhteisot","senaatti_tsdg-hyva-koulutus"],"acf":[],"yoast_head":"<!-- This site is optimized with the Yoast SEO plugin v23.9 - https:\/\/yoast.com\/wordpress\/plugins\/seo\/ -->\n<title>Esteett\u00f6myys - Senaatti 2020 - yhteiskuntavastuuraportti<\/title>\n<meta name=\"description\" content=\"Senaatti-kiinteist\u00f6jen tavoitteena on, ett\u00e4 kiinteist\u00f6mme ovat kaikille k\u00e4vij\u00f6ille ja ty\u00f6ntekij\u00f6ille mahdollisimman esteett\u00f6mi\u00e4 ja saavutettavia.\" \/>\n<meta name=\"robots\" content=\"index, follow, max-snippet:-1, max-image-preview:large, max-video-preview:-1\" \/>\n<link rel=\"canonical\" href=\"https:\/\/www.senaatti.fi\/yhteiskuntavastuuraportti2020\/vastuullisuus-senaatissa\/tyoymparistot\/esteettomyys\/\" \/>\n<meta property=\"og:locale\" content=\"en_US\" \/>\n<meta property=\"og:type\" content=\"article\" \/>\n<meta property=\"og:title\" content=\"Esteett\u00f6myys - Senaatti 2020 - yhteiskuntavastuuraportti\" \/>\n<meta property=\"og:description\" content=\"Senaatti-kiinteist\u00f6jen tavoitteena on, ett\u00e4 kiinteist\u00f6mme ovat kaikille k\u00e4vij\u00f6ille ja ty\u00f6ntekij\u00f6ille mahdollisimman esteett\u00f6mi\u00e4 ja saavutettavia.\" \/>\n<meta property=\"og:url\" content=\"https:\/\/www.senaatti.fi\/yhteiskuntavastuuraportti2020\/vastuullisuus-senaatissa\/tyoymparistot\/esteettomyys\/\" \/>\n<meta property=\"og:site_name\" content=\"Senaatti 2020 - yhteiskuntavastuuraportti\" \/>\n<meta property=\"article:modified_time\" content=\"2021-05-13T06:34:47+00:00\" \/>\n<meta property=\"og:image\" content=\"https:\/\/www.senaatti.fi\/app_ykv_archive\/uploads\/sites\/10\/2021\/03\/Esteettomyys.jpg\" \/>\n<meta name=\"twitter:card\" content=\"summary_large_image\" \/>\n<meta name=\"twitter:label1\" content=\"Est. reading time\" \/>\n\t<meta name=\"twitter:data1\" content=\"2 minutes\" \/>\n<script type=\"application\/ld+json\" class=\"yoast-schema-graph\">{\"@context\":\"https:\/\/schema.org\",\"@graph\":[{\"@type\":\"WebPage\",\"@id\":\"https:\/\/www.senaatti.fi\/yhteiskuntavastuuraportti2020\/vastuullisuus-senaatissa\/tyoymparistot\/esteettomyys\/\",\"url\":\"https:\/\/www.senaatti.fi\/yhteiskuntavastuuraportti2020\/vastuullisuus-senaatissa\/tyoymparistot\/esteettomyys\/\",\"name\":\"Esteett\u00f6myys - Senaatti 2020 - yhteiskuntavastuuraportti\",\"isPartOf\":{\"@id\":\"https:\/\/www.senaatti.fi\/yhteiskuntavastuuraportti2020\/#website\"},\"primaryImageOfPage\":{\"@id\":\"https:\/\/www.senaatti.fi\/yhteiskuntavastuuraportti2020\/vastuullisuus-senaatissa\/tyoymparistot\/esteettomyys\/#primaryimage\"},\"image\":{\"@id\":\"https:\/\/www.senaatti.fi\/yhteiskuntavastuuraportti2020\/vastuullisuus-senaatissa\/tyoymparistot\/esteettomyys\/#primaryimage\"},\"thumbnailUrl\":\"https:\/\/www.senaatti.fi\/app_ykv_archive\/uploads\/sites\/10\/2021\/03\/Esteettomyys.jpg\",\"datePublished\":\"2018-01-29T11:20:30+00:00\",\"dateModified\":\"2021-05-13T06:34:47+00:00\",\"description\":\"Senaatti-kiinteist\u00f6jen tavoitteena on, ett\u00e4 kiinteist\u00f6mme ovat kaikille k\u00e4vij\u00f6ille ja ty\u00f6ntekij\u00f6ille mahdollisimman esteett\u00f6mi\u00e4 ja saavutettavia.\",\"breadcrumb\":{\"@id\":\"https:\/\/www.senaatti.fi\/yhteiskuntavastuuraportti2020\/vastuullisuus-senaatissa\/tyoymparistot\/esteettomyys\/#breadcrumb\"},\"inLanguage\":\"en-US\",\"potentialAction\":[{\"@type\":\"ReadAction\",\"target\":[\"https:\/\/www.senaatti.fi\/yhteiskuntavastuuraportti2020\/vastuullisuus-senaatissa\/tyoymparistot\/esteettomyys\/\"]}]},{\"@type\":\"ImageObject\",\"inLanguage\":\"en-US\",\"@id\":\"https:\/\/www.senaatti.fi\/yhteiskuntavastuuraportti2020\/vastuullisuus-senaatissa\/tyoymparistot\/esteettomyys\/#primaryimage\",\"url\":\"https:\/\/www.senaatti.fi\/app_ykv_archive\/uploads\/sites\/10\/2021\/03\/Esteettomyys.jpg\",\"contentUrl\":\"https:\/\/www.senaatti.fi\/app_ykv_archive\/uploads\/sites\/10\/2021\/03\/Esteettomyys.jpg\"},{\"@type\":\"BreadcrumbList\",\"@id\":\"https:\/\/www.senaatti.fi\/yhteiskuntavastuuraportti2020\/vastuullisuus-senaatissa\/tyoymparistot\/esteettomyys\/#breadcrumb\",\"itemListElement\":[{\"@type\":\"ListItem\",\"position\":1,\"name\":\"Home\",\"item\":\"https:\/\/www.senaatti.fi\/yhteiskuntavastuuraportti2020\/\"},{\"@type\":\"ListItem\",\"position\":2,\"name\":\"Vastuullisuus Senaatissa\",\"item\":\"https:\/\/www.senaatti.fi\/yhteiskuntavastuuraportti2020\/vastuullisuus-senaatissa\/\"},{\"@type\":\"ListItem\",\"position\":3,\"name\":\"Ty\u00f6ymp\u00e4rist\u00f6t\",\"item\":\"https:\/\/www.senaatti.fi\/yhteiskuntavastuuraportti2020\/vastuullisuus-senaatissa\/tyoymparistot\/\"},{\"@type\":\"ListItem\",\"position\":4,\"name\":\"Esteett\u00f6myys\"}]},{\"@type\":\"WebSite\",\"@id\":\"https:\/\/www.senaatti.fi\/yhteiskuntavastuuraportti2020\/#website\",\"url\":\"https:\/\/www.senaatti.fi\/yhteiskuntavastuuraportti2020\/\",\"name\":\"Senaatti 2020 - yhteiskuntavastuuraportti\",\"description\":\"\",\"potentialAction\":[{\"@type\":\"SearchAction\",\"target\":{\"@type\":\"EntryPoint\",\"urlTemplate\":\"https:\/\/www.senaatti.fi\/yhteiskuntavastuuraportti2020\/?s={search_term_string}\"},\"query-input\":{\"@type\":\"PropertyValueSpecification\",\"valueRequired\":true,\"valueName\":\"search_term_string\"}}],\"inLanguage\":\"en-US\"}]}<\/script>\n<!-- \/ Yoast SEO plugin. -->","yoast_head_json":{"title":"Esteett\u00f6myys - Senaatti 2020 - yhteiskuntavastuuraportti","description":"Senaatti-kiinteist\u00f6jen tavoitteena on, ett\u00e4 kiinteist\u00f6mme ovat kaikille k\u00e4vij\u00f6ille ja ty\u00f6ntekij\u00f6ille mahdollisimman esteett\u00f6mi\u00e4 ja saavutettavia.","robots":{"index":"index","follow":"follow","max-snippet":"max-snippet:-1","max-image-preview":"max-image-preview:large","max-video-preview":"max-video-preview:-1"},"canonical":"https:\/\/www.senaatti.fi\/yhteiskuntavastuuraportti2020\/vastuullisuus-senaatissa\/tyoymparistot\/esteettomyys\/","og_locale":"en_US","og_type":"article","og_title":"Esteett\u00f6myys - Senaatti 2020 - yhteiskuntavastuuraportti","og_description":"Senaatti-kiinteist\u00f6jen tavoitteena on, ett\u00e4 kiinteist\u00f6mme ovat kaikille k\u00e4vij\u00f6ille ja ty\u00f6ntekij\u00f6ille mahdollisimman esteett\u00f6mi\u00e4 ja saavutettavia.","og_url":"https:\/\/www.senaatti.fi\/yhteiskuntavastuuraportti2020\/vastuullisuus-senaatissa\/tyoymparistot\/esteettomyys\/","og_site_name":"Senaatti 2020 - yhteiskuntavastuuraportti","article_modified_time":"2021-05-13T06:34:47+00:00","og_image":[{"url":"https:\/\/www.senaatti.fi\/app_ykv_archive\/uploads\/sites\/10\/2021\/03\/Esteettomyys.jpg"}],"twitter_card":"summary_large_image","twitter_misc":{"Est. reading time":"2 minutes"},"schema":{"@context":"https:\/\/schema.org","@graph":[{"@type":"WebPage","@id":"https:\/\/www.senaatti.fi\/yhteiskuntavastuuraportti2020\/vastuullisuus-senaatissa\/tyoymparistot\/esteettomyys\/","url":"https:\/\/www.senaatti.fi\/yhteiskuntavastuuraportti2020\/vastuullisuus-senaatissa\/tyoymparistot\/esteettomyys\/","name":"Esteett\u00f6myys - Senaatti 2020 - yhteiskuntavastuuraportti","isPartOf":{"@id":"https:\/\/www.senaatti.fi\/yhteiskuntavastuuraportti2020\/#website"},"primaryImageOfPage":{"@id":"https:\/\/www.senaatti.fi\/yhteiskuntavastuuraportti2020\/vastuullisuus-senaatissa\/tyoymparistot\/esteettomyys\/#primaryimage"},"image":{"@id":"https:\/\/www.senaatti.fi\/yhteiskuntavastuuraportti2020\/vastuullisuus-senaatissa\/tyoymparistot\/esteettomyys\/#primaryimage"},"thumbnailUrl":"https:\/\/www.senaatti.fi\/app_ykv_archive\/uploads\/sites\/10\/2021\/03\/Esteettomyys.jpg","datePublished":"2018-01-29T11:20:30+00:00","dateModified":"2021-05-13T06:34:47+00:00","description":"Senaatti-kiinteist\u00f6jen tavoitteena on, ett\u00e4 kiinteist\u00f6mme ovat kaikille k\u00e4vij\u00f6ille ja ty\u00f6ntekij\u00f6ille mahdollisimman esteett\u00f6mi\u00e4 ja saavutettavia.","breadcrumb":{"@id":"https:\/\/www.senaatti.fi\/yhteiskuntavastuuraportti2020\/vastuullisuus-senaatissa\/tyoymparistot\/esteettomyys\/#breadcrumb"},"inLanguage":"en-US","potentialAction":[{"@type":"ReadAction","target":["https:\/\/www.senaatti.fi\/yhteiskuntavastuuraportti2020\/vastuullisuus-senaatissa\/tyoymparistot\/esteettomyys\/"]}]},{"@type":"ImageObject","inLanguage":"en-US","@id":"https:\/\/www.senaatti.fi\/yhteiskuntavastuuraportti2020\/vastuullisuus-senaatissa\/tyoymparistot\/esteettomyys\/#primaryimage","url":"https:\/\/www.senaatti.fi\/app_ykv_archive\/uploads\/sites\/10\/2021\/03\/Esteettomyys.jpg","contentUrl":"https:\/\/www.senaatti.fi\/app_ykv_archive\/uploads\/sites\/10\/2021\/03\/Esteettomyys.jpg"},{"@type":"BreadcrumbList","@id":"https:\/\/www.senaatti.fi\/yhteiskuntavastuuraportti2020\/vastuullisuus-senaatissa\/tyoymparistot\/esteettomyys\/#breadcrumb","itemListElement":[{"@type":"ListItem","position":1,"name":"Home","item":"https:\/\/www.senaatti.fi\/yhteiskuntavastuuraportti2020\/"},{"@type":"ListItem","position":2,"name":"Vastuullisuus Senaatissa","item":"https:\/\/www.senaatti.fi\/yhteiskuntavastuuraportti2020\/vastuullisuus-senaatissa\/"},{"@type":"ListItem","position":3,"name":"Ty\u00f6ymp\u00e4rist\u00f6t","item":"https:\/\/www.senaatti.fi\/yhteiskuntavastuuraportti2020\/vastuullisuus-senaatissa\/tyoymparistot\/"},{"@type":"ListItem","position":4,"name":"Esteett\u00f6myys"}]},{"@type":"WebSite","@id":"https:\/\/www.senaatti.fi\/yhteiskuntavastuuraportti2020\/#website","url":"https:\/\/www.senaatti.fi\/yhteiskuntavastuuraportti2020\/","name":"Senaatti 2020 - yhteiskuntavastuuraportti","description":"","potentialAction":[{"@type":"SearchAction","target":{"@type":"EntryPoint","urlTemplate":"https:\/\/www.senaatti.fi\/yhteiskuntavastuuraportti2020\/?s={search_term_string}"},"query-input":{"@type":"PropertyValueSpecification","valueRequired":true,"valueName":"search_term_string"}}],"inLanguage":"en-US"}]}},"_links":{"self":[{"href":"https:\/\/www.senaatti.fi\/yhteiskuntavastuuraportti2020\/wp-json\/wp\/v2\/pages\/107","targetHints":{"allow":["GET"]}}],"collection":[{"href":"https:\/\/www.senaatti.fi\/yhteiskuntavastuuraportti2020\/wp-json\/wp\/v2\/pages"}],"about":[{"href":"https:\/\/www.senaatti.fi\/yhteiskuntavastuuraportti2020\/wp-json\/wp\/v2\/types\/page"}],"author":[{"embeddable":true,"href":"https:\/\/www.senaatti.fi\/yhteiskuntavastuuraportti2020\/wp-json\/wp\/v2\/users\/11"}],"replies":[{"embeddable":true,"href":"https:\/\/www.senaatti.fi\/yhteiskuntavastuuraportti2020\/wp-json\/wp\/v2\/comments?post=107"}],"version-history":[{"count":11,"href":"https:\/\/www.senaatti.fi\/yhteiskuntavastuuraportti2020\/wp-json\/wp\/v2\/pages\/107\/revisions"}],"predecessor-version":[{"id":4479,"href":"https:\/\/www.senaatti.fi\/yhteiskuntavastuuraportti2020\/wp-json\/wp\/v2\/pages\/107\/revisions\/4479"}],"up":[{"embeddable":true,"href":"https:\/\/www.senaatti.fi\/yhteiskuntavastuuraportti2020\/wp-json\/wp\/v2\/pages\/103"}],"wp:attachment":[{"href":"https:\/\/www.senaatti.fi\/yhteiskuntavastuuraportti2020\/wp-json\/wp\/v2\/media?parent=107"}],"curies":[{"name":"wp","href":"https:\/\/api.w.org\/{rel}","templated":true}]}}