{"id":7,"date":"2018-01-29T10:56:28","date_gmt":"2018-01-29T10:56:28","guid":{"rendered":"https:\/\/www.senaatti.fi\/yhteiskuntavastuuraportti2018\/?page_id=7"},"modified":"2019-03-18T15:55:56","modified_gmt":"2019-03-18T15:55:56","slug":"toimitusjohtajan-katsaus","status":"publish","type":"page","link":"https:\/\/www.senaatti.fi\/yhteiskuntavastuuraportti2018\/vuosi-2018\/toimitusjohtajan-katsaus\/","title":{"rendered":"Toimitusjohtajan katsaus"},"content":{"rendered":"<p><img loading=\"lazy\" decoding=\"async\" class=\"size-large wp-image-1534 alignnone\" src=\"https:\/\/www.senaatti.fi\/app_ykv_archive\/uploads\/sites\/7\/2019\/03\/Sarjo-1024x605.jpg\" alt=\"\" width=\"1024\" height=\"605\" srcset=\"https:\/\/www.senaatti.fi\/app_ykv_archive\/uploads\/sites\/7\/2019\/03\/Sarjo-1024x605.jpg 1024w, https:\/\/www.senaatti.fi\/app_ykv_archive\/uploads\/sites\/7\/2019\/03\/Sarjo-300x177.jpg 300w, https:\/\/www.senaatti.fi\/app_ykv_archive\/uploads\/sites\/7\/2019\/03\/Sarjo-768x454.jpg 768w, https:\/\/www.senaatti.fi\/app_ykv_archive\/uploads\/sites\/7\/2019\/03\/Sarjo-1600x945.jpg 1600w, https:\/\/www.senaatti.fi\/app_ykv_archive\/uploads\/sites\/7\/2019\/03\/Sarjo.jpg 2200w\" sizes=\"auto, (max-width: 1024px) 100vw, 1024px\" \/><\/p>\n<blockquote><p>Taakse j\u00e4\u00e4nyt vuosi oli meille senaattilaisille hienojen onnistumisten ja ennen kaikkea yhdess\u00e4 tekemisen vuosi.<\/p><\/blockquote>\n<p>Suuri yhteinen ponnistuksemme oli uuden strategian laatiminen, johon henkil\u00f6st\u00f6mme osallistui poikkeuksellisen laajasti ja innokkaasti.\u00a0 Uuden kehitt\u00e4misen rinnalla huolehdimme asetettujen, niin suurempien kuin pienempienkin tavoitteiden toteuttamisesta. Ja niiss\u00e4 totisesti onnistuimmekin. T\u00e4ht\u00e4imess\u00e4mme ollut valtionhallinnon ty\u00f6nteon tapojen uudistaminen kantaa jo hedelm\u00e4\u00e4, sill\u00e4 tietoty\u00f6n tuottavuus on tutkitusti parantunut selv\u00e4sti.<\/p>\n<p>Samalla olemme saavuttaneet halutut toimitilakustannuss\u00e4\u00e4st\u00f6t huomattavasti etuajassa ja myyneet valtiolle tarpeettomia kiinteist\u00f6j\u00e4 tavoiteltua enemm\u00e4n. Valtion tiukka talouslinja tarkoittaa, ett\u00e4 tarve toimitilojen kustannustehokkuudelle ja s\u00e4\u00e4st\u00f6ille jatkuu my\u00f6s tulevalla strategiakaudella.<\/p>\n<h3>Laitoimme nollatoleranssin sis\u00e4olosuhdeongelmille<\/h3>\n<p>Haluamme olla vastuullinen kiinteist\u00f6- ja rakennustoimialan suunnann\u00e4ytt\u00e4j\u00e4 ja nostimme uudessa strategiassamme keski\u00f6\u00f6n nollatoleranssin kiinteist\u00f6jen sis\u00e4olosuhdeongelmille. Toimimme sis\u00e4olosuhteisiin liittyviss\u00e4 asioissa ennaltaehk\u00e4isev\u00e4sti esimerkiksi ennakoivien rakennuskatsastusten avulla, ja ongelmatilanteisiin tartumme nopeasti ja voimakkaasti. Nollatoleranssi tarkoittaa meille my\u00f6s isoa taloudellista panostusta.<\/p>\n<p>Valtion kiinteist\u00f6kanta on yleisesti katsottuna paremmassa kunnossa kuin esimerkiksi kuntien, mutta tiettyin\u00e4 aikakausina rakennetuissa kiinteist\u00f6iss\u00e4 sis\u00e4olosuhdekysymykset ovat nousseet selv\u00e4sti esille. Teknisten ratkaisujen ja taloudellisten panostusten rinnalla koemme t\u00e4rke\u00e4ksi my\u00f6s yleisen stigman poistamisen sis\u00e4olosuhteiden ymp\u00e4rilt\u00e4.\u00a0 Sis\u00e4ilmakeskustelu on hyvin tulehtunutta ja rakennukseen j\u00e4\u00e4 helposti pysyv\u00e4 leima. Ongelma on hyvin suomalainen.<\/p>\n<blockquote><p>Haluammekin lis\u00e4t\u00e4 avointa yhteiskunnallista keskustelua rakennusten sis\u00e4olosuhteista ja muuttaa keskusteluilmapiirin rakentavaksi ja ratkaisuja yhdess\u00e4 hakevaksi.<\/p><\/blockquote>\n<h3>Teht\u00e4v\u00e4mme on auttaa asiakkaitamme onnistumaan<\/h3>\n<p>Meille on ollut t\u00e4rke\u00e4\u00e4 tunnistaa Senaatin yhteiskunnallisen roolin nopea muutos liiketaloudellisesta voiton tavoittelusta valtion sis\u00e4iseksi palvelukeskukseksi. Teht\u00e4v\u00e4n\u00e4mme on ennen kaikkea tuottaa hy\u00f6tyj\u00e4 asiakkaillemme, ja t\u00e4m\u00e4n sis\u00e4ist\u00e4minen vaatii my\u00f6s meill\u00e4 Senaatissa ajatusty\u00f6t\u00e4.<\/p>\n<p>Nostimme asiakkaan entist\u00e4 tarkemman kuuntelun yhdeksi strategiamme tavoitteista. Vastamme valtion ty\u00f6ymp\u00e4rist\u00f6ist\u00e4 ja toimitiloista, siksi meid\u00e4n erityisen\u00e4 vastuunamme on auttaa heit\u00e4 onnistumaan.<\/p>\n<p>,Voimme omilla toimillamme vaikuttaa merkitt\u00e4v\u00e4sti asiakkaidemme suorituskykyyn, kiinteist\u00f6taloudellisiin tuloksiin ja terveyskustannuksiin kehitt\u00e4m\u00e4ll\u00e4 tilojen toiminnallisuutta ja turvallisuutta. Ja siin\u00e4 onnistumme vain, kun kuuntelemme tarkasti asiakkaitamme.<\/p>\n<p>Toimintamme ja palvelumme ovat laajentuneet viime vuosina asiakkaiden tarpeiden my\u00f6t\u00e4. Tilojen toimivuuden lis\u00e4ksi huolehdimme ty\u00f6ymp\u00e4rist\u00f6jen kokonaisturvallisuudesta ja uusien turvallisuuteen liittyvien palveluidemme kysynt\u00e4 onkin kasvanut voimakkaasti. Lis\u00e4ksi viime vuonna perustettiin Senaatin Asema-alueet Oy, johon keskitet\u00e4\u00e4n juna-asemien l\u00e4heisyydess\u00e4 sijaitsevat valtion maaomistukset. Uuden tyt\u00e4ryhti\u00f6mme t\u00e4rkeimp\u00e4n\u00e4 teht\u00e4v\u00e4n\u00e4 on edist\u00e4\u00e4 yhteisty\u00f6ss\u00e4 kaupunkien ja kuntien kanssa kest\u00e4v\u00e4\u00e4 kaupunkikehityst\u00e4 ja sujuvien matkaketjujen syntymist\u00e4.<\/p>\n<h3>Investoinnit vaikuttavat muuallekin kuin seiniin<\/h3>\n<p>Kiinteist\u00f6ihin ja toimitiloihin teht\u00e4v\u00e4t investoinnit n\u00e4hd\u00e4\u00e4n valitettavan usein pelkk\u00e4n\u00e4 kuluer\u00e4n\u00e4, joiden takaisinmaksusta ei ole taetta. Haluamme nostaa entist\u00e4 paremmin esille investointien vaikuttavuuden arvioinnin, jolloin investoinnit n\u00e4ht\u00e4isiin mahdollisuutena vaikuttaa merkitt\u00e4v\u00e4sti asiakkaan toimintaan, eik\u00e4 pelk\u00e4st\u00e4\u00e4n taloteknisin\u00e4 toimenpitein\u00e4.<\/p>\n<p>Pystymme jo nyt laskemaan investointien vaikuttavuutta, ja positiiviset vaikutukset n\u00e4kyv\u00e4t esimerkiksi ty\u00f6nteon uusina tapoina, uudenlaisten toimintojen ja konseptien k\u00e4ytt\u00f6\u00f6nottoina sek\u00e4 tilakustannusten laskuna ja myyntituloina. Olemme toteuttaneet yhdess\u00e4 asiakkaidemme kanssa merkitt\u00e4vi\u00e4 tilojen toiminnallisuuden parannuksia muun muassa vankiloissa ja puolustusvoimissa, joissa investoinnit maksavat itsens\u00e4 yhteiskunnalle takaisin s\u00e4\u00e4st\u00f6jen kautta hyvin nopeasti.<\/p>\n<p>Investoinnit ovat my\u00f6s t\u00e4rke\u00e4 keino torjua ilmastonmuutosta. Tunnistamalla ja kehitt\u00e4m\u00e4ll\u00e4 tehottomassa k\u00e4yt\u00f6ss\u00e4 olevia valtion tiloja, jotka eiv\u00e4t tue nykyist\u00e4 teht\u00e4v\u00e4\u00e4, voimme saada merkitt\u00e4vi\u00e4 s\u00e4\u00e4st\u00f6j\u00e4 ja muutoksia aikaan, niin tilojen energiankulutuksissa kuin niiden tehokkaassa k\u00e4yt\u00f6ss\u00e4.<\/p>\n<p><em>Kiitos asiakkaillemme hyv\u00e4st\u00e4 yhteisty\u00f6st\u00e4 ja ennakkoluulottomasta uuden kokeilusta. Kiitos jokaiselle ty\u00f6ntekij\u00e4llemme \u2013 ilman senaattilaisten innostusta, halua kehitty\u00e4 sek\u00e4 osallistumisen paloa emme olisi onnistuneet.<\/em><\/p>\n<p>Jari Sarjo<\/p>\n<p>&nbsp;<\/p>\n<p>&nbsp;<\/p>\n<p>&nbsp;<\/p>\n<p>&nbsp;<\/p>\n","protected":false},"excerpt":{"rendered":"<p>Taakse j\u00e4\u00e4nyt vuosi oli meille senaattilaisille hienojen onnistumisten ja ennen kaikkea yhdess\u00e4 tekemisen vuosi. Suuri yhteinen ponnistuksemme oli uuden strategian laatiminen, johon henkil\u00f6st\u00f6mme osallistui poikkeuksellisen laajasti ja innokkaasti.\u00a0 Uuden kehitt\u00e4misen rinnalla huolehdimme asetettujen, niin suurempien kuin pienempienkin tavoitteiden toteuttamisesta. Ja niiss\u00e4 totisesti onnistuimmekin. T\u00e4ht\u00e4imess\u00e4mme ollut valtionhallinnon ty\u00f6nteon tapojen uudistaminen kantaa jo hedelm\u00e4\u00e4, sill\u00e4 tietoty\u00f6n tuottavuus [&hellip;]<\/p>\n","protected":false},"author":11,"featured_media":0,"parent":5,"menu_order":1,"comment_status":"closed","ping_status":"closed","template":"","meta":{"_acf_changed":false,"footnotes":""},"class_list":["post-7","page","type-page","status-publish","hentry"],"acf":[],"yoast_head":"<!-- This site is optimized with the Yoast SEO plugin v23.9 - https:\/\/yoast.com\/wordpress\/plugins\/seo\/ -->\n<title>Toimitusjohtajan katsaus - Yhteiskuntavastuuraportti 2018<\/title>\n<meta name=\"robots\" content=\"index, follow, max-snippet:-1, max-image-preview:large, max-video-preview:-1\" \/>\n<link rel=\"canonical\" href=\"https:\/\/www.senaatti.fi\/yhteiskuntavastuuraportti2018\/vuosi-2018\/toimitusjohtajan-katsaus\/\" \/>\n<meta property=\"og:locale\" content=\"en_US\" \/>\n<meta property=\"og:type\" content=\"article\" \/>\n<meta property=\"og:title\" content=\"Toimitusjohtajan katsaus - Yhteiskuntavastuuraportti 2018\" \/>\n<meta property=\"og:description\" content=\"Taakse j\u00e4\u00e4nyt vuosi oli meille senaattilaisille hienojen onnistumisten ja ennen kaikkea yhdess\u00e4 tekemisen vuosi. Suuri yhteinen ponnistuksemme oli uuden strategian laatiminen, johon henkil\u00f6st\u00f6mme osallistui poikkeuksellisen laajasti ja innokkaasti.\u00a0 Uuden kehitt\u00e4misen rinnalla huolehdimme asetettujen, niin suurempien kuin pienempienkin tavoitteiden toteuttamisesta. Ja niiss\u00e4 totisesti onnistuimmekin. T\u00e4ht\u00e4imess\u00e4mme ollut valtionhallinnon ty\u00f6nteon tapojen uudistaminen kantaa jo hedelm\u00e4\u00e4, sill\u00e4 tietoty\u00f6n tuottavuus [&hellip;]\" \/>\n<meta property=\"og:url\" content=\"https:\/\/www.senaatti.fi\/yhteiskuntavastuuraportti2018\/vuosi-2018\/toimitusjohtajan-katsaus\/\" \/>\n<meta property=\"og:site_name\" content=\"Yhteiskuntavastuuraportti 2018\" \/>\n<meta property=\"article:modified_time\" content=\"2019-03-18T15:55:56+00:00\" \/>\n<meta property=\"og:image\" content=\"https:\/\/www.senaatti.fi\/app_ykv_archive\/uploads\/sites\/7\/2019\/03\/Sarjo-1024x605.jpg\" \/>\n<meta name=\"twitter:card\" content=\"summary_large_image\" \/>\n<meta name=\"twitter:label1\" content=\"Est. reading time\" \/>\n\t<meta name=\"twitter:data1\" content=\"3 minutes\" \/>\n<script type=\"application\/ld+json\" class=\"yoast-schema-graph\">{\"@context\":\"https:\/\/schema.org\",\"@graph\":[{\"@type\":\"WebPage\",\"@id\":\"https:\/\/www.senaatti.fi\/yhteiskuntavastuuraportti2018\/vuosi-2018\/toimitusjohtajan-katsaus\/\",\"url\":\"https:\/\/www.senaatti.fi\/yhteiskuntavastuuraportti2018\/vuosi-2018\/toimitusjohtajan-katsaus\/\",\"name\":\"Toimitusjohtajan katsaus - Yhteiskuntavastuuraportti 2018\",\"isPartOf\":{\"@id\":\"https:\/\/www.senaatti.fi\/yhteiskuntavastuuraportti2018\/#website\"},\"primaryImageOfPage\":{\"@id\":\"https:\/\/www.senaatti.fi\/yhteiskuntavastuuraportti2018\/vuosi-2018\/toimitusjohtajan-katsaus\/#primaryimage\"},\"image\":{\"@id\":\"https:\/\/www.senaatti.fi\/yhteiskuntavastuuraportti2018\/vuosi-2018\/toimitusjohtajan-katsaus\/#primaryimage\"},\"thumbnailUrl\":\"https:\/\/www.senaatti.fi\/app_ykv_archive\/uploads\/sites\/7\/2019\/03\/Sarjo-1024x605.jpg\",\"datePublished\":\"2018-01-29T10:56:28+00:00\",\"dateModified\":\"2019-03-18T15:55:56+00:00\",\"breadcrumb\":{\"@id\":\"https:\/\/www.senaatti.fi\/yhteiskuntavastuuraportti2018\/vuosi-2018\/toimitusjohtajan-katsaus\/#breadcrumb\"},\"inLanguage\":\"en-US\",\"potentialAction\":[{\"@type\":\"ReadAction\",\"target\":[\"https:\/\/www.senaatti.fi\/yhteiskuntavastuuraportti2018\/vuosi-2018\/toimitusjohtajan-katsaus\/\"]}]},{\"@type\":\"ImageObject\",\"inLanguage\":\"en-US\",\"@id\":\"https:\/\/www.senaatti.fi\/yhteiskuntavastuuraportti2018\/vuosi-2018\/toimitusjohtajan-katsaus\/#primaryimage\",\"url\":\"https:\/\/www.senaatti.fi\/app_ykv_archive\/uploads\/sites\/7\/2019\/03\/Sarjo-1024x605.jpg\",\"contentUrl\":\"https:\/\/www.senaatti.fi\/app_ykv_archive\/uploads\/sites\/7\/2019\/03\/Sarjo-1024x605.jpg\"},{\"@type\":\"BreadcrumbList\",\"@id\":\"https:\/\/www.senaatti.fi\/yhteiskuntavastuuraportti2018\/vuosi-2018\/toimitusjohtajan-katsaus\/#breadcrumb\",\"itemListElement\":[{\"@type\":\"ListItem\",\"position\":1,\"name\":\"Home\",\"item\":\"https:\/\/www.senaatti.fi\/yhteiskuntavastuuraportti2018\/\"},{\"@type\":\"ListItem\",\"position\":2,\"name\":\"Vuosi 2018\",\"item\":\"https:\/\/www.senaatti.fi\/yhteiskuntavastuuraportti2018\/vuosi-2018\/\"},{\"@type\":\"ListItem\",\"position\":3,\"name\":\"Toimitusjohtajan katsaus\"}]},{\"@type\":\"WebSite\",\"@id\":\"https:\/\/www.senaatti.fi\/yhteiskuntavastuuraportti2018\/#website\",\"url\":\"https:\/\/www.senaatti.fi\/yhteiskuntavastuuraportti2018\/\",\"name\":\"Yhteiskuntavastuuraportti 2018\",\"description\":\"\",\"potentialAction\":[{\"@type\":\"SearchAction\",\"target\":{\"@type\":\"EntryPoint\",\"urlTemplate\":\"https:\/\/www.senaatti.fi\/yhteiskuntavastuuraportti2018\/?s={search_term_string}\"},\"query-input\":{\"@type\":\"PropertyValueSpecification\",\"valueRequired\":true,\"valueName\":\"search_term_string\"}}],\"inLanguage\":\"en-US\"}]}<\/script>\n<!-- \/ Yoast SEO plugin. -->","yoast_head_json":{"title":"Toimitusjohtajan katsaus - Yhteiskuntavastuuraportti 2018","robots":{"index":"index","follow":"follow","max-snippet":"max-snippet:-1","max-image-preview":"max-image-preview:large","max-video-preview":"max-video-preview:-1"},"canonical":"https:\/\/www.senaatti.fi\/yhteiskuntavastuuraportti2018\/vuosi-2018\/toimitusjohtajan-katsaus\/","og_locale":"en_US","og_type":"article","og_title":"Toimitusjohtajan katsaus - Yhteiskuntavastuuraportti 2018","og_description":"Taakse j\u00e4\u00e4nyt vuosi oli meille senaattilaisille hienojen onnistumisten ja ennen kaikkea yhdess\u00e4 tekemisen vuosi. Suuri yhteinen ponnistuksemme oli uuden strategian laatiminen, johon henkil\u00f6st\u00f6mme osallistui poikkeuksellisen laajasti ja innokkaasti.\u00a0 Uuden kehitt\u00e4misen rinnalla huolehdimme asetettujen, niin suurempien kuin pienempienkin tavoitteiden toteuttamisesta. Ja niiss\u00e4 totisesti onnistuimmekin. T\u00e4ht\u00e4imess\u00e4mme ollut valtionhallinnon ty\u00f6nteon tapojen uudistaminen kantaa jo hedelm\u00e4\u00e4, sill\u00e4 tietoty\u00f6n tuottavuus [&hellip;]","og_url":"https:\/\/www.senaatti.fi\/yhteiskuntavastuuraportti2018\/vuosi-2018\/toimitusjohtajan-katsaus\/","og_site_name":"Yhteiskuntavastuuraportti 2018","article_modified_time":"2019-03-18T15:55:56+00:00","og_image":[{"url":"https:\/\/www.senaatti.fi\/app_ykv_archive\/uploads\/sites\/7\/2019\/03\/Sarjo-1024x605.jpg"}],"twitter_card":"summary_large_image","twitter_misc":{"Est. reading time":"3 minutes"},"schema":{"@context":"https:\/\/schema.org","@graph":[{"@type":"WebPage","@id":"https:\/\/www.senaatti.fi\/yhteiskuntavastuuraportti2018\/vuosi-2018\/toimitusjohtajan-katsaus\/","url":"https:\/\/www.senaatti.fi\/yhteiskuntavastuuraportti2018\/vuosi-2018\/toimitusjohtajan-katsaus\/","name":"Toimitusjohtajan katsaus - Yhteiskuntavastuuraportti 2018","isPartOf":{"@id":"https:\/\/www.senaatti.fi\/yhteiskuntavastuuraportti2018\/#website"},"primaryImageOfPage":{"@id":"https:\/\/www.senaatti.fi\/yhteiskuntavastuuraportti2018\/vuosi-2018\/toimitusjohtajan-katsaus\/#primaryimage"},"image":{"@id":"https:\/\/www.senaatti.fi\/yhteiskuntavastuuraportti2018\/vuosi-2018\/toimitusjohtajan-katsaus\/#primaryimage"},"thumbnailUrl":"https:\/\/www.senaatti.fi\/app_ykv_archive\/uploads\/sites\/7\/2019\/03\/Sarjo-1024x605.jpg","datePublished":"2018-01-29T10:56:28+00:00","dateModified":"2019-03-18T15:55:56+00:00","breadcrumb":{"@id":"https:\/\/www.senaatti.fi\/yhteiskuntavastuuraportti2018\/vuosi-2018\/toimitusjohtajan-katsaus\/#breadcrumb"},"inLanguage":"en-US","potentialAction":[{"@type":"ReadAction","target":["https:\/\/www.senaatti.fi\/yhteiskuntavastuuraportti2018\/vuosi-2018\/toimitusjohtajan-katsaus\/"]}]},{"@type":"ImageObject","inLanguage":"en-US","@id":"https:\/\/www.senaatti.fi\/yhteiskuntavastuuraportti2018\/vuosi-2018\/toimitusjohtajan-katsaus\/#primaryimage","url":"https:\/\/www.senaatti.fi\/app_ykv_archive\/uploads\/sites\/7\/2019\/03\/Sarjo-1024x605.jpg","contentUrl":"https:\/\/www.senaatti.fi\/app_ykv_archive\/uploads\/sites\/7\/2019\/03\/Sarjo-1024x605.jpg"},{"@type":"BreadcrumbList","@id":"https:\/\/www.senaatti.fi\/yhteiskuntavastuuraportti2018\/vuosi-2018\/toimitusjohtajan-katsaus\/#breadcrumb","itemListElement":[{"@type":"ListItem","position":1,"name":"Home","item":"https:\/\/www.senaatti.fi\/yhteiskuntavastuuraportti2018\/"},{"@type":"ListItem","position":2,"name":"Vuosi 2018","item":"https:\/\/www.senaatti.fi\/yhteiskuntavastuuraportti2018\/vuosi-2018\/"},{"@type":"ListItem","position":3,"name":"Toimitusjohtajan katsaus"}]},{"@type":"WebSite","@id":"https:\/\/www.senaatti.fi\/yhteiskuntavastuuraportti2018\/#website","url":"https:\/\/www.senaatti.fi\/yhteiskuntavastuuraportti2018\/","name":"Yhteiskuntavastuuraportti 2018","description":"","potentialAction":[{"@type":"SearchAction","target":{"@type":"EntryPoint","urlTemplate":"https:\/\/www.senaatti.fi\/yhteiskuntavastuuraportti2018\/?s={search_term_string}"},"query-input":{"@type":"PropertyValueSpecification","valueRequired":true,"valueName":"search_term_string"}}],"inLanguage":"en-US"}]}},"_links":{"self":[{"href":"https:\/\/www.senaatti.fi\/yhteiskuntavastuuraportti2018\/wp-json\/wp\/v2\/pages\/7","targetHints":{"allow":["GET"]}}],"collection":[{"href":"https:\/\/www.senaatti.fi\/yhteiskuntavastuuraportti2018\/wp-json\/wp\/v2\/pages"}],"about":[{"href":"https:\/\/www.senaatti.fi\/yhteiskuntavastuuraportti2018\/wp-json\/wp\/v2\/types\/page"}],"author":[{"embeddable":true,"href":"https:\/\/www.senaatti.fi\/yhteiskuntavastuuraportti2018\/wp-json\/wp\/v2\/users\/11"}],"replies":[{"embeddable":true,"href":"https:\/\/www.senaatti.fi\/yhteiskuntavastuuraportti2018\/wp-json\/wp\/v2\/comments?post=7"}],"version-history":[{"count":11,"href":"https:\/\/www.senaatti.fi\/yhteiskuntavastuuraportti2018\/wp-json\/wp\/v2\/pages\/7\/revisions"}],"predecessor-version":[{"id":1637,"href":"https:\/\/www.senaatti.fi\/yhteiskuntavastuuraportti2018\/wp-json\/wp\/v2\/pages\/7\/revisions\/1637"}],"up":[{"embeddable":true,"href":"https:\/\/www.senaatti.fi\/yhteiskuntavastuuraportti2018\/wp-json\/wp\/v2\/pages\/5"}],"wp:attachment":[{"href":"https:\/\/www.senaatti.fi\/yhteiskuntavastuuraportti2018\/wp-json\/wp\/v2\/media?parent=7"}],"curies":[{"name":"wp","href":"https:\/\/api.w.org\/{rel}","templated":true}]}}