{"id":238,"date":"2018-02-23T10:11:59","date_gmt":"2018-02-23T10:11:59","guid":{"rendered":"https:\/\/www.senaatti.fi\/yhteiskuntavastuuraportti2018\/?page_id=238"},"modified":"2024-09-03T05:29:26","modified_gmt":"2024-09-03T05:29:26","slug":"kiinteistojen-yllapito","status":"publish","type":"page","link":"https:\/\/www.senaatti.fi\/yhteiskuntavastuuraportti2018\/vuosi-2018\/kiinteistovarallisuus-ja-palvelut\/kiinteistojen-yllapito\/","title":{"rendered":"Kiinteist\u00f6jen yll\u00e4pito"},"content":{"rendered":"<p>Senaatti-kiinteist\u00f6jen yll\u00e4pidon tavoitteena on kiinteist\u00f6jen arvon ja k\u00e4ytett\u00e4vyyden s\u00e4ilyminen. Yll\u00e4pidolla on my\u00f6s merkitt\u00e4v\u00e4 rooli sis\u00e4ilman laadun varmistamisessa ja energiakulutuksen v\u00e4hent\u00e4misess\u00e4.\u00a0 Vuonna 2018 Senaatti-kiinteist\u00f6t k\u00e4ytti kiinteist\u00f6jen yll\u00e4pitoon 237 miljoonaa euroa.\u00a0 Kokonaisenergian ominaiskulutus nousi yll\u00e4pidon seuraamassa m\u00e4\u00e4r\u00e4tyss\u00e4 kiinteist\u00f6kannassa 0,6 % edellisvuoteen verrattuna, eik\u00e4 tavoiteltuun 1 % v\u00e4henemiseen edellisvuoteen verrattuna kertomusvuonna p\u00e4\u00e4sty.<\/p>\n<h2>Tutkitusti tehokasta kiinteist\u00f6jen yll\u00e4pitoa<\/h2>\n<p>Senaatti-kiinteist\u00f6jen tavoitteena on toteuttaa kiinteist\u00f6jen yll\u00e4pito kustannustehokkaasti. Senaatti on vuosittain mukana KTI:n vertailussa, jossa tarkastellaan kiinteist\u00f6jen yll\u00e4pitokuluja ja asiakastyytyv\u00e4isyytt\u00e4.<\/p>\n<blockquote><p>KTI kiinteist\u00f6tiedon vuosittain toteuttaman vertailututkimuksen mukaan Senaatin yll\u00e4pitokulut ovat eritt\u00e4in kustannustehokkaat.<\/p><\/blockquote>\n<p>Edellisess\u00e4, vuoden 2017 vertailussa hoitokustannukset ilman korjauksia olivat 20 % edullisemmat kuin vertailussa mukana olleilla yksityisill\u00e4 yrityksill\u00e4. Senaatti my\u00f6s k\u00e4ytti kiinteist\u00f6jens\u00e4 kunnossapitokorjauksiin ja korjausinvestointeihin selv\u00e4sti enemm\u00e4n kuin tutkimuksessa mukana olleet yksityiset yritykset. Vuoden 2018 vertailutiedot ovat saatavissa toukokuussa 2019.<\/p>\n<table class=\"senaatti-table senaatti-table--striped senaatti-table--responsive-stacked rwd-table table table-bordered table-striped migrated-chart-table\">\n<caption>Kiinteist\u00f6jen hoitokulujen jakautuminen 2018, [milj. euroa]<\/caption>\n<thead>\n<tr>\n<th>Kategoria<\/th>\n<th>2018<\/th>\n<\/tr>\n<\/thead>\n<tbody>\n<tr>\n<td>Vuokrat<\/td>\n<td>10.2<\/td>\n<\/tr>\n<tr>\n<td>Korjaukset<\/td>\n<td>73.1<\/td>\n<\/tr>\n<tr>\n<td>Kiinteist\u00f6vero<\/td>\n<td>27.2<\/td>\n<\/tr>\n<tr>\n<td>K\u00e4ytt\u00f6 ja huolto<\/td>\n<td>32.8<\/td>\n<\/tr>\n<tr>\n<td>L\u00e4mmitys<\/td>\n<td>27.1<\/td>\n<\/tr>\n<tr>\n<td>S\u00e4hk\u00f6<\/td>\n<td>12.6<\/td>\n<\/tr>\n<tr>\n<td>Vesi ja j\u00e4tevesi<\/td>\n<td>3.3<\/td>\n<\/tr>\n<tr>\n<td>J\u00e4tehuolto<\/td>\n<td>2.5<\/td>\n<\/tr>\n<tr>\n<td>Ulkoalueiden hoito<\/td>\n<td>2.0<\/td>\n<\/tr>\n<tr>\n<td>Siivous<\/td>\n<td>11.0<\/td>\n<\/tr>\n<tr>\n<td>Muut hoitokulut<\/td>\n<td>1.1<\/td>\n<\/tr>\n<tr>\n<td>Vakuutukset<\/td>\n<td>0.3<\/td>\n<\/tr>\n<\/tbody>\n<\/table>\n<h2>Digitaalisuus vahvasti mukana my\u00f6s kiinteist\u00f6jen yll\u00e4pidossa<\/h2>\n<p>Senaatti-kiinteist\u00f6t kehitt\u00e4\u00e4 ja pilotoi digitaalisia kiinteist\u00f6jen yll\u00e4pidon ratkaisuja. Vuonna 2018 toteutettiin yhteisty\u00f6kumppaneiden kanssa Olosuhdemallin pilotointi -hanke (KIRA-Digi), joka on jatkoa aiempien vuosien Virtuaalinen kiinteist\u00f6 -kehityshankkeelle. Hankkeessa kehitettiin ohjelmisto- ja toimittajariippumaton ratkaisu rakennusten tietomallien hy\u00f6dynt\u00e4miseksi kiinteist\u00f6jen yll\u00e4pidossa. Ratkaisu my\u00f6s tuo olosuhdetiedot tilank\u00e4ytt\u00e4j\u00e4n ulottuville ja luo dynaamisen palautekanavan.<\/p>\n<blockquote><p>Olosuhdemalli on ensimm\u00e4inen alustatalouden k\u00e4yt\u00e4nn\u00f6n sovellus kiinteist\u00f6- ja rakennusalalla Suomessa.<\/p><\/blockquote>\n<p>Olosuhdemallilla on merkitt\u00e4v\u00e4 potentiaali tilank\u00e4ytt\u00e4jien hyvinvoinnin tukemisessa ja kiinteist\u00f6jen ymp\u00e4rist\u00f6vaikutusten pienent\u00e4misess\u00e4. My\u00f6s taloudelliset vaikutukset ovat merkitt\u00e4vi\u00e4 ty\u00f6n tuottavuuden parantumisen, energiank\u00e4yt\u00f6n optimoinnin, vaurioiden ehk\u00e4isemisen ja vikakorjausten nopeutumisen kautta. Strategiakauden tavoitteena on laajentaa Olosuhdemalli\u00a0 sataan kiinteist\u00f6\u00f6n vuoden 2022 loppuun menness\u00e4.<\/p>\n<div class=\"senaatti-feature\"><img loading=\"lazy\" decoding=\"async\" width=\"1024\" height=\"427\" src=\"https:\/\/www.senaatti.fi\/app_ykv_archive\/uploads\/sites\/7\/2019\/03\/Sisaolosuhteet_2200px-1024x427.jpg\" class=\"senaatti-feature__thumbnail wp-post-image\" alt=\"\" srcset=\"https:\/\/www.senaatti.fi\/app_ykv_archive\/uploads\/sites\/7\/2019\/03\/Sisaolosuhteet_2200px-1024x427.jpg 1024w, https:\/\/www.senaatti.fi\/app_ykv_archive\/uploads\/sites\/7\/2019\/03\/Sisaolosuhteet_2200px-300x125.jpg 300w, https:\/\/www.senaatti.fi\/app_ykv_archive\/uploads\/sites\/7\/2019\/03\/Sisaolosuhteet_2200px-768x320.jpg 768w, https:\/\/www.senaatti.fi\/app_ykv_archive\/uploads\/sites\/7\/2019\/03\/Sisaolosuhteet_2200px-1600x667.jpg 1600w, https:\/\/www.senaatti.fi\/app_ykv_archive\/uploads\/sites\/7\/2019\/03\/Sisaolosuhteet_2200px-2200x917.jpg 2200w\" sizes=\"auto, (max-width: 1024px) 100vw, 1024px\" \/><h3 class=\"senaatti-feature__title\">Case: Digitaalinen k\u00e4ytt\u00f6liittym\u00e4 helpottaa k\u00e4ytt\u00e4j\u00e4n arkea.<\/h3><p>Senaatti on luonut uuden \u00e4lykk\u00e4\u00e4n k\u00e4ytt\u00f6liittym\u00e4n kiinteist\u00f6jen yll\u00e4pitoon alan muiden huipputoimijoiden kanssa. Pilotissa rakennuksesta ker\u00e4t\u00e4\u00e4n dataa, joka auttaa yll\u00e4pidossa ja ongelmien ennakoinnissa. K\u00e4ytt\u00e4j\u00e4 vain nappaa kuvan QR-koodista.<\/p><a class=\"btn btn-primary senaatti-feature__btn\" href=\"https:\/\/www.senaatti.fi\/tyoymparisto\/inspiraatio\/artikkeli\/alykiinteistossa-kaiken-juju-kayttajan-huomioiminen\/\" target=\"\">Lue koko artikkeli<\/a><\/div>\n<p>L\u00e4hes 200 Senaatti-kiinteist\u00f6jen kohdetta on liitetty rakennusautomaation et\u00e4valvontapalveluihin. Metrix-sis\u00e4olosuhdeseuranta ja -raportointi oli vuoden 2018 lopussa k\u00e4yt\u00f6ss\u00e4 yli sadassa kohteessa.<\/p>\n<p>Yll\u00e4pidon tietoj\u00e4rjestelmi\u00e4 kehitettiin edelleen tukemaan muun muassa turvallisuuspalveluiden k\u00e4ytt\u00f6\u00f6nottoa, sis\u00e4olosuhteiden visuaalista raportointia, rakennuskatsastusmallin prosessia ja kunnossapidon pitk\u00e4n t\u00e4ht\u00e4imen suunnittelua sek\u00e4 tilojen infon\u00e4yt\u00f6iss\u00e4 toteutettavaa viestint\u00e4\u00e4.<\/p>\n<h2>Yhteiset tavoitteet kumppaneiden kanssa<\/h2>\n<p>Senaatti-kiinteist\u00f6jen yll\u00e4pitoprosessin yhten\u00e4 teht\u00e4v\u00e4n\u00e4 on l\u00f6yt\u00e4\u00e4 ja ottaa k\u00e4ytt\u00f6\u00f6n alan parhaat k\u00e4yt\u00e4nn\u00f6t. Vuosittain tehd\u00e4\u00e4n kiinteist\u00f6kannan arviointi, jonka perusteella laaditaan kiinteist\u00f6ille vuosi- ja keskipitk\u00e4n aikav\u00e4lin suunnitelmat.<\/p>\n<p>Kiinteist\u00f6nhoidossa Senaatilla on nelj\u00e4 valtakunnallisesti toimivaa palveluntuottajaa, joiden kesken Senaatti-kiinteist\u00f6t kilpailuttaa kiinteist\u00f6jens\u00e4 kiinteist\u00f6nhoidon. Kumppanuuden tavoitteena on syvent\u00e4\u00e4 eri osapuolten v\u00e4list\u00e4 kehitt\u00e4misyhteisty\u00f6t\u00e4 ja tehostaa toimintamalleja laadun parantamiseksi ja kustannustason hallitsemiseksi.<\/p>\n<p>Kertomusvuonna paneuduttiin turvallisuussopimusten ja tilaajavastuulain mukaisen toiminnan auditointiin sek\u00e4 tietosuojalain edellytt\u00e4mien sopimusten laadintaan.<\/p>\n<h2>Vuoden 2019 tavoitteita<\/h2>\n<p>Vuonna 2019 k\u00e4ynnistet\u00e4\u00e4n Olosuhdemallin jalkautus 13 uuteen kiinteist\u00f6\u00f6n eri puolilla Suomea. Samalla virtuaalisen aulapalvelun k\u00e4ytt\u00f6\u00e4 laajennetaan sek\u00e4 pilotoidaan kokonaisvaltaista sis\u00e4ilmamittaria ja siivousrobotiikkaa.<\/p>\n<p>Vuoden 2019 aikana kaikki merkitt\u00e4v\u00e4t rakennukset saadaan sis\u00e4olosuhteisiin keskittyv\u00e4n rakennuskatsastuksen piiriin. Lis\u00e4ksi kiinteist\u00f6nhoidon laatuauditointij\u00e4rjestelm\u00e4 p\u00e4ivitet\u00e4\u00e4n vastaamaan nykyisen strategian painotuksia asiakaskokemukseen ja sis\u00e4olosuhteiden nollatoleranssiin. Tavoitteena on pienent\u00e4\u00e4 kokonaisenergiankulutusta 1 % ja laatia Senaatille uusi energiatehokkuussuunnitelma sek\u00e4 asettaa konkreettiset tavoitteet p\u00e4\u00e4st\u00f6jen v\u00e4hent\u00e4miseksi.<\/p>\n","protected":false},"excerpt":{"rendered":"<p>Senaatti-kiinteist\u00f6jen yll\u00e4pidon tavoitteena on kiinteist\u00f6jen arvon ja k\u00e4ytett\u00e4vyyden s\u00e4ilyminen. Yll\u00e4pidolla on my\u00f6s merkitt\u00e4v\u00e4 rooli sis\u00e4ilman laadun varmistamisessa ja energiakulutuksen v\u00e4hent\u00e4misess\u00e4.\u00a0 Vuonna 2018 Senaatti-kiinteist\u00f6t k\u00e4ytti kiinteist\u00f6jen yll\u00e4pitoon 237 miljoonaa euroa.\u00a0 Kokonaisenergian ominaiskulutus nousi yll\u00e4pidon seuraamassa m\u00e4\u00e4r\u00e4tyss\u00e4 kiinteist\u00f6kannassa 0,6 % edellisvuoteen verrattuna, eik\u00e4 tavoiteltuun 1 % v\u00e4henemiseen edellisvuoteen verrattuna kertomusvuonna p\u00e4\u00e4sty. Tutkitusti tehokasta kiinteist\u00f6jen yll\u00e4pitoa Senaatti-kiinteist\u00f6jen tavoitteena [&hellip;]<\/p>\n","protected":false},"author":11,"featured_media":0,"parent":27,"menu_order":3,"comment_status":"closed","ping_status":"closed","template":"","meta":{"_acf_changed":false,"footnotes":""},"class_list":["post-238","page","type-page","status-publish","hentry"],"acf":[],"yoast_head":"<!-- This site is optimized with the Yoast SEO plugin v23.9 - https:\/\/yoast.com\/wordpress\/plugins\/seo\/ -->\n<title>Kiinteist\u00f6jen yll\u00e4pito - Yhteiskuntavastuuraportti 2018<\/title>\n<meta name=\"robots\" content=\"index, follow, max-snippet:-1, max-image-preview:large, max-video-preview:-1\" \/>\n<link rel=\"canonical\" href=\"https:\/\/www.senaatti.fi\/yhteiskuntavastuuraportti2018\/vuosi-2018\/kiinteistovarallisuus-ja-palvelut\/kiinteistojen-yllapito\/\" \/>\n<meta property=\"og:locale\" content=\"en_US\" \/>\n<meta property=\"og:type\" content=\"article\" \/>\n<meta property=\"og:title\" content=\"Kiinteist\u00f6jen yll\u00e4pito - Yhteiskuntavastuuraportti 2018\" \/>\n<meta property=\"og:description\" content=\"Senaatti-kiinteist\u00f6jen yll\u00e4pidon tavoitteena on kiinteist\u00f6jen arvon ja k\u00e4ytett\u00e4vyyden s\u00e4ilyminen. Yll\u00e4pidolla on my\u00f6s merkitt\u00e4v\u00e4 rooli sis\u00e4ilman laadun varmistamisessa ja energiakulutuksen v\u00e4hent\u00e4misess\u00e4.\u00a0 Vuonna 2018 Senaatti-kiinteist\u00f6t k\u00e4ytti kiinteist\u00f6jen yll\u00e4pitoon 237 miljoonaa euroa.\u00a0 Kokonaisenergian ominaiskulutus nousi yll\u00e4pidon seuraamassa m\u00e4\u00e4r\u00e4tyss\u00e4 kiinteist\u00f6kannassa 0,6 % edellisvuoteen verrattuna, eik\u00e4 tavoiteltuun 1 % v\u00e4henemiseen edellisvuoteen verrattuna kertomusvuonna p\u00e4\u00e4sty. Tutkitusti tehokasta kiinteist\u00f6jen yll\u00e4pitoa Senaatti-kiinteist\u00f6jen tavoitteena [&hellip;]\" \/>\n<meta property=\"og:url\" content=\"https:\/\/www.senaatti.fi\/yhteiskuntavastuuraportti2018\/vuosi-2018\/kiinteistovarallisuus-ja-palvelut\/kiinteistojen-yllapito\/\" \/>\n<meta property=\"og:site_name\" content=\"Yhteiskuntavastuuraportti 2018\" \/>\n<meta property=\"article:modified_time\" content=\"2024-09-03T05:29:26+00:00\" \/>\n<meta name=\"twitter:card\" content=\"summary_large_image\" \/>\n<meta name=\"twitter:label1\" content=\"Est. reading time\" \/>\n\t<meta name=\"twitter:data1\" content=\"2 minutes\" \/>\n<script type=\"application\/ld+json\" class=\"yoast-schema-graph\">{\"@context\":\"https:\/\/schema.org\",\"@graph\":[{\"@type\":\"WebPage\",\"@id\":\"https:\/\/www.senaatti.fi\/yhteiskuntavastuuraportti2018\/vuosi-2018\/kiinteistovarallisuus-ja-palvelut\/kiinteistojen-yllapito\/\",\"url\":\"https:\/\/www.senaatti.fi\/yhteiskuntavastuuraportti2018\/vuosi-2018\/kiinteistovarallisuus-ja-palvelut\/kiinteistojen-yllapito\/\",\"name\":\"Kiinteist\u00f6jen yll\u00e4pito - Yhteiskuntavastuuraportti 2018\",\"isPartOf\":{\"@id\":\"https:\/\/www.senaatti.fi\/yhteiskuntavastuuraportti2018\/#website\"},\"datePublished\":\"2018-02-23T10:11:59+00:00\",\"dateModified\":\"2024-09-03T05:29:26+00:00\",\"breadcrumb\":{\"@id\":\"https:\/\/www.senaatti.fi\/yhteiskuntavastuuraportti2018\/vuosi-2018\/kiinteistovarallisuus-ja-palvelut\/kiinteistojen-yllapito\/#breadcrumb\"},\"inLanguage\":\"en-US\",\"potentialAction\":[{\"@type\":\"ReadAction\",\"target\":[\"https:\/\/www.senaatti.fi\/yhteiskuntavastuuraportti2018\/vuosi-2018\/kiinteistovarallisuus-ja-palvelut\/kiinteistojen-yllapito\/\"]}]},{\"@type\":\"BreadcrumbList\",\"@id\":\"https:\/\/www.senaatti.fi\/yhteiskuntavastuuraportti2018\/vuosi-2018\/kiinteistovarallisuus-ja-palvelut\/kiinteistojen-yllapito\/#breadcrumb\",\"itemListElement\":[{\"@type\":\"ListItem\",\"position\":1,\"name\":\"Home\",\"item\":\"https:\/\/www.senaatti.fi\/yhteiskuntavastuuraportti2018\/\"},{\"@type\":\"ListItem\",\"position\":2,\"name\":\"Vuosi 2018\",\"item\":\"https:\/\/www.senaatti.fi\/yhteiskuntavastuuraportti2018\/vuosi-2018\/\"},{\"@type\":\"ListItem\",\"position\":3,\"name\":\"Kiinteist\u00f6varallisuus ja palvelut\",\"item\":\"https:\/\/www.senaatti.fi\/yhteiskuntavastuuraportti2018\/vuosi-2018\/kiinteistovarallisuus-ja-palvelut\/\"},{\"@type\":\"ListItem\",\"position\":4,\"name\":\"Kiinteist\u00f6jen yll\u00e4pito\"}]},{\"@type\":\"WebSite\",\"@id\":\"https:\/\/www.senaatti.fi\/yhteiskuntavastuuraportti2018\/#website\",\"url\":\"https:\/\/www.senaatti.fi\/yhteiskuntavastuuraportti2018\/\",\"name\":\"Yhteiskuntavastuuraportti 2018\",\"description\":\"\",\"potentialAction\":[{\"@type\":\"SearchAction\",\"target\":{\"@type\":\"EntryPoint\",\"urlTemplate\":\"https:\/\/www.senaatti.fi\/yhteiskuntavastuuraportti2018\/?s={search_term_string}\"},\"query-input\":{\"@type\":\"PropertyValueSpecification\",\"valueRequired\":true,\"valueName\":\"search_term_string\"}}],\"inLanguage\":\"en-US\"}]}<\/script>\n<!-- \/ Yoast SEO plugin. -->","yoast_head_json":{"title":"Kiinteist\u00f6jen yll\u00e4pito - Yhteiskuntavastuuraportti 2018","robots":{"index":"index","follow":"follow","max-snippet":"max-snippet:-1","max-image-preview":"max-image-preview:large","max-video-preview":"max-video-preview:-1"},"canonical":"https:\/\/www.senaatti.fi\/yhteiskuntavastuuraportti2018\/vuosi-2018\/kiinteistovarallisuus-ja-palvelut\/kiinteistojen-yllapito\/","og_locale":"en_US","og_type":"article","og_title":"Kiinteist\u00f6jen yll\u00e4pito - Yhteiskuntavastuuraportti 2018","og_description":"Senaatti-kiinteist\u00f6jen yll\u00e4pidon tavoitteena on kiinteist\u00f6jen arvon ja k\u00e4ytett\u00e4vyyden s\u00e4ilyminen. Yll\u00e4pidolla on my\u00f6s merkitt\u00e4v\u00e4 rooli sis\u00e4ilman laadun varmistamisessa ja energiakulutuksen v\u00e4hent\u00e4misess\u00e4.\u00a0 Vuonna 2018 Senaatti-kiinteist\u00f6t k\u00e4ytti kiinteist\u00f6jen yll\u00e4pitoon 237 miljoonaa euroa.\u00a0 Kokonaisenergian ominaiskulutus nousi yll\u00e4pidon seuraamassa m\u00e4\u00e4r\u00e4tyss\u00e4 kiinteist\u00f6kannassa 0,6 % edellisvuoteen verrattuna, eik\u00e4 tavoiteltuun 1 % v\u00e4henemiseen edellisvuoteen verrattuna kertomusvuonna p\u00e4\u00e4sty. Tutkitusti tehokasta kiinteist\u00f6jen yll\u00e4pitoa Senaatti-kiinteist\u00f6jen tavoitteena [&hellip;]","og_url":"https:\/\/www.senaatti.fi\/yhteiskuntavastuuraportti2018\/vuosi-2018\/kiinteistovarallisuus-ja-palvelut\/kiinteistojen-yllapito\/","og_site_name":"Yhteiskuntavastuuraportti 2018","article_modified_time":"2024-09-03T05:29:26+00:00","twitter_card":"summary_large_image","twitter_misc":{"Est. reading time":"2 minutes"},"schema":{"@context":"https:\/\/schema.org","@graph":[{"@type":"WebPage","@id":"https:\/\/www.senaatti.fi\/yhteiskuntavastuuraportti2018\/vuosi-2018\/kiinteistovarallisuus-ja-palvelut\/kiinteistojen-yllapito\/","url":"https:\/\/www.senaatti.fi\/yhteiskuntavastuuraportti2018\/vuosi-2018\/kiinteistovarallisuus-ja-palvelut\/kiinteistojen-yllapito\/","name":"Kiinteist\u00f6jen yll\u00e4pito - Yhteiskuntavastuuraportti 2018","isPartOf":{"@id":"https:\/\/www.senaatti.fi\/yhteiskuntavastuuraportti2018\/#website"},"datePublished":"2018-02-23T10:11:59+00:00","dateModified":"2024-09-03T05:29:26+00:00","breadcrumb":{"@id":"https:\/\/www.senaatti.fi\/yhteiskuntavastuuraportti2018\/vuosi-2018\/kiinteistovarallisuus-ja-palvelut\/kiinteistojen-yllapito\/#breadcrumb"},"inLanguage":"en-US","potentialAction":[{"@type":"ReadAction","target":["https:\/\/www.senaatti.fi\/yhteiskuntavastuuraportti2018\/vuosi-2018\/kiinteistovarallisuus-ja-palvelut\/kiinteistojen-yllapito\/"]}]},{"@type":"BreadcrumbList","@id":"https:\/\/www.senaatti.fi\/yhteiskuntavastuuraportti2018\/vuosi-2018\/kiinteistovarallisuus-ja-palvelut\/kiinteistojen-yllapito\/#breadcrumb","itemListElement":[{"@type":"ListItem","position":1,"name":"Home","item":"https:\/\/www.senaatti.fi\/yhteiskuntavastuuraportti2018\/"},{"@type":"ListItem","position":2,"name":"Vuosi 2018","item":"https:\/\/www.senaatti.fi\/yhteiskuntavastuuraportti2018\/vuosi-2018\/"},{"@type":"ListItem","position":3,"name":"Kiinteist\u00f6varallisuus ja palvelut","item":"https:\/\/www.senaatti.fi\/yhteiskuntavastuuraportti2018\/vuosi-2018\/kiinteistovarallisuus-ja-palvelut\/"},{"@type":"ListItem","position":4,"name":"Kiinteist\u00f6jen yll\u00e4pito"}]},{"@type":"WebSite","@id":"https:\/\/www.senaatti.fi\/yhteiskuntavastuuraportti2018\/#website","url":"https:\/\/www.senaatti.fi\/yhteiskuntavastuuraportti2018\/","name":"Yhteiskuntavastuuraportti 2018","description":"","potentialAction":[{"@type":"SearchAction","target":{"@type":"EntryPoint","urlTemplate":"https:\/\/www.senaatti.fi\/yhteiskuntavastuuraportti2018\/?s={search_term_string}"},"query-input":{"@type":"PropertyValueSpecification","valueRequired":true,"valueName":"search_term_string"}}],"inLanguage":"en-US"}]}},"_links":{"self":[{"href":"https:\/\/www.senaatti.fi\/yhteiskuntavastuuraportti2018\/wp-json\/wp\/v2\/pages\/238","targetHints":{"allow":["GET"]}}],"collection":[{"href":"https:\/\/www.senaatti.fi\/yhteiskuntavastuuraportti2018\/wp-json\/wp\/v2\/pages"}],"about":[{"href":"https:\/\/www.senaatti.fi\/yhteiskuntavastuuraportti2018\/wp-json\/wp\/v2\/types\/page"}],"author":[{"embeddable":true,"href":"https:\/\/www.senaatti.fi\/yhteiskuntavastuuraportti2018\/wp-json\/wp\/v2\/users\/11"}],"replies":[{"embeddable":true,"href":"https:\/\/www.senaatti.fi\/yhteiskuntavastuuraportti2018\/wp-json\/wp\/v2\/comments?post=238"}],"version-history":[{"count":12,"href":"https:\/\/www.senaatti.fi\/yhteiskuntavastuuraportti2018\/wp-json\/wp\/v2\/pages\/238\/revisions"}],"predecessor-version":[{"id":2439,"href":"https:\/\/www.senaatti.fi\/yhteiskuntavastuuraportti2018\/wp-json\/wp\/v2\/pages\/238\/revisions\/2439"}],"up":[{"embeddable":true,"href":"https:\/\/www.senaatti.fi\/yhteiskuntavastuuraportti2018\/wp-json\/wp\/v2\/pages\/27"}],"wp:attachment":[{"href":"https:\/\/www.senaatti.fi\/yhteiskuntavastuuraportti2018\/wp-json\/wp\/v2\/media?parent=238"}],"curies":[{"name":"wp","href":"https:\/\/api.w.org\/{rel}","templated":true}]}}