{"id":21,"date":"2018-01-29T10:58:05","date_gmt":"2018-01-29T10:58:05","guid":{"rendered":"https:\/\/www.senaatti.fi\/yhteiskuntavastuuraportti2018\/?page_id=21"},"modified":"2019-03-20T14:28:29","modified_gmt":"2019-03-20T14:28:29","slug":"verojalanjalki","status":"publish","type":"page","link":"https:\/\/www.senaatti.fi\/yhteiskuntavastuuraportti2018\/vuosi-2018\/yhteiskunnalliset-rahavirrat\/verojalanjalki\/","title":{"rendered":"Verojalanj\u00e4lki"},"content":{"rendered":"<p>Senaatti-kiinteist\u00f6t toimii Suomessa ja maksaa kaikki veronsa Suomeen. Verojalanj\u00e4ljess\u00e4 on kuvattu olennaiset Senaatin maksamat v\u00e4lilliset ja v\u00e4litt\u00f6m\u00e4t verot sek\u00e4 ty\u00f6ntekij\u00f6iden palkoista pid\u00e4tetyt ennakonpid\u00e4tykset.<\/p>\n<blockquote><p>Senaatti maksoi vuonna 2018 veroja yhteens\u00e4 76,5 (76,2) milj. euroa. Selke\u00e4sti suurimmat verot ovat arvonlis\u00e4vero ja kiinteist\u00f6vero.<\/p><\/blockquote>\n<p><img loading=\"lazy\" decoding=\"async\" class=\"size-large wp-image-1495 alignnone\" src=\"https:\/\/www.senaatti.fi\/app_ykv_archive\/uploads\/sites\/7\/2019\/03\/53A2354-1024x682.jpg\" alt=\"\" width=\"1024\" height=\"682\" srcset=\"https:\/\/www.senaatti.fi\/app_ykv_archive\/uploads\/sites\/7\/2019\/03\/53A2354-1024x682.jpg 1024w, https:\/\/www.senaatti.fi\/app_ykv_archive\/uploads\/sites\/7\/2019\/03\/53A2354-300x200.jpg 300w, https:\/\/www.senaatti.fi\/app_ykv_archive\/uploads\/sites\/7\/2019\/03\/53A2354-768x512.jpg 768w, https:\/\/www.senaatti.fi\/app_ykv_archive\/uploads\/sites\/7\/2019\/03\/53A2354-1600x1066.jpg 1600w, https:\/\/www.senaatti.fi\/app_ykv_archive\/uploads\/sites\/7\/2019\/03\/53A2354.jpg 2000w\" sizes=\"auto, (max-width: 1024px) 100vw, 1024px\" \/><\/p>\n<p>Senaatti on hakeutunut arvonlis\u00e4verovelvolliseksi kiinteist\u00f6liiketoiminnasta. Senaatti ei ole tuloveronalainen tuloista, jotka se saa valtion tarpeita palvelevasta k\u00e4yt\u00f6st\u00e4, mutta on tuloverovelvollinen kunnille tulosta, jonka se saa yksityishenkil\u00f6ilt\u00e4, osakeyhti\u00f6ilt\u00e4 ja s\u00e4\u00e4ti\u00f6ilt\u00e4, yhdistyksilt\u00e4 ym.<\/p>\n<p>Senaatin maksamien tuloverojen m\u00e4\u00e4r\u00e4 vuonna 2018 oli 1,0 milj. euroa. Senaatti ei ole verovelvollinen kiinteist\u00f6myyntien myyntivoitoista.<\/p>\n<p>Senaatilla ei ole erillist\u00e4 verostrategiaa. Vastuu veroasioista on talousyksik\u00f6ll\u00e4.\u00a0 Teemme aktiivista ty\u00f6t\u00e4 liittyen talousrikollisuuden ja veronkierron torjuntaan.<\/p>\n<p>Verojalanj\u00e4lki muodostuu kolmesta p\u00e4\u00e4alueesta:<\/p>\n<ul>\n<li>V\u00e4litt\u00f6m\u00e4t verot (esim. tulovero, erilaiset ty\u00f6nantajamaksut, varainsiirtoverot, kiinteist\u00f6verot jne.).<\/li>\n<li>V\u00e4lilliset verot (verot, jotka yhti\u00f6 maksaa osana palvelun\/tuotteen hintaa, mutta jonka myyj\u00e4 tilitt\u00e4\u00e4, esim. vakuutusmaksuvero jne.).<\/li>\n<li>Tilitetyt verot (esim. ennakonpid\u00e4tykset, l\u00e4hdeverot, arvonlis\u00e4verot<\/li>\n<\/ul>\n","protected":false},"excerpt":{"rendered":"<p>Senaatti-kiinteist\u00f6t toimii Suomessa ja maksaa kaikki veronsa Suomeen. Verojalanj\u00e4ljess\u00e4 on kuvattu olennaiset Senaatin maksamat v\u00e4lilliset ja v\u00e4litt\u00f6m\u00e4t verot sek\u00e4 ty\u00f6ntekij\u00f6iden palkoista pid\u00e4tetyt ennakonpid\u00e4tykset. Senaatti maksoi vuonna 2018 veroja yhteens\u00e4 76,5 (76,2) milj. euroa. Selke\u00e4sti suurimmat verot ovat arvonlis\u00e4vero ja kiinteist\u00f6vero. Senaatti on hakeutunut arvonlis\u00e4verovelvolliseksi kiinteist\u00f6liiketoiminnasta. Senaatti ei ole tuloveronalainen tuloista, jotka se saa valtion tarpeita [&hellip;]<\/p>\n","protected":false},"author":11,"featured_media":0,"parent":19,"menu_order":1,"comment_status":"closed","ping_status":"closed","template":"","meta":{"_acf_changed":false,"footnotes":""},"class_list":["post-21","page","type-page","status-publish","hentry"],"acf":[],"yoast_head":"<!-- This site is optimized with the Yoast SEO plugin v23.9 - https:\/\/yoast.com\/wordpress\/plugins\/seo\/ -->\n<title>Verojalanj\u00e4lki - Yhteiskuntavastuuraportti 2018<\/title>\n<meta name=\"robots\" content=\"index, follow, max-snippet:-1, max-image-preview:large, max-video-preview:-1\" \/>\n<link rel=\"canonical\" href=\"https:\/\/www.senaatti.fi\/yhteiskuntavastuuraportti2018\/vuosi-2018\/yhteiskunnalliset-rahavirrat\/verojalanjalki\/\" \/>\n<meta property=\"og:locale\" content=\"en_US\" \/>\n<meta property=\"og:type\" content=\"article\" \/>\n<meta property=\"og:title\" content=\"Verojalanj\u00e4lki - Yhteiskuntavastuuraportti 2018\" \/>\n<meta property=\"og:description\" content=\"Senaatti-kiinteist\u00f6t toimii Suomessa ja maksaa kaikki veronsa Suomeen. Verojalanj\u00e4ljess\u00e4 on kuvattu olennaiset Senaatin maksamat v\u00e4lilliset ja v\u00e4litt\u00f6m\u00e4t verot sek\u00e4 ty\u00f6ntekij\u00f6iden palkoista pid\u00e4tetyt ennakonpid\u00e4tykset. Senaatti maksoi vuonna 2018 veroja yhteens\u00e4 76,5 (76,2) milj. euroa. Selke\u00e4sti suurimmat verot ovat arvonlis\u00e4vero ja kiinteist\u00f6vero. Senaatti on hakeutunut arvonlis\u00e4verovelvolliseksi kiinteist\u00f6liiketoiminnasta. Senaatti ei ole tuloveronalainen tuloista, jotka se saa valtion tarpeita [&hellip;]\" \/>\n<meta property=\"og:url\" content=\"https:\/\/www.senaatti.fi\/yhteiskuntavastuuraportti2018\/vuosi-2018\/yhteiskunnalliset-rahavirrat\/verojalanjalki\/\" \/>\n<meta property=\"og:site_name\" content=\"Yhteiskuntavastuuraportti 2018\" \/>\n<meta property=\"article:modified_time\" content=\"2019-03-20T14:28:29+00:00\" \/>\n<meta property=\"og:image\" content=\"https:\/\/www.senaatti.fi\/app_ykv_archive\/uploads\/sites\/7\/2019\/03\/53A2354-1024x682.jpg\" \/>\n<meta name=\"twitter:card\" content=\"summary_large_image\" \/>\n<meta name=\"twitter:label1\" content=\"Est. reading time\" \/>\n\t<meta name=\"twitter:data1\" content=\"1 minute\" \/>\n<script type=\"application\/ld+json\" class=\"yoast-schema-graph\">{\"@context\":\"https:\/\/schema.org\",\"@graph\":[{\"@type\":\"WebPage\",\"@id\":\"https:\/\/www.senaatti.fi\/yhteiskuntavastuuraportti2018\/vuosi-2018\/yhteiskunnalliset-rahavirrat\/verojalanjalki\/\",\"url\":\"https:\/\/www.senaatti.fi\/yhteiskuntavastuuraportti2018\/vuosi-2018\/yhteiskunnalliset-rahavirrat\/verojalanjalki\/\",\"name\":\"Verojalanj\u00e4lki - Yhteiskuntavastuuraportti 2018\",\"isPartOf\":{\"@id\":\"https:\/\/www.senaatti.fi\/yhteiskuntavastuuraportti2018\/#website\"},\"primaryImageOfPage\":{\"@id\":\"https:\/\/www.senaatti.fi\/yhteiskuntavastuuraportti2018\/vuosi-2018\/yhteiskunnalliset-rahavirrat\/verojalanjalki\/#primaryimage\"},\"image\":{\"@id\":\"https:\/\/www.senaatti.fi\/yhteiskuntavastuuraportti2018\/vuosi-2018\/yhteiskunnalliset-rahavirrat\/verojalanjalki\/#primaryimage\"},\"thumbnailUrl\":\"https:\/\/www.senaatti.fi\/app_ykv_archive\/uploads\/sites\/7\/2019\/03\/53A2354-1024x682.jpg\",\"datePublished\":\"2018-01-29T10:58:05+00:00\",\"dateModified\":\"2019-03-20T14:28:29+00:00\",\"breadcrumb\":{\"@id\":\"https:\/\/www.senaatti.fi\/yhteiskuntavastuuraportti2018\/vuosi-2018\/yhteiskunnalliset-rahavirrat\/verojalanjalki\/#breadcrumb\"},\"inLanguage\":\"en-US\",\"potentialAction\":[{\"@type\":\"ReadAction\",\"target\":[\"https:\/\/www.senaatti.fi\/yhteiskuntavastuuraportti2018\/vuosi-2018\/yhteiskunnalliset-rahavirrat\/verojalanjalki\/\"]}]},{\"@type\":\"ImageObject\",\"inLanguage\":\"en-US\",\"@id\":\"https:\/\/www.senaatti.fi\/yhteiskuntavastuuraportti2018\/vuosi-2018\/yhteiskunnalliset-rahavirrat\/verojalanjalki\/#primaryimage\",\"url\":\"https:\/\/www.senaatti.fi\/app_ykv_archive\/uploads\/sites\/7\/2019\/03\/53A2354-1024x682.jpg\",\"contentUrl\":\"https:\/\/www.senaatti.fi\/app_ykv_archive\/uploads\/sites\/7\/2019\/03\/53A2354-1024x682.jpg\"},{\"@type\":\"BreadcrumbList\",\"@id\":\"https:\/\/www.senaatti.fi\/yhteiskuntavastuuraportti2018\/vuosi-2018\/yhteiskunnalliset-rahavirrat\/verojalanjalki\/#breadcrumb\",\"itemListElement\":[{\"@type\":\"ListItem\",\"position\":1,\"name\":\"Home\",\"item\":\"https:\/\/www.senaatti.fi\/yhteiskuntavastuuraportti2018\/\"},{\"@type\":\"ListItem\",\"position\":2,\"name\":\"Vuosi 2018\",\"item\":\"https:\/\/www.senaatti.fi\/yhteiskuntavastuuraportti2018\/vuosi-2018\/\"},{\"@type\":\"ListItem\",\"position\":3,\"name\":\"Yhteiskunnalliset rahavirrat\",\"item\":\"https:\/\/www.senaatti.fi\/yhteiskuntavastuuraportti2018\/vuosi-2018\/yhteiskunnalliset-rahavirrat\/\"},{\"@type\":\"ListItem\",\"position\":4,\"name\":\"Verojalanj\u00e4lki\"}]},{\"@type\":\"WebSite\",\"@id\":\"https:\/\/www.senaatti.fi\/yhteiskuntavastuuraportti2018\/#website\",\"url\":\"https:\/\/www.senaatti.fi\/yhteiskuntavastuuraportti2018\/\",\"name\":\"Yhteiskuntavastuuraportti 2018\",\"description\":\"\",\"potentialAction\":[{\"@type\":\"SearchAction\",\"target\":{\"@type\":\"EntryPoint\",\"urlTemplate\":\"https:\/\/www.senaatti.fi\/yhteiskuntavastuuraportti2018\/?s={search_term_string}\"},\"query-input\":{\"@type\":\"PropertyValueSpecification\",\"valueRequired\":true,\"valueName\":\"search_term_string\"}}],\"inLanguage\":\"en-US\"}]}<\/script>\n<!-- \/ Yoast SEO plugin. -->","yoast_head_json":{"title":"Verojalanj\u00e4lki - Yhteiskuntavastuuraportti 2018","robots":{"index":"index","follow":"follow","max-snippet":"max-snippet:-1","max-image-preview":"max-image-preview:large","max-video-preview":"max-video-preview:-1"},"canonical":"https:\/\/www.senaatti.fi\/yhteiskuntavastuuraportti2018\/vuosi-2018\/yhteiskunnalliset-rahavirrat\/verojalanjalki\/","og_locale":"en_US","og_type":"article","og_title":"Verojalanj\u00e4lki - Yhteiskuntavastuuraportti 2018","og_description":"Senaatti-kiinteist\u00f6t toimii Suomessa ja maksaa kaikki veronsa Suomeen. Verojalanj\u00e4ljess\u00e4 on kuvattu olennaiset Senaatin maksamat v\u00e4lilliset ja v\u00e4litt\u00f6m\u00e4t verot sek\u00e4 ty\u00f6ntekij\u00f6iden palkoista pid\u00e4tetyt ennakonpid\u00e4tykset. Senaatti maksoi vuonna 2018 veroja yhteens\u00e4 76,5 (76,2) milj. euroa. Selke\u00e4sti suurimmat verot ovat arvonlis\u00e4vero ja kiinteist\u00f6vero. Senaatti on hakeutunut arvonlis\u00e4verovelvolliseksi kiinteist\u00f6liiketoiminnasta. Senaatti ei ole tuloveronalainen tuloista, jotka se saa valtion tarpeita [&hellip;]","og_url":"https:\/\/www.senaatti.fi\/yhteiskuntavastuuraportti2018\/vuosi-2018\/yhteiskunnalliset-rahavirrat\/verojalanjalki\/","og_site_name":"Yhteiskuntavastuuraportti 2018","article_modified_time":"2019-03-20T14:28:29+00:00","og_image":[{"url":"https:\/\/www.senaatti.fi\/app_ykv_archive\/uploads\/sites\/7\/2019\/03\/53A2354-1024x682.jpg"}],"twitter_card":"summary_large_image","twitter_misc":{"Est. reading time":"1 minute"},"schema":{"@context":"https:\/\/schema.org","@graph":[{"@type":"WebPage","@id":"https:\/\/www.senaatti.fi\/yhteiskuntavastuuraportti2018\/vuosi-2018\/yhteiskunnalliset-rahavirrat\/verojalanjalki\/","url":"https:\/\/www.senaatti.fi\/yhteiskuntavastuuraportti2018\/vuosi-2018\/yhteiskunnalliset-rahavirrat\/verojalanjalki\/","name":"Verojalanj\u00e4lki - Yhteiskuntavastuuraportti 2018","isPartOf":{"@id":"https:\/\/www.senaatti.fi\/yhteiskuntavastuuraportti2018\/#website"},"primaryImageOfPage":{"@id":"https:\/\/www.senaatti.fi\/yhteiskuntavastuuraportti2018\/vuosi-2018\/yhteiskunnalliset-rahavirrat\/verojalanjalki\/#primaryimage"},"image":{"@id":"https:\/\/www.senaatti.fi\/yhteiskuntavastuuraportti2018\/vuosi-2018\/yhteiskunnalliset-rahavirrat\/verojalanjalki\/#primaryimage"},"thumbnailUrl":"https:\/\/www.senaatti.fi\/app_ykv_archive\/uploads\/sites\/7\/2019\/03\/53A2354-1024x682.jpg","datePublished":"2018-01-29T10:58:05+00:00","dateModified":"2019-03-20T14:28:29+00:00","breadcrumb":{"@id":"https:\/\/www.senaatti.fi\/yhteiskuntavastuuraportti2018\/vuosi-2018\/yhteiskunnalliset-rahavirrat\/verojalanjalki\/#breadcrumb"},"inLanguage":"en-US","potentialAction":[{"@type":"ReadAction","target":["https:\/\/www.senaatti.fi\/yhteiskuntavastuuraportti2018\/vuosi-2018\/yhteiskunnalliset-rahavirrat\/verojalanjalki\/"]}]},{"@type":"ImageObject","inLanguage":"en-US","@id":"https:\/\/www.senaatti.fi\/yhteiskuntavastuuraportti2018\/vuosi-2018\/yhteiskunnalliset-rahavirrat\/verojalanjalki\/#primaryimage","url":"https:\/\/www.senaatti.fi\/app_ykv_archive\/uploads\/sites\/7\/2019\/03\/53A2354-1024x682.jpg","contentUrl":"https:\/\/www.senaatti.fi\/app_ykv_archive\/uploads\/sites\/7\/2019\/03\/53A2354-1024x682.jpg"},{"@type":"BreadcrumbList","@id":"https:\/\/www.senaatti.fi\/yhteiskuntavastuuraportti2018\/vuosi-2018\/yhteiskunnalliset-rahavirrat\/verojalanjalki\/#breadcrumb","itemListElement":[{"@type":"ListItem","position":1,"name":"Home","item":"https:\/\/www.senaatti.fi\/yhteiskuntavastuuraportti2018\/"},{"@type":"ListItem","position":2,"name":"Vuosi 2018","item":"https:\/\/www.senaatti.fi\/yhteiskuntavastuuraportti2018\/vuosi-2018\/"},{"@type":"ListItem","position":3,"name":"Yhteiskunnalliset rahavirrat","item":"https:\/\/www.senaatti.fi\/yhteiskuntavastuuraportti2018\/vuosi-2018\/yhteiskunnalliset-rahavirrat\/"},{"@type":"ListItem","position":4,"name":"Verojalanj\u00e4lki"}]},{"@type":"WebSite","@id":"https:\/\/www.senaatti.fi\/yhteiskuntavastuuraportti2018\/#website","url":"https:\/\/www.senaatti.fi\/yhteiskuntavastuuraportti2018\/","name":"Yhteiskuntavastuuraportti 2018","description":"","potentialAction":[{"@type":"SearchAction","target":{"@type":"EntryPoint","urlTemplate":"https:\/\/www.senaatti.fi\/yhteiskuntavastuuraportti2018\/?s={search_term_string}"},"query-input":{"@type":"PropertyValueSpecification","valueRequired":true,"valueName":"search_term_string"}}],"inLanguage":"en-US"}]}},"_links":{"self":[{"href":"https:\/\/www.senaatti.fi\/yhteiskuntavastuuraportti2018\/wp-json\/wp\/v2\/pages\/21","targetHints":{"allow":["GET"]}}],"collection":[{"href":"https:\/\/www.senaatti.fi\/yhteiskuntavastuuraportti2018\/wp-json\/wp\/v2\/pages"}],"about":[{"href":"https:\/\/www.senaatti.fi\/yhteiskuntavastuuraportti2018\/wp-json\/wp\/v2\/types\/page"}],"author":[{"embeddable":true,"href":"https:\/\/www.senaatti.fi\/yhteiskuntavastuuraportti2018\/wp-json\/wp\/v2\/users\/11"}],"replies":[{"embeddable":true,"href":"https:\/\/www.senaatti.fi\/yhteiskuntavastuuraportti2018\/wp-json\/wp\/v2\/comments?post=21"}],"version-history":[{"count":10,"href":"https:\/\/www.senaatti.fi\/yhteiskuntavastuuraportti2018\/wp-json\/wp\/v2\/pages\/21\/revisions"}],"predecessor-version":[{"id":1799,"href":"https:\/\/www.senaatti.fi\/yhteiskuntavastuuraportti2018\/wp-json\/wp\/v2\/pages\/21\/revisions\/1799"}],"up":[{"embeddable":true,"href":"https:\/\/www.senaatti.fi\/yhteiskuntavastuuraportti2018\/wp-json\/wp\/v2\/pages\/19"}],"wp:attachment":[{"href":"https:\/\/www.senaatti.fi\/yhteiskuntavastuuraportti2018\/wp-json\/wp\/v2\/media?parent=21"}],"curies":[{"name":"wp","href":"https:\/\/api.w.org\/{rel}","templated":true}]}}